{"id":836,"date":"2020-12-18T08:37:22","date_gmt":"2020-12-18T07:37:22","guid":{"rendered":"https:\/\/blogsaverroes.juntadeandalucia.es\/pre\/plantilla-pencil\/?page_id=836"},"modified":"2025-03-02T13:26:27","modified_gmt":"2025-03-02T12:26:27","slug":"actividades-extraescolares","status":"publish","type":"page","link":"https:\/\/blogsaverroes.juntadeandalucia.es\/ceipnuestrasenoradecanossantos\/nuestra-historia\/actividades-extraescolares\/","title":{"rendered":"Actividades extraescolares"},"content":{"rendered":"<p>Las actividades extraescolares ofrecidas por nuestro centro para este curso 2024-2025 son la de &#8220;Apoyo en Comunicaci\u00f3n Ling\u00fc\u00edstica Ingl\u00e9s&#8221;.&nbsp;<\/p>\n<p>El horario es los jueves de 16:00 a 18:00h.&nbsp;<\/p>\n<ul>\n<li><a title=\"Anexo II. Solicitud de Aula Matinal, Servicios de comedor escolar y Actividades Extraescolares\" href=\"https:\/\/blogsaverroes.juntadeandalucia.es\/ceipborbolla\/files\/2018\/05\/Anexo-II.-Servicio-de-Aula-Matinal-Comedor-Escolar-y-actividades-Extraescolares.pdf\">Anexo II. Solicitud de Aula Matinal, Servicios de comedor escolar y Actividades Extraescolares<\/a><\/li>\n<li><a title=\"Solicitud de baja servicios complementarios\" href=\"https:\/\/blogsaverroes.juntadeandalucia.es\/ceipborbolla\/files\/2020\/01\/Solicitud-Baja-PAF.pdf\">Solicitud de baja servicios complementarios <\/a><\/li>\n<\/ul>\n","protected":false},"excerpt":{"rendered":"<p>Las actividades extraescolares ofrecidas por nuestro centro para este curso 2024-2025 son la de &#8220;Apoyo en Comunicaci\u00f3n Ling\u00fc\u00edstica Ingl\u00e9s&#8221;.&nbsp; El horario es los jueves de 16:00 a 18:00h.&nbsp; Anexo II. Solicitud de Aula Matinal, Servicios de comedor escolar y Actividades Extraescolares Solicitud de baja servicios complementarios<\/p>\n","protected":false},"author":19264,"featured_media":0,"parent":853,"menu_order":0,"comment_status":"closed","ping_status":"closed","template":"","meta":{"_et_pb_use_builder":"off","_et_pb_old_content":"","_et_gb_content_width":"","ngg_post_thumbnail":0,"footnotes":""},"aioseo_notices":[],"_links":{"self":[{"href":"https:\/\/blogsaverroes.juntadeandalucia.es\/ceipnuestrasenoradecanossantos\/wp-json\/wp\/v2\/pages\/836"}],"collection":[{"href":"https:\/\/blogsaverroes.juntadeandalucia.es\/ceipnuestrasenoradecanossantos\/wp-json\/wp\/v2\/pages"}],"about":[{"href":"https:\/\/blogsaverroes.juntadeandalucia.es\/ceipnuestrasenoradecanossantos\/wp-json\/wp\/v2\/types\/page"}],"author":[{"embeddable":true,"href":"https:\/\/blogsaverroes.juntadeandalucia.es\/ceipnuestrasenoradecanossantos\/wp-json\/wp\/v2\/users\/19264"}],"replies":[{"embeddable":true,"href":"https:\/\/blogsaverroes.juntadeandalucia.es\/ceipnuestrasenoradecanossantos\/wp-json\/wp\/v2\/comments?post=836"}],"version-history":[{"count":5,"href":"https:\/\/blogsaverroes.juntadeandalucia.es\/ceipnuestrasenoradecanossantos\/wp-json\/wp\/v2\/pages\/836\/revisions"}],"predecessor-version":[{"id":2171,"href":"https:\/\/blogsaverroes.juntadeandalucia.es\/ceipnuestrasenoradecanossantos\/wp-json\/wp\/v2\/pages\/836\/revisions\/2171"}],"up":[{"embeddable":true,"href":"https:\/\/blogsaverroes.juntadeandalucia.es\/ceipnuestrasenoradecanossantos\/wp-json\/wp\/v2\/pages\/853"}],"wp:attachment":[{"href":"https:\/\/blogsaverroes.juntadeandalucia.es\/ceipnuestrasenoradecanossantos\/wp-json\/wp\/v2\/media?parent=836"}],"curies":[{"name":"wp","href":"https:\/\/api.w.org\/{rel}","templated":true}]}}