{"id":22,"date":"2020-01-09T12:33:26","date_gmt":"2020-01-09T11:33:26","guid":{"rendered":"http:\/\/blogsaverroes.juntadeandalucia.es\/pre\/nuevoceip2v2\/?page_id=22"},"modified":"2022-09-25T17:05:34","modified_gmt":"2022-09-25T16:05:34","slug":"2o-ciclo-de-educacion-primaria","status":"publish","type":"page","link":"https:\/\/blogsaverroes.juntadeandalucia.es\/ceipnuestrasenoradegracia\/2o-ciclo-de-educacion-primaria\/","title":{"rendered":"2\u00ba Ciclo de Educaci\u00f3n Primaria"},"content":{"rendered":"<p>[et_pb_section fb_built=&#8221;1&#8243; _builder_version=&#8221;3.23.3&#8243; custom_padding=&#8221;0px||0px|&#8221; z_index_tablet=&#8221;500&#8243; box_shadow_horizontal_tablet=&#8221;0px&#8221; box_shadow_vertical_tablet=&#8221;0px&#8221; box_shadow_blur_tablet=&#8221;40px&#8221; box_shadow_spread_tablet=&#8221;0px&#8221; global_colors_info=&#8221;{}&#8221;][et_pb_row _builder_version=&#8221;3.25&#8243; background_size=&#8221;initial&#8221; background_position=&#8221;top_left&#8221; background_repeat=&#8221;repeat&#8221; global_colors_info=&#8221;{}&#8221;][et_pb_column type=&#8221;4_4&#8243; _builder_version=&#8221;3.25&#8243; custom_padding=&#8221;|||&#8221; global_colors_info=&#8221;{}&#8221; custom_padding__hover=&#8221;|||&#8221;][et_pb_image src=&#8221;https:\/\/blogsaverroes.juntadeandalucia.es\/ceipnuestrasenoradegracia\/files\/2020\/01\/cabecera-interior-3.jpg&#8221; title_text=&#8221;cabecera-interior-3&#8243; admin_label=&#8221;Imagen de la portada&#8221; _builder_version=&#8221;4.5.0&#8243; z_index_tablet=&#8221;500&#8243; box_shadow_horizontal_tablet=&#8221;0px&#8221; box_shadow_vertical_tablet=&#8221;0px&#8221; box_shadow_blur_tablet=&#8221;40px&#8221; box_shadow_spread_tablet=&#8221;0px&#8221; global_colors_info=&#8221;{}&#8221;][\/et_pb_image][et_pb_text admin_label=&#8221;Texto descriptivo&#8221; _builder_version=&#8221;4.14.5&#8243; hover_enabled=&#8221;0&#8243; z_index_tablet=&#8221;500&#8243; text_text_shadow_horizontal_length_tablet=&#8221;0px&#8221; text_text_shadow_vertical_length_tablet=&#8221;0px&#8221; text_text_shadow_blur_strength_tablet=&#8221;1px&#8221; link_text_shadow_horizontal_length_tablet=&#8221;0px&#8221; link_text_shadow_vertical_length_tablet=&#8221;0px&#8221; link_text_shadow_blur_strength_tablet=&#8221;1px&#8221; ul_text_shadow_horizontal_length_tablet=&#8221;0px&#8221; ul_text_shadow_vertical_length_tablet=&#8221;0px&#8221; ul_text_shadow_blur_strength_tablet=&#8221;1px&#8221; ol_text_shadow_horizontal_length_tablet=&#8221;0px&#8221; ol_text_shadow_vertical_length_tablet=&#8221;0px&#8221; ol_text_shadow_blur_strength_tablet=&#8221;1px&#8221; quote_text_shadow_horizontal_length_tablet=&#8221;0px&#8221; quote_text_shadow_vertical_length_tablet=&#8221;0px&#8221; quote_text_shadow_blur_strength_tablet=&#8221;1px&#8221; header_text_shadow_horizontal_length_tablet=&#8221;0px&#8221; header_text_shadow_vertical_length_tablet=&#8221;0px&#8221; header_text_shadow_blur_strength_tablet=&#8221;1px&#8221; header_2_text_shadow_horizontal_length_tablet=&#8221;0px&#8221; header_2_text_shadow_vertical_length_tablet=&#8221;0px&#8221; header_2_text_shadow_blur_strength_tablet=&#8221;1px&#8221; header_3_text_shadow_horizontal_length_tablet=&#8221;0px&#8221; header_3_text_shadow_vertical_length_tablet=&#8221;0px&#8221; header_3_text_shadow_blur_strength_tablet=&#8221;1px&#8221; header_4_text_shadow_horizontal_length_tablet=&#8221;0px&#8221; header_4_text_shadow_vertical_length_tablet=&#8221;0px&#8221; header_4_text_shadow_blur_strength_tablet=&#8221;1px&#8221; header_5_text_shadow_horizontal_length_tablet=&#8221;0px&#8221; header_5_text_shadow_vertical_length_tablet=&#8221;0px&#8221; header_5_text_shadow_blur_strength_tablet=&#8221;1px&#8221; header_6_text_shadow_horizontal_length_tablet=&#8221;0px&#8221; header_6_text_shadow_vertical_length_tablet=&#8221;0px&#8221; header_6_text_shadow_blur_strength_tablet=&#8221;1px&#8221; box_shadow_horizontal_tablet=&#8221;0px&#8221; box_shadow_vertical_tablet=&#8221;0px&#8221; box_shadow_blur_tablet=&#8221;40px&#8221; box_shadow_spread_tablet=&#8221;0px&#8221; global_colors_info=&#8221;{}&#8221; sticky_enabled=&#8221;0&#8243;]<\/p>\n<h2><span style=\"color: #008000\"><strong><span style=\"font-size: 24pt\">2\u00ba Ciclo de Educaci\u00f3n Primaria<\/span><\/strong><\/span><\/h2>\n<p><span style=\"font-size: 14pt;color: #808080\">Durante este segundo ciclo, el alumnado es capaz ya de participa de manera independiente y activa en las actividades o tareas que se les proponga. Los <b>ni\u00f1os<\/b>&nbsp;y ni\u00f1as han logrado mayor dominio, control y coordinaci\u00f3n sobre sus movimientos.&nbsp;<b>Tienen<\/b>&nbsp;mayor conciencia acerca de las&nbsp;<b>caracter\u00edsticas<\/b> y posibilidades. Establecen relaciones l\u00f3gico-matem\u00e1ticas. Desarrollo de diferentes formas la capacidad de comunicaci\u00f3n, adem\u00e1s en este momento de su vida inician la construcci\u00f3n de su identidad, ampl\u00edan y diversifican sus relaciones interpersonales.<\/span><\/p>\n<p><span style=\"font-size: 14pt;color: #808080\">Les deseamos a todo el alumnado y profesorado, en especial a sus tutoras Cinta y Encarnaci\u00f3n, del segundo ciclo un feliz curso.<\/span><\/p>\n<p><a href=\"https:\/\/blogsaverroes.juntadeandalucia.es\/ceipnuestrasenoradegracia\/files\/2022\/09\/RFaustino-12092022-7-scaled.jpg\"><img loading=\"lazy\" decoding=\"async\" class=\"wp-image-843  alignright\" src=\"https:\/\/blogsaverroes.juntadeandalucia.es\/ceipnuestrasenoradegracia\/files\/2022\/09\/RFaustino-12092022-7-300x196.jpg\" alt=\"\" width=\"427\" height=\"279\"><\/a> <a href=\"https:\/\/blogsaverroes.juntadeandalucia.es\/ceipnuestrasenoradegracia\/files\/2022\/09\/RFaustino-12092022-5-scaled.jpg\"><img loading=\"lazy\" decoding=\"async\" class=\"wp-image-842  alignnone\" src=\"https:\/\/blogsaverroes.juntadeandalucia.es\/ceipnuestrasenoradegracia\/files\/2022\/09\/RFaustino-12092022-5-300x217.jpg\" alt=\"\" width=\"395\" height=\"286\"><\/a><\/p>\n<p>[\/et_pb_text][\/et_pb_column][\/et_pb_row][\/et_pb_section]<\/p>\n","protected":false},"excerpt":{"rendered":"<p>2\u00ba Ciclo de Educaci\u00f3n Primaria Durante este segundo ciclo, el alumnado es capaz ya de participa de manera independiente y activa en las actividades o tareas que se les proponga. Los ni\u00f1os&nbsp;y ni\u00f1as han logrado mayor dominio, control y coordinaci\u00f3n sobre sus movimientos.&nbsp;Tienen&nbsp;mayor conciencia acerca de las&nbsp;caracter\u00edsticas y posibilidades. Establecen relaciones l\u00f3gico-matem\u00e1ticas. Desarrollo de diferentes [&hellip;]<\/p>\n","protected":false},"author":5616,"featured_media":0,"parent":0,"menu_order":0,"comment_status":"closed","ping_status":"closed","template":"","meta":{"_et_pb_use_builder":"on","_et_pb_old_content":"","_et_gb_content_width":"","ngg_post_thumbnail":0,"footnotes":""},"aioseo_notices":[],"_links":{"self":[{"href":"https:\/\/blogsaverroes.juntadeandalucia.es\/ceipnuestrasenoradegracia\/wp-json\/wp\/v2\/pages\/22"}],"collection":[{"href":"https:\/\/blogsaverroes.juntadeandalucia.es\/ceipnuestrasenoradegracia\/wp-json\/wp\/v2\/pages"}],"about":[{"href":"https:\/\/blogsaverroes.juntadeandalucia.es\/ceipnuestrasenoradegracia\/wp-json\/wp\/v2\/types\/page"}],"author":[{"embeddable":true,"href":"https:\/\/blogsaverroes.juntadeandalucia.es\/ceipnuestrasenoradegracia\/wp-json\/wp\/v2\/users\/5616"}],"replies":[{"embeddable":true,"href":"https:\/\/blogsaverroes.juntadeandalucia.es\/ceipnuestrasenoradegracia\/wp-json\/wp\/v2\/comments?post=22"}],"version-history":[{"count":3,"href":"https:\/\/blogsaverroes.juntadeandalucia.es\/ceipnuestrasenoradegracia\/wp-json\/wp\/v2\/pages\/22\/revisions"}],"predecessor-version":[{"id":865,"href":"https:\/\/blogsaverroes.juntadeandalucia.es\/ceipnuestrasenoradegracia\/wp-json\/wp\/v2\/pages\/22\/revisions\/865"}],"wp:attachment":[{"href":"https:\/\/blogsaverroes.juntadeandalucia.es\/ceipnuestrasenoradegracia\/wp-json\/wp\/v2\/media?parent=22"}],"curies":[{"name":"wp","href":"https:\/\/api.w.org\/{rel}","templated":true}]}}

2º Ciclo de Educación Primaria

<p>[et_pb_section fb_built=&#8221;1&#8243; _builder_version=&#8221;3.23.3&#8243; custom_padding=&#8221;0px||0px|&#8221; z_index_tablet=&#8221;500&#8243; box_shadow_horizontal_tablet=&#8221;0px&#8221; box_shadow_vertical_tablet=&#8221;0px&#8221; box_shadow_blur_tablet=&#8221;40px&#8221; box_shadow_spread_tablet=&#8221;0px&#8221; global_colors_info=&#8221;{}&#8221;][et_pb_row _builder_version=&#8221;3.25&#8243; background_size=&#8221;initial&#8221; background_position=&#8221;top_left&#8221; background_repeat=&#8221;repeat&#8221; global_colors_info=&#8221;{}&#8221;][et_pb_column type=&#8221;4_4&#8243; _builder_version=&#8221;3.25&#8243; custom_padding=&#8221;|||&#8221; global_colors_info=&#8221;{}&#8221; custom_padding__hover=&#8221;|||&#8221;][et_pb_image src=&#8221;https://blogsaverroes.juntadeandalucia.es/ceipnuestrasenoradegracia/files/2020/01/cabecera-interior-3.jpg&#8221; title_text=&#8221;cabecera-interior-3&#8243; admin_label=&#8221;Imagen de la portada&#8221; _builder_version=&#8221;4.5.0&#8243; z_index_tablet=&#8221;500&#8243; box_shadow_horizontal_tablet=&#8221;0px&#8221; box_shadow_vertical_tablet=&#8221;0px&#8221; box_shadow_blur_tablet=&#8221;40px&#8221; box_shadow_spread_tablet=&#8221;0px&#8221; global_colors_info=&#8221;{}&#8221;][/et_pb_image][et_pb_text admin_label=&#8221;Texto descriptivo&#8221; _builder_version=&#8221;4.14.5&#8243; hover_enabled=&#8221;0&#8243; z_index_tablet=&#8221;500&#8243; text_text_shadow_horizontal_length_tablet=&#8221;0px&#8221; text_text_shadow_vertical_length_tablet=&#8221;0px&#8221; text_text_shadow_blur_strength_tablet=&#8221;1px&#8221; link_text_shadow_horizontal_length_tablet=&#8221;0px&#8221; link_text_shadow_vertical_length_tablet=&#8221;0px&#8221; link_text_shadow_blur_strength_tablet=&#8221;1px&#8221; ul_text_shadow_horizontal_length_tablet=&#8221;0px&#8221; ul_text_shadow_vertical_length_tablet=&#8221;0px&#8221; ul_text_shadow_blur_strength_tablet=&#8221;1px&#8221; ol_text_shadow_horizontal_length_tablet=&#8221;0px&#8221; ol_text_shadow_vertical_length_tablet=&#8221;0px&#8221; ol_text_shadow_blur_strength_tablet=&#8221;1px&#8221; quote_text_shadow_horizontal_length_tablet=&#8221;0px&#8221; quote_text_shadow_vertical_length_tablet=&#8221;0px&#8221; quote_text_shadow_blur_strength_tablet=&#8221;1px&#8221; header_text_shadow_horizontal_length_tablet=&#8221;0px&#8221; header_text_shadow_vertical_length_tablet=&#8221;0px&#8221; header_text_shadow_blur_strength_tablet=&#8221;1px&#8221; header_2_text_shadow_horizontal_length_tablet=&#8221;0px&#8221; header_2_text_shadow_vertical_length_tablet=&#8221;0px&#8221; header_2_text_shadow_blur_strength_tablet=&#8221;1px&#8221; header_3_text_shadow_horizontal_length_tablet=&#8221;0px&#8221; header_3_text_shadow_vertical_length_tablet=&#8221;0px&#8221; header_3_text_shadow_blur_strength_tablet=&#8221;1px&#8221; header_4_text_shadow_horizontal_length_tablet=&#8221;0px&#8221; header_4_text_shadow_vertical_length_tablet=&#8221;0px&#8221; header_4_text_shadow_blur_strength_tablet=&#8221;1px&#8221; header_5_text_shadow_horizontal_length_tablet=&#8221;0px&#8221; header_5_text_shadow_vertical_length_tablet=&#8221;0px&#8221; header_5_text_shadow_blur_strength_tablet=&#8221;1px&#8221; header_6_text_shadow_horizontal_length_tablet=&#8221;0px&#8221; header_6_text_shadow_vertical_length_tablet=&#8221;0px&#8221; header_6_text_shadow_blur_strength_tablet=&#8221;1px&#8221; box_shadow_horizontal_tablet=&#8221;0px&#8221; box_shadow_vertical_tablet=&#8221;0px&#8221; box_shadow_blur_tablet=&#8221;40px&#8221; box_shadow_spread_tablet=&#8221;0px&#8221; global_colors_info=&#8221;{}&#8221; sticky_enabled=&#8221;0&#8243;]</p>
<h2><span style="color: #008000"><strong><span style="font-size: 24pt">2º Ciclo de Educación Primaria</span></strong></span></h2>
<p><span style="font-size: 14pt;color: #808080">Durante este segundo ciclo, el alumnado es capaz ya de participa de manera independiente y activa en las actividades o tareas que se les proponga. Los <b>niños</b>&nbsp;y niñas han logrado mayor dominio, control y coordinación sobre sus movimientos.&nbsp;<b>Tienen</b>&nbsp;mayor conciencia acerca de las&nbsp;<b>características</b> y posibilidades. Establecen relaciones lógico-matemáticas. Desarrollo de diferentes formas la capacidad de comunicación, además en este momento de su vida inician la construcción de su identidad, amplían y diversifican sus relaciones interpersonales.</span></p>
<p><span style="font-size: 14pt;color: #808080">Les deseamos a todo el alumnado y profesorado, en especial a sus tutoras Cinta y Encarnación, del segundo ciclo un feliz curso.</span></p>
<p><a href="https://blogsaverroes.juntadeandalucia.es/ceipnuestrasenoradegracia/files/2022/09/RFaustino-12092022-7-scaled.jpg"><img loading="lazy" decoding="async" class="wp-image-843  alignright" src="https://blogsaverroes.juntadeandalucia.es/ceipnuestrasenoradegracia/files/2022/09/RFaustino-12092022-7-300x196.jpg" alt="" width="427" height="279"></a> <a href="https://blogsaverroes.juntadeandalucia.es/ceipnuestrasenoradegracia/files/2022/09/RFaustino-12092022-5-scaled.jpg"><img loading="lazy" decoding="async" class="wp-image-842  alignnone" src="https://blogsaverroes.juntadeandalucia.es/ceipnuestrasenoradegracia/files/2022/09/RFaustino-12092022-5-300x217.jpg" alt="" width="395" height="286"></a></p>
<p>[/et_pb_text][/et_pb_column][/et_pb_row][/et_pb_section]</p>

<p>2º Ciclo de Educación Primaria Durante este segundo ciclo, el alumnado es capaz ya de participa de manera independiente y activa en las actividades o tareas que se les proponga. Los niños&nbsp;y niñas han logrado mayor dominio, control y coordinación sobre sus movimientos.&nbsp;Tienen&nbsp;mayor conciencia acerca de las&nbsp;características y posibilidades. Establecen relaciones lógico-matemáticas. Desarrollo de diferentes [&hellip;]</p>
