{"id":665,"date":"2022-04-25T12:38:25","date_gmt":"2022-04-25T11:38:25","guid":{"rendered":"https:\/\/blogsaverroes.juntadeandalucia.es\/ceipnuestrasenoradegracia\/?page_id=665"},"modified":"2022-05-19T11:57:58","modified_gmt":"2022-05-19T10:57:58","slug":"huerto-escolar","status":"publish","type":"page","link":"https:\/\/blogsaverroes.juntadeandalucia.es\/ceipnuestrasenoradegracia\/huerto-escolar\/","title":{"rendered":"Huerto Escolar"},"content":{"rendered":"<blockquote>\n<p style=\"text-align: left;padding-left: 40px\"><span style=\"font-size: 14pt;font-family: arial, helvetica, sans-serif\"><strong>Por fin lo que parec\u00eda un sue\u00f1o muy lejano ya est\u00e1 dando sus<br \/>\n<\/strong>,<strong> nuestro peque\u00f1o proyecto de &#8220;huerto escolar&#8221;, cada d\u00eda se hace m\u00e1s grande.<\/strong><\/span><\/p>\n<\/blockquote>\n<p><img loading=\"lazy\" decoding=\"async\" class=\"aligncenter size-thumbnail wp-image-801\" src=\"https:\/\/blogsaverroes.juntadeandalucia.es\/ceipnuestrasenoradegracia\/files\/2022\/04\/IMG_0042-1-150x150.jpg\" alt=\"\" width=\"150\" height=\"150\"><\/p>\n<p><strong><span style=\"font-size: 14pt\">Aqu\u00ed tenemos nuestros primeros frutos!!!<\/span><\/strong><\/p>\n<p><strong><img loading=\"lazy\" decoding=\"async\" class=\"size-thumbnail wp-image-822 alignnone\" src=\"https:\/\/blogsaverroes.juntadeandalucia.es\/ceipnuestrasenoradegracia\/files\/2022\/05\/3187D678-2ABC-47B4-AEF2-B1D5F84AF5AF-150x150.jpeg\" alt=\"\" width=\"150\" height=\"150\"><\/p>\n<p><\/strong><\/p>\n<p><strong><img loading=\"lazy\" decoding=\"async\" class=\"size-thumbnail wp-image-823 alignright\" src=\"https:\/\/blogsaverroes.juntadeandalucia.es\/ceipnuestrasenoradegracia\/files\/2022\/05\/1C81CF13-9FE1-420E-8A54-A2D0F8F2590C-150x150.jpeg\" alt=\"\" width=\"150\" height=\"150\"><\/strong><\/p>\n<p><strong><img loading=\"lazy\" decoding=\"async\" class=\"size-thumbnail wp-image-824 alignleft\" src=\"https:\/\/blogsaverroes.juntadeandalucia.es\/ceipnuestrasenoradegracia\/files\/2022\/05\/6EAF2D71-B119-47C0-A256-E7A51484F79A-150x150.jpeg\" alt=\"\" width=\"150\" height=\"150\"><\/strong><\/p>\n<p>&nbsp;<\/p>\n<p>&nbsp;<\/p>\n","protected":false},"excerpt":{"rendered":"<p>Por fin lo que parec\u00eda un sue\u00f1o muy lejano ya est\u00e1 dando sus , nuestro peque\u00f1o proyecto de &#8220;huerto escolar&#8221;, cada d\u00eda se hace m\u00e1s grande. Aqu\u00ed tenemos nuestros primeros frutos!!! &nbsp; &nbsp;<\/p>\n","protected":false},"author":14906,"featured_media":0,"parent":0,"menu_order":0,"comment_status":"closed","ping_status":"closed","template":"","meta":{"_et_pb_use_builder":"","_et_pb_old_content":"","_et_gb_content_width":"","ngg_post_thumbnail":0,"footnotes":""},"aioseo_notices":[],"_links":{"self":[{"href":"https:\/\/blogsaverroes.juntadeandalucia.es\/ceipnuestrasenoradegracia\/wp-json\/wp\/v2\/pages\/665"}],"collection":[{"href":"https:\/\/blogsaverroes.juntadeandalucia.es\/ceipnuestrasenoradegracia\/wp-json\/wp\/v2\/pages"}],"about":[{"href":"https:\/\/blogsaverroes.juntadeandalucia.es\/ceipnuestrasenoradegracia\/wp-json\/wp\/v2\/types\/page"}],"author":[{"embeddable":true,"href":"https:\/\/blogsaverroes.juntadeandalucia.es\/ceipnuestrasenoradegracia\/wp-json\/wp\/v2\/users\/14906"}],"replies":[{"embeddable":true,"href":"https:\/\/blogsaverroes.juntadeandalucia.es\/ceipnuestrasenoradegracia\/wp-json\/wp\/v2\/comments?post=665"}],"version-history":[{"count":14,"href":"https:\/\/blogsaverroes.juntadeandalucia.es\/ceipnuestrasenoradegracia\/wp-json\/wp\/v2\/pages\/665\/revisions"}],"predecessor-version":[{"id":825,"href":"https:\/\/blogsaverroes.juntadeandalucia.es\/ceipnuestrasenoradegracia\/wp-json\/wp\/v2\/pages\/665\/revisions\/825"}],"wp:attachment":[{"href":"https:\/\/blogsaverroes.juntadeandalucia.es\/ceipnuestrasenoradegracia\/wp-json\/wp\/v2\/media?parent=665"}],"curies":[{"name":"wp","href":"https:\/\/api.w.org\/{rel}","templated":true}]}}

<blockquote>
<p style="text-align: left;padding-left: 40px"><span style="font-size: 14pt;font-family: arial, helvetica, sans-serif"><strong>Por fin lo que parecía un sueño muy lejano ya está dando sus<br />
</strong>,<strong> nuestro pequeño proyecto de &#8220;huerto escolar&#8221;, cada día se hace más grande.</strong></span></p>
</blockquote>
<p><img loading="lazy" decoding="async" class="aligncenter size-thumbnail wp-image-801" src="https://blogsaverroes.juntadeandalucia.es/ceipnuestrasenoradegracia/files/2022/04/IMG_0042-1-150x150.jpg" alt="" width="150" height="150"></p>
<p><strong><span style="font-size: 14pt">Aquí tenemos nuestros primeros frutos!!!</span></strong></p>
<p><strong><img loading="lazy" decoding="async" class="size-thumbnail wp-image-822 alignnone" src="https://blogsaverroes.juntadeandalucia.es/ceipnuestrasenoradegracia/files/2022/05/3187D678-2ABC-47B4-AEF2-B1D5F84AF5AF-150x150.jpeg" alt="" width="150" height="150"></p>
<p></strong></p>
<p><strong><img loading="lazy" decoding="async" class="size-thumbnail wp-image-823 alignright" src="https://blogsaverroes.juntadeandalucia.es/ceipnuestrasenoradegracia/files/2022/05/1C81CF13-9FE1-420E-8A54-A2D0F8F2590C-150x150.jpeg" alt="" width="150" height="150"></strong></p>
<p><strong><img loading="lazy" decoding="async" class="size-thumbnail wp-image-824 alignleft" src="https://blogsaverroes.juntadeandalucia.es/ceipnuestrasenoradegracia/files/2022/05/6EAF2D71-B119-47C0-A256-E7A51484F79A-150x150.jpeg" alt="" width="150" height="150"></strong></p>
<p>&nbsp;</p>
<p>&nbsp;</p>

<p>Por fin lo que parecía un sueño muy lejano ya está dando sus , nuestro pequeño proyecto de &#8220;huerto escolar&#8221;, cada día se hace más grande. Aquí tenemos nuestros primeros frutos!!! &nbsp; &nbsp;</p>
