{"id":2128,"date":"2025-03-05T12:29:57","date_gmt":"2025-03-05T11:29:57","guid":{"rendered":"https:\/\/blogsaverroes.juntadeandalucia.es\/ceipnuestrasenoradelapaz\/?page_id=2128"},"modified":"2025-03-05T13:23:10","modified_gmt":"2025-03-05T12:23:10","slug":"comedor","status":"publish","type":"page","link":"https:\/\/blogsaverroes.juntadeandalucia.es\/ceipnuestrasenoradelapaz\/comedor\/","title":{"rendered":"Comedor"},"content":{"rendered":"<p data-start=\"51\" data-end=\"88\"><strong data-start=\"51\" data-end=\"86\">\ud83c\udf7d\ufe0f Servicio de Comedor Escolar<\/strong><\/p>\n<p data-start=\"90\" data-end=\"308\">En nuestro centro, contamos con <strong data-start=\"122\" data-end=\"153\">servicio de comedor escolar<\/strong> para el alumnado de <strong data-start=\"174\" data-end=\"233\">Educaci\u00f3n Infantil (segundo ciclo) y Educaci\u00f3n Primaria<\/strong>, ofreciendo un espacio seguro y educativo despu\u00e9s de la jornada lectiva.<\/p>\n<p data-start=\"310\" data-end=\"554\">\ud83d\udd52 <strong data-start=\"313\" data-end=\"325\">Horario:<\/strong> de <strong data-start=\"329\" data-end=\"352\">14:00 a 16:00 horas<\/strong> (m\u00e1ximo de dos horas tras la finalizaci\u00f3n de las clases).<br data-start=\"410\" data-end=\"413\">\ud83d\udc68\u200d\ud83d\udc69\u200d\ud83d\udc67\u200d\ud83d\udc66 Este servicio constituye un <strong data-start=\"453\" data-end=\"474\">apoyo fundamental<\/strong> para las familias, facilitando la conciliaci\u00f3n de la vida laboral y familiar.<\/p>\n<h3 data-start=\"556\" data-end=\"597\">\ud83c\udf4f Un comedor con funci\u00f3n educativa<\/h3>\n<p data-start=\"598\" data-end=\"1117\">El comedor escolar no solo garantiza una <strong data-start=\"639\" data-end=\"679\">alimentaci\u00f3n equilibrada y saludable<\/strong>, sino que tambi\u00e9n es un <strong data-start=\"704\" data-end=\"725\">espacio educativo<\/strong> donde los ni\u00f1os y ni\u00f1as adquieren h\u00e1bitos fundamentales:<br data-start=\"782\" data-end=\"785\">\u2705 <strong data-start=\"787\" data-end=\"807\">Higiene personal<\/strong>, como el lavado de manos antes de comer y el cepillado de dientes despu\u00e9s de la comida.<br data-start=\"895\" data-end=\"898\">\u2705 <strong data-start=\"900\" data-end=\"941\">Buenos modales y h\u00e1bitos alimenticios<\/strong> que fomentan una alimentaci\u00f3n variada y saludable.<br data-start=\"992\" data-end=\"995\" data-is-only-node=\"\">\u2705 <strong data-start=\"997\" data-end=\"1045\">Actividades l\u00fadicas, deportivas o educativas<\/strong> tras la comida, organizadas por las empresas encargadas del servicio.<\/p>\n<h3 data-start=\"1119\" data-end=\"1154\">\ud83d\udcdd Solicitud y bonificaciones<\/h3>\n<p data-start=\"1155\" data-end=\"1426\">\ud83d\udccc <strong data-start=\"1158\" data-end=\"1184\">Solicitud del servicio<\/strong>: Se realiza en el mes de <strong data-start=\"1210\" data-end=\"1219\">junio<\/strong>, dentro del proceso de matriculaci\u00f3n.<br data-start=\"1257\" data-end=\"1260\">\ud83d\udccc <strong data-start=\"1263\" data-end=\"1294\">Solicitud de bonificaciones<\/strong>: Se presenta a <strong data-start=\"1310\" data-end=\"1338\">principios de septiembre<\/strong>, para que el c\u00e1lculo se ajuste a la situaci\u00f3n econ\u00f3mica m\u00e1s reciente de las familias.<\/p>\n<p data-start=\"1155\" data-end=\"1426\">\ud83d\udccc <strong data-start=\"969\" data-end=\"997\">Normativa de aplicaci\u00f3n:<\/strong> <a href=\"https:\/\/juntadeandalucia.es\/boja\/2024\/50\/BOJA24-050-00002-41689-01_00298356.pdf\">\ud83d\udd17 [Acceso]<\/a><\/p>\n<h3 data-start=\"1428\" data-end=\"1468\">\ud83e\udd57 Men\u00fas saludables y equilibrados<\/h3>\n<p data-start=\"1469\" data-end=\"1620\">Los men\u00fas de nuestro comedor cumplen con las recomendaciones de los organismos sanitarios, garantizando una <strong data-start=\"1577\" data-end=\"1617\">alimentaci\u00f3n nutritiva y equilibrada<\/strong>.<\/p>\n<p data-start=\"1622\" data-end=\"1743\">Para cualquier duda sobre el servicio de comedor, no dud\u00e9is en contactar con el centro. \u00a1Estamos aqu\u00ed para ayudaros! \ud83d\ude0a<\/p>\n<p data-start=\"1622\" data-end=\"1743\"><img fetchpriority=\"high\" decoding=\"async\" class=\"alignnone size-full wp-image-2146 aligncenter\" src=\"https:\/\/blogsaverroes.juntadeandalucia.es\/ceipnuestrasenoradelapaz\/files\/2025\/03\/Imagen-de-WhatsApp-2025-03-05-a-las-13.16.54_00576eee.jpg\" alt=\"\" width=\"2048\" height=\"1537\" srcset=\"https:\/\/blogsaverroes.juntadeandalucia.es\/ceipnuestrasenoradelapaz\/files\/2025\/03\/Imagen-de-WhatsApp-2025-03-05-a-las-13.16.54_00576eee.jpg 2048w, https:\/\/blogsaverroes.juntadeandalucia.es\/ceipnuestrasenoradelapaz\/files\/2025\/03\/Imagen-de-WhatsApp-2025-03-05-a-las-13.16.54_00576eee-300x225.jpg 300w, https:\/\/blogsaverroes.juntadeandalucia.es\/ceipnuestrasenoradelapaz\/files\/2025\/03\/Imagen-de-WhatsApp-2025-03-05-a-las-13.16.54_00576eee-1024x769.jpg 1024w, https:\/\/blogsaverroes.juntadeandalucia.es\/ceipnuestrasenoradelapaz\/files\/2025\/03\/Imagen-de-WhatsApp-2025-03-05-a-las-13.16.54_00576eee-768x576.jpg 768w, https:\/\/blogsaverroes.juntadeandalucia.es\/ceipnuestrasenoradelapaz\/files\/2025\/03\/Imagen-de-WhatsApp-2025-03-05-a-las-13.16.54_00576eee-1536x1153.jpg 1536w\" sizes=\"(max-width: 2048px) 100vw, 2048px\" \/><\/p>\n","protected":false},"excerpt":{"rendered":"<p>\ud83c\udf7d\ufe0f Servicio de Comedor Escolar En nuestro centro, contamos con servicio de comedor escolar para el alumnado de Educaci\u00f3n Infantil (segundo ciclo) y Educaci\u00f3n Primaria, ofreciendo un espacio seguro y educativo despu\u00e9s de la&#46;&#46;&#46;<\/p>\n","protected":false},"author":17251,"featured_media":0,"parent":0,"menu_order":0,"comment_status":"closed","ping_status":"closed","template":"","meta":{"ngg_post_thumbnail":0,"footnotes":"","_mc_calendar":[]},"aioseo_notices":[],"_links":{"self":[{"href":"https:\/\/blogsaverroes.juntadeandalucia.es\/ceipnuestrasenoradelapaz\/wp-json\/wp\/v2\/pages\/2128"}],"collection":[{"href":"https:\/\/blogsaverroes.juntadeandalucia.es\/ceipnuestrasenoradelapaz\/wp-json\/wp\/v2\/pages"}],"about":[{"href":"https:\/\/blogsaverroes.juntadeandalucia.es\/ceipnuestrasenoradelapaz\/wp-json\/wp\/v2\/types\/page"}],"author":[{"embeddable":true,"href":"https:\/\/blogsaverroes.juntadeandalucia.es\/ceipnuestrasenoradelapaz\/wp-json\/wp\/v2\/users\/17251"}],"replies":[{"embeddable":true,"href":"https:\/\/blogsaverroes.juntadeandalucia.es\/ceipnuestrasenoradelapaz\/wp-json\/wp\/v2\/comments?post=2128"}],"version-history":[{"count":6,"href":"https:\/\/blogsaverroes.juntadeandalucia.es\/ceipnuestrasenoradelapaz\/wp-json\/wp\/v2\/pages\/2128\/revisions"}],"predecessor-version":[{"id":2149,"href":"https:\/\/blogsaverroes.juntadeandalucia.es\/ceipnuestrasenoradelapaz\/wp-json\/wp\/v2\/pages\/2128\/revisions\/2149"}],"wp:attachment":[{"href":"https:\/\/blogsaverroes.juntadeandalucia.es\/ceipnuestrasenoradelapaz\/wp-json\/wp\/v2\/media?parent=2128"}],"curies":[{"name":"wp","href":"https:\/\/api.w.org\/{rel}","templated":true}]}}