{"id":2279,"date":"2023-10-31T10:16:38","date_gmt":"2023-10-31T10:16:38","guid":{"rendered":"https:\/\/blogsaverroes.juntadeandalucia.es\/ceipnuestrasenoradelosdolores\/?page_id=2279"},"modified":"2024-11-13T22:28:38","modified_gmt":"2024-11-13T22:28:38","slug":"claustro","status":"publish","type":"page","link":"https:\/\/blogsaverroes.juntadeandalucia.es\/ceipnuestrasenoradelosdolores\/claustro\/","title":{"rendered":"Claustro"},"content":{"rendered":"<p><a href=\"https:\/\/blogsaverroes.juntadeandalucia.es\/ceipnuestrasenoradelosdolores\/files\/2024\/11\/458293395_122098215896513407_3553136970980058822_n.jpg\"><img loading=\"lazy\" decoding=\"async\" class=\"alignnone  wp-image-2291\" src=\"https:\/\/blogsaverroes.juntadeandalucia.es\/ceipnuestrasenoradelosdolores\/files\/2024\/11\/458293395_122098215896513407_3553136970980058822_n-300x225.jpg\" alt=\"\" width=\"508\" height=\"381\" srcset=\"https:\/\/blogsaverroes.juntadeandalucia.es\/ceipnuestrasenoradelosdolores\/files\/2024\/11\/458293395_122098215896513407_3553136970980058822_n-300x225.jpg 300w, https:\/\/blogsaverroes.juntadeandalucia.es\/ceipnuestrasenoradelosdolores\/files\/2024\/11\/458293395_122098215896513407_3553136970980058822_n-1024x768.jpg 1024w, https:\/\/blogsaverroes.juntadeandalucia.es\/ceipnuestrasenoradelosdolores\/files\/2024\/11\/458293395_122098215896513407_3553136970980058822_n-768x576.jpg 768w, https:\/\/blogsaverroes.juntadeandalucia.es\/ceipnuestrasenoradelosdolores\/files\/2024\/11\/458293395_122098215896513407_3553136970980058822_n-1536x1152.jpg 1536w, https:\/\/blogsaverroes.juntadeandalucia.es\/ceipnuestrasenoradelosdolores\/files\/2024\/11\/458293395_122098215896513407_3553136970980058822_n.jpg 1600w\" sizes=\"(max-width: 508px) 100vw, 508px\" \/><\/a><\/p>\n<p>Infantil 3 a\u00f1os: tutora Carmen Garz\u00f3n Cabrera.&nbsp;<\/p>\n<p>Infantil 4 a\u00f1os: tutora Mar\u00eda Jos\u00e9 Molina Camarero.<\/p>\n<p>Infantil 5 a\u00f1os: tutora Loli Lorca Jim\u00e9nez.&nbsp;<\/p>\n<p>1\u00ba de Ed. Primaria: tutora Elisabet Ord\u00f3\u00f1ez J\u00e1imez.&nbsp;<\/p>\n<p>2\u00ba de Ed. Primaria: tutora Miriam Valverde Justo.&nbsp;<\/p>\n<p>3\u00ba de Ed. Primaria: tutor Javier Ramos G\u00e1mez.<\/p>\n<p>4\u00ba de Ed. Primaria: tutora Julia Mu\u00f1oz Cano.&nbsp;<\/p>\n<p>5\u00ba de Ed. Primaria: tutora Fina Alonso Hern\u00e1ndez.&nbsp;<\/p>\n<p>6\u00ba de Ed. Primaria: tutora \u00c1ngela M. Sanju\u00e1n Parra.&nbsp;<\/p>\n<p>Aula especifica: tutora Celia Dur\u00e1n S\u00e1nchez.&nbsp;<\/p>\n<p>&nbsp;<\/p>\n<p>Especialista de ed. f\u00edsica: Jos\u00e9 Mar\u00eda Rodr\u00edguez L\u00f3pez<\/p>\n<p>Especialista de ingl\u00e9s: Laura Almagro Sabaniel.&nbsp;<\/p>\n<p>Especialista de franc\u00e9s: Julia Mu\u00f1oz Cano.&nbsp;<\/p>\n<p>Especialista de religi\u00f3n: Jos\u00e9 Manuel Rodriguez \u00c1vila.&nbsp;<\/p>\n<p>Especialista de Pedagog\u00eda Terap\u00e9utica: Mercedes Valverde Morales.&nbsp;<\/p>\n<p>Especialista de m\u00fasica: \u00c1ngela M. Sanju\u00e1n Parra<\/p>\n<p>Especialista de Audici\u00f3n y Lenguaje: Javier&nbsp;<\/p>\n<p>Orientadora: Irene<\/p>\n","protected":false},"excerpt":{"rendered":"<p>Infantil 3 a\u00f1os: tutora Carmen Garz\u00f3n Cabrera.&nbsp; Infantil 4 a\u00f1os: tutora Mar\u00eda Jos\u00e9 Molina Camarero. Infantil 5 a\u00f1os: tutora Loli Lorca Jim\u00e9nez.&nbsp; 1\u00ba de Ed.&hellip;<\/p>\n","protected":false},"author":10995,"featured_media":0,"parent":0,"menu_order":0,"comment_status":"closed","ping_status":"closed","template":"","meta":{"ngg_post_thumbnail":0,"footnotes":"","_mc_calendar":[]},"aioseo_notices":[],"_links":{"self":[{"href":"https:\/\/blogsaverroes.juntadeandalucia.es\/ceipnuestrasenoradelosdolores\/wp-json\/wp\/v2\/pages\/2279"}],"collection":[{"href":"https:\/\/blogsaverroes.juntadeandalucia.es\/ceipnuestrasenoradelosdolores\/wp-json\/wp\/v2\/pages"}],"about":[{"href":"https:\/\/blogsaverroes.juntadeandalucia.es\/ceipnuestrasenoradelosdolores\/wp-json\/wp\/v2\/types\/page"}],"author":[{"embeddable":true,"href":"https:\/\/blogsaverroes.juntadeandalucia.es\/ceipnuestrasenoradelosdolores\/wp-json\/wp\/v2\/users\/10995"}],"replies":[{"embeddable":true,"href":"https:\/\/blogsaverroes.juntadeandalucia.es\/ceipnuestrasenoradelosdolores\/wp-json\/wp\/v2\/comments?post=2279"}],"version-history":[{"count":4,"href":"https:\/\/blogsaverroes.juntadeandalucia.es\/ceipnuestrasenoradelosdolores\/wp-json\/wp\/v2\/pages\/2279\/revisions"}],"predecessor-version":[{"id":2294,"href":"https:\/\/blogsaverroes.juntadeandalucia.es\/ceipnuestrasenoradelosdolores\/wp-json\/wp\/v2\/pages\/2279\/revisions\/2294"}],"wp:attachment":[{"href":"https:\/\/blogsaverroes.juntadeandalucia.es\/ceipnuestrasenoradelosdolores\/wp-json\/wp\/v2\/media?parent=2279"}],"curies":[{"name":"wp","href":"https:\/\/api.w.org\/{rel}","templated":true}]}}