{"id":2324,"date":"2024-11-14T09:25:24","date_gmt":"2024-11-14T09:25:24","guid":{"rendered":"https:\/\/blogsaverroes.juntadeandalucia.es\/ceipnuestrasenoradelosdolores\/?page_id=2324"},"modified":"2025-09-24T07:14:50","modified_gmt":"2025-09-24T07:14:50","slug":"actualidad","status":"publish","type":"page","link":"https:\/\/blogsaverroes.juntadeandalucia.es\/ceipnuestrasenoradelosdolores\/actualidad\/","title":{"rendered":"Actualidad"},"content":{"rendered":"<blockquote class=\"wp-embedded-content\" data-secret=\"o4GWXtamy6\"><p><a href=\"https:\/\/blogsaverroes.juntadeandalucia.es\/ceipnuestrasenoradelosdolores\/nuevo-curso-2025-2026\/\">Nuevo curso 2025 &#8211; 2026<\/a><\/p><\/blockquote>\n<p><iframe class=\"wp-embedded-content\" sandbox=\"allow-scripts\" security=\"restricted\" style=\"position: absolute; clip: rect(1px, 1px, 1px, 1px);\" title=\"\u00abNuevo curso 2025 &#8211; 2026\u00bb \u2014 CEIP Ntra. Sra. de los Dolores (Alomartes)\" src=\"https:\/\/blogsaverroes.juntadeandalucia.es\/ceipnuestrasenoradelosdolores\/nuevo-curso-2025-2026\/embed\/#?secret=1fQah5qXcX#?secret=o4GWXtamy6\" data-secret=\"o4GWXtamy6\" width=\"600\" height=\"338\" frameborder=\"0\" marginwidth=\"0\" marginheight=\"0\" scrolling=\"no\"><\/iframe><\/p>\n<blockquote class=\"wp-embedded-content\" data-secret=\"VDNWHgEBjx\"><p><a href=\"https:\/\/blogsaverroes.juntadeandalucia.es\/ceipnuestrasenoradelosdolores\/inicio-de-la-escuela-de-padres-3-0\/\">Inicio de la Escuela de Padres 3.0<\/a><\/p><\/blockquote>\n<p><iframe class=\"wp-embedded-content\" sandbox=\"allow-scripts\" security=\"restricted\" style=\"position: absolute; clip: rect(1px, 1px, 1px, 1px);\" title=\"\u00abInicio de la Escuela de Padres 3.0\u00bb \u2014 CEIP Ntra. Sra. de los Dolores (Alomartes)\" src=\"https:\/\/blogsaverroes.juntadeandalucia.es\/ceipnuestrasenoradelosdolores\/inicio-de-la-escuela-de-padres-3-0\/embed\/#?secret=Tcsuwdlpbx#?secret=VDNWHgEBjx\" data-secret=\"VDNWHgEBjx\" width=\"600\" height=\"338\" frameborder=\"0\" marginwidth=\"0\" marginheight=\"0\" scrolling=\"no\"><\/iframe><\/p>\n<blockquote class=\"wp-embedded-content\" data-secret=\"qsLojPmO1a\"><p><a href=\"https:\/\/blogsaverroes.juntadeandalucia.es\/ceipnuestrasenoradelosdolores\/formacion-en-primeros-auxilios\/\">Formaci\u00f3n en Primeros Auxilios<\/a><\/p><\/blockquote>\n<p><iframe class=\"wp-embedded-content\" sandbox=\"allow-scripts\" security=\"restricted\" style=\"position: absolute; clip: rect(1px, 1px, 1px, 1px);\" title=\"\u00abFormaci\u00f3n en Primeros Auxilios\u00bb \u2014 CEIP Ntra. Sra. de los Dolores (Alomartes)\" src=\"https:\/\/blogsaverroes.juntadeandalucia.es\/ceipnuestrasenoradelosdolores\/formacion-en-primeros-auxilios\/embed\/#?secret=m5aGQAQkEu#?secret=qsLojPmO1a\" data-secret=\"qsLojPmO1a\" width=\"600\" height=\"338\" frameborder=\"0\" marginwidth=\"0\" marginheight=\"0\" scrolling=\"no\"><\/iframe><\/p>\n<blockquote class=\"wp-embedded-content\" data-secret=\"XzJcWQ7TqC\"><p><a href=\"https:\/\/blogsaverroes.juntadeandalucia.es\/ceipnuestrasenoradelosdolores\/dia-contra-la-violencia-de-genero-25n\/\">D\u00eda contra la violencia de g\u00e9nero 25N<\/a><\/p><\/blockquote>\n<p><iframe class=\"wp-embedded-content\" sandbox=\"allow-scripts\" security=\"restricted\" style=\"position: absolute; clip: rect(1px, 1px, 1px, 1px);\" title=\"\u00abD\u00eda contra la violencia de g\u00e9nero 25N\u00bb \u2014 CEIP Ntra. Sra. de los Dolores (Alomartes)\" src=\"https:\/\/blogsaverroes.juntadeandalucia.es\/ceipnuestrasenoradelosdolores\/dia-contra-la-violencia-de-genero-25n\/embed\/#?secret=QmYeP60UjN#?secret=XzJcWQ7TqC\" data-secret=\"XzJcWQ7TqC\" width=\"600\" height=\"338\" frameborder=\"0\" marginwidth=\"0\" marginheight=\"0\" scrolling=\"no\"><\/iframe><\/p>\n<blockquote class=\"wp-embedded-content\" data-secret=\"mZwMJRokz9\"><p><a href=\"https:\/\/blogsaverroes.juntadeandalucia.es\/ceipnuestrasenoradelosdolores\/dia-de-los-derechos-de-la-infancia-y-adolescencia-20n\/\">D\u00eda de los Derechos de la Infancia y Adolescencia.- 20N<\/a><\/p><\/blockquote>\n<p><iframe class=\"wp-embedded-content\" sandbox=\"allow-scripts\" security=\"restricted\" style=\"position: absolute; clip: rect(1px, 1px, 1px, 1px);\" title=\"\u00abD\u00eda de los Derechos de la Infancia y Adolescencia.- 20N\u00bb \u2014 CEIP Ntra. Sra. de los Dolores (Alomartes)\" src=\"https:\/\/blogsaverroes.juntadeandalucia.es\/ceipnuestrasenoradelosdolores\/dia-de-los-derechos-de-la-infancia-y-adolescencia-20n\/embed\/#?secret=bEPkNK8ntO#?secret=mZwMJRokz9\" data-secret=\"mZwMJRokz9\" width=\"600\" height=\"338\" frameborder=\"0\" marginwidth=\"0\" marginheight=\"0\" scrolling=\"no\"><\/iframe><\/p>\n<blockquote class=\"wp-embedded-content\" data-secret=\"s53upQPdlT\"><p><a href=\"https:\/\/blogsaverroes.juntadeandalucia.es\/ceipnuestrasenoradelosdolores\/dia-internacional-del-flamenco-16n\/\">D\u00eda Internacional del Flamenco.- 16N<\/a><\/p><\/blockquote>\n<p><iframe class=\"wp-embedded-content\" sandbox=\"allow-scripts\" security=\"restricted\" style=\"position: absolute; clip: rect(1px, 1px, 1px, 1px);\" title=\"\u00abD\u00eda Internacional del Flamenco.- 16N\u00bb \u2014 CEIP Ntra. Sra. de los Dolores (Alomartes)\" src=\"https:\/\/blogsaverroes.juntadeandalucia.es\/ceipnuestrasenoradelosdolores\/dia-internacional-del-flamenco-16n\/embed\/#?secret=6ayjoDspg9#?secret=s53upQPdlT\" data-secret=\"s53upQPdlT\" width=\"600\" height=\"338\" frameborder=\"0\" marginwidth=\"0\" marginheight=\"0\" scrolling=\"no\"><\/iframe><\/p>\n<blockquote class=\"wp-embedded-content\" data-secret=\"1uulLZCV6M\"><p><a href=\"https:\/\/blogsaverroes.juntadeandalucia.es\/ceipnuestrasenoradelosdolores\/la-dana-nos-deja-dos-dias-en-casa\/\">La DANA nos deja dos d\u00edas en casa.<\/a><\/p><\/blockquote>\n<p><iframe class=\"wp-embedded-content\" sandbox=\"allow-scripts\" security=\"restricted\" style=\"position: absolute; clip: rect(1px, 1px, 1px, 1px);\" title=\"\u00abLa DANA nos deja dos d\u00edas en casa.\u00bb \u2014 CEIP Ntra. Sra. de los Dolores (Alomartes)\" src=\"https:\/\/blogsaverroes.juntadeandalucia.es\/ceipnuestrasenoradelosdolores\/la-dana-nos-deja-dos-dias-en-casa\/embed\/#?secret=hzD5s1H98H#?secret=1uulLZCV6M\" data-secret=\"1uulLZCV6M\" width=\"600\" height=\"338\" frameborder=\"0\" marginwidth=\"0\" marginheight=\"0\" scrolling=\"no\"><\/iframe><\/p>\n","protected":false},"excerpt":{"rendered":"<p>Nuevo curso 2025 &#8211; 2026 Inicio de la Escuela de Padres 3.0 Formaci\u00f3n en Primeros Auxilios D\u00eda contra la violencia de g\u00e9nero 25N D\u00eda de&hellip;<\/p>\n","protected":false},"author":10995,"featured_media":0,"parent":0,"menu_order":0,"comment_status":"closed","ping_status":"closed","template":"","meta":{"ngg_post_thumbnail":0,"footnotes":"","_mc_calendar":[]},"aioseo_notices":[],"_links":{"self":[{"href":"https:\/\/blogsaverroes.juntadeandalucia.es\/ceipnuestrasenoradelosdolores\/wp-json\/wp\/v2\/pages\/2324"}],"collection":[{"href":"https:\/\/blogsaverroes.juntadeandalucia.es\/ceipnuestrasenoradelosdolores\/wp-json\/wp\/v2\/pages"}],"about":[{"href":"https:\/\/blogsaverroes.juntadeandalucia.es\/ceipnuestrasenoradelosdolores\/wp-json\/wp\/v2\/types\/page"}],"author":[{"embeddable":true,"href":"https:\/\/blogsaverroes.juntadeandalucia.es\/ceipnuestrasenoradelosdolores\/wp-json\/wp\/v2\/users\/10995"}],"replies":[{"embeddable":true,"href":"https:\/\/blogsaverroes.juntadeandalucia.es\/ceipnuestrasenoradelosdolores\/wp-json\/wp\/v2\/comments?post=2324"}],"version-history":[{"count":27,"href":"https:\/\/blogsaverroes.juntadeandalucia.es\/ceipnuestrasenoradelosdolores\/wp-json\/wp\/v2\/pages\/2324\/revisions"}],"predecessor-version":[{"id":2455,"href":"https:\/\/blogsaverroes.juntadeandalucia.es\/ceipnuestrasenoradelosdolores\/wp-json\/wp\/v2\/pages\/2324\/revisions\/2455"}],"wp:attachment":[{"href":"https:\/\/blogsaverroes.juntadeandalucia.es\/ceipnuestrasenoradelosdolores\/wp-json\/wp\/v2\/media?parent=2324"}],"curies":[{"name":"wp","href":"https:\/\/api.w.org\/{rel}","templated":true}]}}