{"id":2105,"date":"2017-04-27T18:39:58","date_gmt":"2017-04-27T18:39:58","guid":{"rendered":"http:\/\/blogsaverroes.juntadeandalucia.es\/ceipnuevaalmeria\/?page_id=2105"},"modified":"2024-09-24T09:50:07","modified_gmt":"2024-09-24T09:50:07","slug":"profesorado","status":"publish","type":"page","link":"https:\/\/blogsaverroes.juntadeandalucia.es\/ceipnuevaalmeria\/profesorado\/","title":{"rendered":"Personal Docente"},"content":{"rendered":"<p>&nbsp;<\/p>\n<p><em><strong>PROFESORADO CURSO 2024-2025<\/strong><\/em><\/p>\n<table style=\"width: 101.165%;height: 2561px\" width=\"100%\">\n<tbody>\n<tr>\n<td style=\"width: 14.4899%\" width=\"19%\"><strong>Curso<\/strong><\/td>\n<td style=\"width: 8.53343%\" width=\"9%\"><strong>Grupo<\/strong><\/td>\n<td style=\"width: 41.5383%\" width=\"45%\"><strong>Nombre<\/strong><\/td>\n<td style=\"width: 27.9198%\" width=\"25%\"><strong>Puesto<\/strong><\/td>\n<\/tr>\n<tr>\n<td style=\"width: 14.4899%\" width=\"19%\">Tres a\u00f1os<\/td>\n<td style=\"width: 8.53343%\" width=\"9%\">A<\/td>\n<td style=\"width: 41.5383%\" width=\"45%\">Inmaculada Guti\u00e9rrez Rivera<\/td>\n<td style=\"width: 27.9198%\" width=\"25%\">Ed. Infantil\/Biling\u00fce<\/td>\n<\/tr>\n<tr>\n<td style=\"width: 14.4899%\" width=\"19%\">Tres a\u00f1os<\/td>\n<td style=\"width: 8.53343%\" width=\"9%\">B<\/td>\n<td style=\"width: 41.5383%\" width=\"45%\">Isabel M\u00aa Salmer\u00f3n Artero<\/td>\n<td style=\"width: 27.9198%\" width=\"25%\">Ed. Infantil<\/td>\n<\/tr>\n<tr>\n<td style=\"width: 14.4899%\">Tres a\u00f1os<\/td>\n<td style=\"width: 8.53343%\">C<\/td>\n<td style=\"width: 41.5383%\">Francisca Mouliaa Mu\u00f1oz<\/td>\n<td style=\"width: 27.9198%\">Ed. Infantil<\/td>\n<\/tr>\n<tr>\n<td style=\"width: 14.4899%\" width=\"19%\">Cuatro a\u00f1os<\/td>\n<td style=\"width: 8.53343%\" width=\"9%\">A<\/td>\n<td style=\"width: 41.5383%\" width=\"45%\">Roc\u00edo del \u00c1guila Salinas<\/td>\n<td style=\"width: 27.9198%\" width=\"25%\">Ed. Infantil<\/td>\n<\/tr>\n<tr>\n<td style=\"width: 14.4899%\" width=\"19%\">Cuatro a\u00f1os<\/td>\n<td style=\"width: 8.53343%\" width=\"9%\">B<\/td>\n<td style=\"width: 41.5383%\" width=\"45%\">Gracia Aranda Villegas<\/td>\n<td style=\"width: 27.9198%\" width=\"25%\">Ed. Infantil<\/td>\n<\/tr>\n<tr>\n<td style=\"width: 14.4899%\" width=\"19%\">Cinco a\u00f1os<\/td>\n<td style=\"width: 8.53343%\" width=\"9%\">A<\/td>\n<td style=\"width: 41.5383%\" width=\"45%\">Francisco Jos\u00e9 Segura Dom\u00ednguez<\/td>\n<td style=\"width: 27.9198%\" width=\"25%\">Ed. Infantil<\/td>\n<\/tr>\n<tr>\n<td style=\"width: 14.4899%\" width=\"19%\">Cinco a\u00f1os&nbsp;<\/td>\n<td style=\"width: 8.53343%\" width=\"9%\">B<\/td>\n<td style=\"width: 41.5383%\" width=\"45%\">Juana Galera Segovia<\/td>\n<td style=\"width: 27.9198%\" width=\"25%\">Ed. Infantil<\/td>\n<\/tr>\n<tr>\n<td style=\"width: 14.4899%\" width=\"19%\">Apoyo Infantil<\/td>\n<td style=\"width: 8.53343%\" width=\"9%\">&nbsp;<\/td>\n<td style=\"width: 41.5383%\" width=\"45%\">M\u00aa del Mar Mateo Segura<\/td>\n<td style=\"width: 27.9198%\" width=\"25%\">Ed. Infantil<\/td>\n<\/tr>\n<tr>\n<td style=\"width: 14.4899%\" width=\"19%\">Especialista<\/td>\n<td style=\"width: 8.53343%\" width=\"9%\">&nbsp;<\/td>\n<td style=\"width: 41.5383%\" width=\"45%\">Noelia Heras S\u00e1nchez<\/td>\n<td style=\"width: 27.9198%\" width=\"25%\">Religi\u00f3n Cat\u00f3lica<\/td>\n<\/tr>\n<tr>\n<td style=\"width: 14.4899%\" width=\"19%\">Primero<\/td>\n<td style=\"width: 8.53343%\" width=\"9%\">A<\/td>\n<td style=\"width: 41.5383%\" width=\"45%\">Susana Diaz Guirado&nbsp;<\/td>\n<td style=\"width: 27.9198%\" width=\"25%\">Primaria\/Biling\u00fce<\/td>\n<\/tr>\n<tr>\n<td style=\"width: 14.4899%\" width=\"19%\">Primero<\/td>\n<td style=\"width: 8.53343%\" width=\"9%\">B<\/td>\n<td style=\"width: 41.5383%\" width=\"45%\">Almudena Prieto Requena<\/td>\n<td style=\"width: 27.9198%\" width=\"25%\">Primaria<\/td>\n<\/tr>\n<tr>\n<td style=\"width: 14.4899%\" width=\"19%\">Segundo<\/td>\n<td style=\"width: 8.53343%\" width=\"9%\">A<\/td>\n<td style=\"width: 41.5383%\" width=\"45%\">Mar\u00eda Paz Ortega Jurado<\/td>\n<td style=\"width: 27.9198%\" width=\"25%\">Primaria<\/td>\n<\/tr>\n<tr>\n<td style=\"width: 14.4899%\" width=\"19%\">Segundo<\/td>\n<td style=\"width: 8.53343%\" width=\"9%\">B<\/td>\n<td style=\"width: 41.5383%\" width=\"45%\">Domingo Torrente Miras<\/td>\n<td style=\"width: 27.9198%\" width=\"25%\">Educaci\u00f3n F\u00edsica<\/td>\n<\/tr>\n<tr>\n<td style=\"width: 14.4899%\" width=\"19%\">Tercero<\/td>\n<td style=\"width: 8.53343%\" width=\"9%\">A<\/td>\n<td style=\"width: 41.5383%\" width=\"45%\">Juan Manuel Navas Almaz\u00e1n<\/td>\n<td style=\"width: 27.9198%\" width=\"25%\">Educaci\u00f3n F\u00edsica<\/td>\n<\/tr>\n<tr>\n<td style=\"width: 14.4899%\" width=\"19%\">Tercero<\/td>\n<td style=\"width: 8.53343%\" width=\"9%\">B<\/td>\n<td style=\"width: 41.5383%\" width=\"45%\">Jos\u00e9 Javier Vaquero Blasco<\/td>\n<td style=\"width: 27.9198%\" width=\"25%\">Primaria\/Biling\u00fce<\/td>\n<\/tr>\n<tr>\n<td style=\"width: 14.4899%\" width=\"19%\">Cuarto<\/td>\n<td style=\"width: 8.53343%\" width=\"9%\">A<\/td>\n<td style=\"width: 41.5383%\" width=\"45%\">Ra\u00fal Tijeras Rodr\u00edguez<\/td>\n<td style=\"width: 27.9198%\" width=\"25%\">Primaria\/Biling\u00fce<\/td>\n<\/tr>\n<tr>\n<td style=\"width: 14.4899%\" width=\"19%\">Cuarto<\/td>\n<td style=\"width: 8.53343%\" width=\"9%\">B<\/td>\n<td style=\"width: 41.5383%\">Ra\u00fal Andrada Vera<\/td>\n<td style=\"width: 27.9198%\">Educaci\u00f3n F\u00edsica<\/td>\n<\/tr>\n<tr>\n<td style=\"width: 14.4899%\" width=\"19%\">Cuarto<\/td>\n<td style=\"width: 8.53343%\" width=\"9%\">C<\/td>\n<td style=\"width: 41.5383%\" width=\"45%\">Javier Rueda Mart\u00ednez<\/td>\n<td style=\"width: 27.9198%\" width=\"25%\">Primaria\/Biling\u00fce<\/td>\n<\/tr>\n<tr>\n<td style=\"width: 14.4899%\" width=\"19%\">Quinto<\/td>\n<td style=\"width: 8.53343%\" width=\"9%\">A<\/td>\n<td style=\"width: 41.5383%\" width=\"45%\">M\u00aa Jos\u00e9 Aparicio Berenguel<\/td>\n<td style=\"width: 27.9198%\" width=\"25%\">Franc\u00e9s<\/td>\n<\/tr>\n<tr>\n<td style=\"width: 14.4899%\" width=\"19%\">Quinto<\/td>\n<td style=\"width: 8.53343%\" width=\"9%\">B<\/td>\n<td style=\"width: 41.5383%\" width=\"45%\">Mar\u00eda del Carmen Sevilla Rodr\u00edguez<\/td>\n<td style=\"width: 27.9198%\" width=\"25%\">Primaria\/Biling\u00fce<\/td>\n<\/tr>\n<tr>\n<td style=\"width: 14.4899%\" width=\"19%\">Sexto&nbsp;<\/td>\n<td style=\"width: 8.53343%\" width=\"9%\">A<\/td>\n<td style=\"width: 41.5383%\" width=\"45%\">Mar\u00eda Cruz Garc\u00eda<\/td>\n<td style=\"width: 27.9198%\" width=\"25%\">Primaria<\/td>\n<\/tr>\n<tr>\n<td style=\"width: 14.4899%\" width=\"19%\">Sexto<\/td>\n<td style=\"width: 8.53343%\" width=\"9%\">B<\/td>\n<td style=\"width: 41.5383%\" width=\"45%\">Eduardo Jos\u00e9 Padial Garc\u00eda<\/td>\n<td style=\"width: 27.9198%\" width=\"25%\">Ingl\u00e9s<\/td>\n<\/tr>\n<tr>\n<td style=\"width: 14.4899%\" width=\"19%\">Apoyo Primaria<\/td>\n<td style=\"width: 8.53343%\" width=\"9%\">&nbsp;<\/td>\n<td style=\"width: 41.5383%\" width=\"45%\">Laura Rodr\u00edguez Meg\u00edas<\/p>\n<p>Mariana Del Jes\u00fas Garc\u00eda<\/td>\n<td style=\"width: 27.9198%\" width=\"25%\">Primaria\/Biling\u00fce<\/td>\n<\/tr>\n<tr>\n<td style=\"width: 14.4899%\" width=\"19%\">Especialista<\/td>\n<td style=\"width: 8.53343%\" width=\"9%\">&nbsp;<\/td>\n<td style=\"width: 41.5383%\" width=\"45%\">Laura Jim\u00e9nez Navarro<\/td>\n<td style=\"width: 27.9198%\" width=\"25%\">M\u00fasica\/Biling\u00fce<\/td>\n<\/tr>\n<tr>\n<td style=\"width: 14.4899%\" width=\"19%\">Especialista<\/td>\n<td style=\"width: 8.53343%\" width=\"9%\">&nbsp;<\/td>\n<td style=\"width: 41.5383%\" width=\"45%\">Emilia Salas Mart\u00ednez<\/td>\n<td style=\"width: 27.9198%\" width=\"25%\">Ingl\u00e9s<\/td>\n<\/tr>\n<tr>\n<td style=\"width: 14.4899%\" width=\"19%\">Especialista<\/td>\n<td style=\"width: 8.53343%\" width=\"9%\">&nbsp;<\/td>\n<td style=\"width: 41.5383%\" width=\"45%\">Enrique Moreno Jover<\/td>\n<td style=\"width: 27.9198%\" width=\"25%\">Religi\u00f3n Cat\u00f3lica<\/td>\n<\/tr>\n<tr>\n<td style=\"width: 14.4899%\" width=\"19%\">Especialista<\/td>\n<td style=\"width: 8.53343%\" width=\"9%\">&nbsp;<\/td>\n<td style=\"width: 41.5383%\" width=\"45%\">Cristina Carrillo Mart\u00ednez<\/td>\n<td style=\"width: 27.9198%\" width=\"25%\">Religi\u00f3n Cat\u00f3lica<\/td>\n<\/tr>\n<tr>\n<td style=\"width: 14.4899%\" width=\"19%\">Aula T.E.A.<\/td>\n<td style=\"width: 8.53343%\" width=\"9%\">&nbsp;<\/td>\n<td style=\"width: 41.5383%\" width=\"45%\">Arancha Hidalgo Curado<\/td>\n<td style=\"width: 27.9198%\" width=\"25%\">Ped. Terap\u00e9utica<\/td>\n<\/tr>\n<tr>\n<td style=\"width: 14.4899%\" width=\"19%\">Aula Espec\u00edfica<\/td>\n<td style=\"width: 8.53343%\" width=\"9%\">&nbsp;<\/td>\n<td style=\"width: 41.5383%\" width=\"45%\">Elena Ramos Villarrazo<\/td>\n<td style=\"width: 27.9198%\" width=\"25%\">Ped. Terap\u00e9utica<\/td>\n<\/tr>\n<tr>\n<td style=\"width: 14.4899%\" width=\"19%\">Ap. Integraci\u00f3n<\/td>\n<td style=\"width: 8.53343%\" width=\"9%\">&nbsp;<\/td>\n<td style=\"width: 41.5383%\" width=\"45%\">Mar\u00eda \u00c1ngeles Bonal Blanco<\/td>\n<td style=\"width: 27.9198%\" width=\"25%\">Ped. Terap\u00e9utica<\/td>\n<\/tr>\n<tr>\n<td style=\"width: 14.4899%\" width=\"19%\">Ap. Integraci\u00f3n<\/td>\n<td style=\"width: 8.53343%\" width=\"9%\">&nbsp;<\/td>\n<td style=\"width: 41.5383%\" width=\"45%\">Bel\u00e9n P\u00e9rez Mira<\/td>\n<td style=\"width: 27.9198%\" width=\"25%\">Ped. Terap\u00e9utica<\/td>\n<\/tr>\n<tr>\n<td style=\"width: 14.4899%\" width=\"19%\">Logopedia<\/td>\n<td style=\"width: 8.53343%\" width=\"9%\">&nbsp;<\/td>\n<td style=\"width: 41.5383%\" width=\"45%\">Diana Barrera Artiles<\/td>\n<td style=\"width: 27.9198%\" width=\"25%\">Audici\u00f3n y Lenguaje<\/td>\n<\/tr>\n<tr>\n<td style=\"width: 14.4899%\" width=\"19%\">Direcci\u00f3n<\/td>\n<td style=\"width: 8.53343%\" width=\"9%\">&nbsp;<\/td>\n<td style=\"width: 41.5383%\" width=\"45%\">Miguel \u00c1ngel Meg\u00eda Soriano<\/td>\n<td style=\"width: 27.9198%\" width=\"25%\">Primaria\/Biling\u00fce<\/td>\n<\/tr>\n<tr>\n<td style=\"width: 14.4899%\" width=\"19%\">Jefatura<\/td>\n<td style=\"width: 8.53343%\" width=\"9%\">&nbsp;<\/td>\n<td style=\"width: 41.5383%\" width=\"45%\">Mar\u00eda Cruz Garc\u00eda<\/td>\n<td style=\"width: 27.9198%\" width=\"25%\">Primaria<\/td>\n<\/tr>\n<tr>\n<td style=\"width: 14.4899%\" width=\"19%\">Secretar\u00eda<\/td>\n<td style=\"width: 8.53343%\" width=\"9%\">&nbsp;<\/td>\n<td style=\"width: 41.5383%\" width=\"45%\">Mar\u00eda del Carmen Sevilla Rodr\u00edguez<\/td>\n<td style=\"width: 27.9198%\" width=\"25%\">Primaria\/Biling\u00fce<\/td>\n<\/tr>\n<\/tbody>\n<\/table>\n<p>&nbsp;<\/p>\n<div id=\"contenido_sitio\" class=\"tiny_personalizado\">\n<p>&nbsp;<\/p>\n<\/div>\n<div>&nbsp;<\/div>\n","protected":false},"excerpt":{"rendered":"<p>&nbsp; PROFESORADO CURSO 2024-2025 Curso Grupo Nombre Puesto Tres a\u00f1os A Inmaculada Guti\u00e9rrez Rivera Ed. Infantil\/Biling\u00fce Tres a\u00f1os B Isabel M\u00aa Salmer\u00f3n Artero Ed. Infantil Tres a\u00f1os C Francisca Mouliaa Mu\u00f1oz Ed. Infantil Cuatro&#46;&#46;&#46;<\/p>\n","protected":false},"author":5011,"featured_media":0,"parent":0,"menu_order":0,"comment_status":"closed","ping_status":"closed","template":"","meta":{"ngg_post_thumbnail":0,"footnotes":"","_mc_calendar":[]},"aioseo_notices":[],"_links":{"self":[{"href":"https:\/\/blogsaverroes.juntadeandalucia.es\/ceipnuevaalmeria\/wp-json\/wp\/v2\/pages\/2105"}],"collection":[{"href":"https:\/\/blogsaverroes.juntadeandalucia.es\/ceipnuevaalmeria\/wp-json\/wp\/v2\/pages"}],"about":[{"href":"https:\/\/blogsaverroes.juntadeandalucia.es\/ceipnuevaalmeria\/wp-json\/wp\/v2\/types\/page"}],"author":[{"embeddable":true,"href":"https:\/\/blogsaverroes.juntadeandalucia.es\/ceipnuevaalmeria\/wp-json\/wp\/v2\/users\/5011"}],"replies":[{"embeddable":true,"href":"https:\/\/blogsaverroes.juntadeandalucia.es\/ceipnuevaalmeria\/wp-json\/wp\/v2\/comments?post=2105"}],"version-history":[{"count":34,"href":"https:\/\/blogsaverroes.juntadeandalucia.es\/ceipnuevaalmeria\/wp-json\/wp\/v2\/pages\/2105\/revisions"}],"predecessor-version":[{"id":72658,"href":"https:\/\/blogsaverroes.juntadeandalucia.es\/ceipnuevaalmeria\/wp-json\/wp\/v2\/pages\/2105\/revisions\/72658"}],"wp:attachment":[{"href":"https:\/\/blogsaverroes.juntadeandalucia.es\/ceipnuevaalmeria\/wp-json\/wp\/v2\/media?parent=2105"}],"curies":[{"name":"wp","href":"https:\/\/api.w.org\/{rel}","templated":true}]}}