{"id":2462,"date":"2017-05-17T17:39:37","date_gmt":"2017-05-17T17:39:37","guid":{"rendered":"http:\/\/blogsaverroes.juntadeandalucia.es\/ceipnuevaalmeria\/?page_id=2462"},"modified":"2023-01-30T18:21:29","modified_gmt":"2023-01-30T18:21:29","slug":"plan-de-convivencia","status":"publish","type":"page","link":"https:\/\/blogsaverroes.juntadeandalucia.es\/ceipnuevaalmeria\/plan-de-convivencia\/","title":{"rendered":"Plan de Convivencia"},"content":{"rendered":"<table class=\"mceItemTable\" border=\"0\" width=\"100%\">\n<tbody>\n<tr>\n<td class=\"mceSelected\" style=\"width: 471%\" colspan=\"3\">\n<h2><img decoding=\"async\" class=\"aligncenter\" src=\"http:\/\/www.juntadeandalucia.es\/averroes\/centros-tic\/04006100\/helvia\/sitio\/upload\/img\/Convivencia_escolar.JPG\" border=\"0\"><\/h2>\n<\/td>\n<\/tr>\n<tr>\n<td class=\"mceSelected\" style=\"width: 471%\" colspan=\"3\">&nbsp; \u27a1&nbsp;<strong><span style=\"color: #333399\">Coordinador\/a: D\u00f1a. M. Paz Ortega Jurado<\/span><\/strong><\/td>\n<\/tr>\n<tr>\n<td class=\"mceSelected\" style=\"width: 441.085%\" colspan=\"2\">\n<ul>\n<li>Realizar un buen diagn\u00f3stico de las caracter\u00edsticas del centro y de su entorno, as\u00ed como de la situaci\u00f3n real de la convivencia en el mismo, va a permitirnos adoptar l\u00edneas de intervenci\u00f3n adecuadas para mejorar la convivencia.<\/li>\n<li>El diagn\u00f3stico del centro, realizado con la colaboraci\u00f3n de la totalidad de la comunidad educativa, debe servirnos para detectar los puntos fuertes y los puntos d\u00e9biles de la situaci\u00f3n en la que nos encontramos.<\/li>\n<li>El paso siguiente ser\u00e1 dise\u00f1ar l\u00edneas de actuaci\u00f3n, designar a las personas responsables de impulsar esas medidas y establecer las estrategias para evaluar su cumplimiento.<\/li>\n<\/ul>\n<\/td>\n<td class=\"mceSelected\" style=\"width: 29.9148%\">\n<div><img decoding=\"async\" src=\"http:\/\/www.juntadeandalucia.es\/averroes\/centros-tic\/04006100\/helvia\/sitio\/upload\/img\/convivencia1.png\" width=\"200\" border=\"0\"><\/div>\n<\/td>\n<\/tr>\n<tr>\n<td class=\"mceSelected\" style=\"width: 471%\" colspan=\"3\">\n<h3>Comisi\u00f3n de Convivencia<\/h3>\n<\/td>\n<\/tr>\n<tr>\n<td class=\"mceSelected\" style=\"width: 30%\">\n<div><img decoding=\"async\" src=\"http:\/\/www.juntadeandalucia.es\/averroes\/centros-tic\/04006100\/helvia\/sitio\/upload\/img\/convivencia2.jpg\" border=\"0\"><\/div>\n<\/td>\n<td class=\"mceSelected\" style=\"width: 441%\" colspan=\"2\">\n<ul>\n<li>La comisi\u00f3n de convivencia es un \u00f3rgano de&nbsp;mediaci\u00f3n y tratamiento de conflictos que se ocupa de la planificaci\u00f3n, gesti\u00f3n y seguimiento de la convivencia en el centro.<\/li>\n<li>Representa el n\u00facleo b\u00e1sico de representaci\u00f3n de todos los sectores de la comunidad educativa en temas de convivencia.<\/li>\n<li>La comisi\u00f3n de convivencia desempe\u00f1a un papel activo en el impulso y desarrollo de medidas promotoras, preventivas, paliativas y restauradoras de una convivencia positiva en el centro.<\/li>\n<\/ul>\n<\/td>\n<\/tr>\n<tr>\n<td class=\"mceSelected\" style=\"width: 471%\" colspan=\"3\">\n<h3>Delegados de Padres y Madres<\/h3>\n<\/td>\n<\/tr>\n<tr>\n<td class=\"mceSelected\" style=\"width: 441.085%\" colspan=\"2\">\n<ul>\n<li>La persona delegada de padres y madres es aquella elegida de entre las familias de un grupo-aula con la finalidad de fomentar la implicaci\u00f3n de las familias, haci\u00e9ndolas corresponsables del proceso educativo. Su responsabilidad es representar a las familias velando por los intereses de sus hijas e hijos de manera colectiva, e implicarlas en la mejora de la convivencia escolar y de los rendimientos educativos.<\/li>\n<li>Esta figura responde a la necesidad de afrontar la educaci\u00f3n como una responsabilidad compartida que requiere del esfuerzo de todas las personas implicadas en ella.<\/li>\n<li>La comunicaci\u00f3n entre familia y escuela favorece la construcci\u00f3n de una escuela inclusiva, en la que la colaboraci\u00f3n de todos los sectores de la comunidad educativa sea la base sobre la que se construya una convivencia positiva.<\/li>\n<\/ul>\n<\/td>\n<td class=\"mceSelected\" style=\"width: 29.9148%\">\n<div><img decoding=\"async\" src=\"http:\/\/www.juntadeandalucia.es\/averroes\/centros-tic\/04006100\/helvia\/sitio\/upload\/img\/convivencia3.jpg\" width=\"200\" border=\"0\"><\/div>\n<\/td>\n<\/tr>\n<\/tbody>\n<\/table>\n","protected":false},"excerpt":{"rendered":"<p>&nbsp; \u27a1&nbsp;Coordinador\/a: D\u00f1a. M. Paz Ortega Jurado Realizar un buen diagn\u00f3stico de las caracter\u00edsticas del centro y de su entorno, as\u00ed como de la situaci\u00f3n real de la convivencia en el mismo, va a&#46;&#46;&#46;<\/p>\n","protected":false},"author":5011,"featured_media":0,"parent":0,"menu_order":0,"comment_status":"closed","ping_status":"closed","template":"","meta":{"ngg_post_thumbnail":0,"footnotes":"","_mc_calendar":[]},"aioseo_notices":[],"_links":{"self":[{"href":"https:\/\/blogsaverroes.juntadeandalucia.es\/ceipnuevaalmeria\/wp-json\/wp\/v2\/pages\/2462"}],"collection":[{"href":"https:\/\/blogsaverroes.juntadeandalucia.es\/ceipnuevaalmeria\/wp-json\/wp\/v2\/pages"}],"about":[{"href":"https:\/\/blogsaverroes.juntadeandalucia.es\/ceipnuevaalmeria\/wp-json\/wp\/v2\/types\/page"}],"author":[{"embeddable":true,"href":"https:\/\/blogsaverroes.juntadeandalucia.es\/ceipnuevaalmeria\/wp-json\/wp\/v2\/users\/5011"}],"replies":[{"embeddable":true,"href":"https:\/\/blogsaverroes.juntadeandalucia.es\/ceipnuevaalmeria\/wp-json\/wp\/v2\/comments?post=2462"}],"version-history":[{"count":5,"href":"https:\/\/blogsaverroes.juntadeandalucia.es\/ceipnuevaalmeria\/wp-json\/wp\/v2\/pages\/2462\/revisions"}],"predecessor-version":[{"id":72134,"href":"https:\/\/blogsaverroes.juntadeandalucia.es\/ceipnuevaalmeria\/wp-json\/wp\/v2\/pages\/2462\/revisions\/72134"}],"wp:attachment":[{"href":"https:\/\/blogsaverroes.juntadeandalucia.es\/ceipnuevaalmeria\/wp-json\/wp\/v2\/media?parent=2462"}],"curies":[{"name":"wp","href":"https:\/\/api.w.org\/{rel}","templated":true}]}}