{"id":2470,"date":"2017-05-17T17:41:50","date_gmt":"2017-05-17T17:41:50","guid":{"rendered":"http:\/\/blogsaverroes.juntadeandalucia.es\/ceipnuevaalmeria\/?page_id=2470"},"modified":"2022-02-26T22:46:34","modified_gmt":"2022-02-26T22:46:34","slug":"programa-de-bilinguismo","status":"publish","type":"page","link":"https:\/\/blogsaverroes.juntadeandalucia.es\/ceipnuevaalmeria\/programa-de-bilinguismo\/","title":{"rendered":"Programa de Biling\u00fcismo"},"content":{"rendered":"<p><img decoding=\"async\" class=\"aligncenter\" src=\"http:\/\/www.juntadeandalucia.es\/averroes\/centros-tic\/04006100\/helvia\/sitio\/upload\/img\/plan_plurilinguismo1.gif\"><\/p>\n<p><strong><span style=\"color: #3366ff\">PLAN DE BILING\u00dcISMO<\/span><\/strong><\/p>\n<p><strong>Coordinador: D. Javier Rueda Mart\u00ednez<\/strong><\/p>\n<p style=\"text-align: left\">La ense\u00f1anza biling\u00fce que se ofrece en nuestro centro educativo es una inmersi\u00f3n ling\u00fc\u00edstica parcial (parte del curr\u00edculo) y temprana (comienza en Educaci\u00f3n Infantil). Se fomenta la diversidad ling\u00fc\u00edstica a trav\u00e9s del m\u00e9todo natural de \u201cba\u00f1o de lengua\u201d basado en la comunicaci\u00f3n, la interacci\u00f3n y la priorizaci\u00f3n del c\u00f3digo oral (tanto en la primera como en la segunda lengua). La presencia simult\u00e1nea de dos o m\u00e1s lenguas en la construcci\u00f3n del conocimiento no conlleva la repetici\u00f3n en una lengua de lo que se ha dicho en la otra, sino la articulaci\u00f3n del mismo concepto de m\u00faltiples maneras diferentes.<\/p>\n<p style=\"text-align: left\">Una de las principales consecuencias de este enfoque es la integraci\u00f3n curricular al hacerse m\u00e1s flexible la divisi\u00f3n entre distintas \u00e1reas de estudio y aunarse objetivos, contenidos, materiales, m\u00e9todos de ense\u00f1anza e instrumentos de evaluaci\u00f3n. Esto lleva necesariamente a una formaci\u00f3n de estudiantes m\u00e1s interdisciplinar, din\u00e1mica y transversal.<\/p>\n<p><strong><span style=\"color: #3366ff\">PROYECTO LING\u00dc\u00cdSTICO DE CENTRO<\/span><\/strong><\/p>\n<p><img decoding=\"async\" class=\"aligncenter\" src=\"http:\/\/www.juntadeandalucia.es\/averroes\/centros-tic\/04006100\/helvia\/sitio\/upload\/img\/proyectolinguisticodecentro00.jpg\"><\/p>\n<p>El Proyecto Ling\u00fc\u00edstico de Centro tiene un objetivo fundamental: contribuir eficazmente al desarrollo de una alta competencia en comunicaci\u00f3n ling\u00fc\u00edstica de los estudiantes. Para ello hay cuatro \u00e1mbitos de actuaci\u00f3n posibles que suponen la implicaci\u00f3n de todos los miembros del claustro en la mejora de la competencia ling\u00fc\u00edstica del alumnado:<\/p>\n<p>1) Actuaciones a partir de los resultados de las pruebas de evaluaci\u00f3n de diagn\u00f3stico. Las pruebas de diagn\u00f3stico se centran en una serie de indicadores fundamentales de la competencia que pueden servir de gu\u00eda al profesorado para dise\u00f1ar actuaciones que permitan mejorar esos resultados concretos. Evidentemente, esta l\u00ednea de trabajo se beneficiar\u00e1 de unas pruebas de diagn\u00f3stico de calidad y una interpretaci\u00f3n de los resultados que d\u00e9 pistas acerca de las posibles actuaciones, al tiempo que permita la autonom\u00eda de los centros para establecer sus propias medidas.<\/p>\n<p>2) Actuaciones de atenci\u00f3n a la diversidad. Uno de los logros fundamentales de la es &#8211; cuela andaluza es el alto nivel de equidad que la distingue. Este principio fundamental de nuestro sistema educativo tambi\u00e9n debe aplicarse a la educaci\u00f3n ling\u00fc\u00edstica en dos sentidos fundamentales: atenci\u00f3n a la diversidad de capacidades y atenci\u00f3n a la diversidad ling\u00fc\u00edstica y cultural. Ambos sentidos hablan de la construcci\u00f3n de una escuela inclusiva a trav\u00e9s de actuaciones de educaci\u00f3n ling\u00fc\u00edstica con ni\u00f1os y ni\u00f1as con discapacidad (por ejemplo, ni\u00f1os y ni\u00f1as sordos y su utilizaci\u00f3n del lenguaje de signos en la escuela, adem\u00e1s del trabajo en comprensi\u00f3n lectora y los problemas que esta supone para estos ni\u00f1os) y ni\u00f1os y ni\u00f1as de origen extranjero que no hablen la lengua de la escuela.<\/p>\n<p>3) Actuaciones de curr\u00edculo integrado. Si las lenguas se aprenden participando en situa &#8211; ciones integrales de comunicaci\u00f3n (hablar, escuchar, conversar, leer y escribir), es l\u00f3gico que el profesorado andaluz de las \u00e1reas ling\u00fc\u00edsticas se organice para ofrecer al alumnado una propuesta integral de aprendizaje de lenguas, como se describe en la publicaci\u00f3n de la Consejer\u00eda de Educaci\u00f3n El Curr\u00edculo Integrado de las Lenguas forma parte del Proyecto Ling\u00fc\u00edstico de Centro; si el primero busca la coordinaci\u00f3n entre todo el profesorado de las \u00e1reas ling\u00fc\u00edsticas, el PLC busca la coordinaci\u00f3n entre todo el claustro, pero ambos tienen el mismo objetivo: la competencia comunicativa del alumnado.<\/p>\n<p>4) Actuaciones de integraci\u00f3n de lenguas y contenidos curriculares. Aqu\u00ed el reto es conseguir que todo el profesorado se sienta vinculado a este movimiento de innovaci\u00f3n educativa en dos sentidos: la ense\u00f1anza biling\u00fce propiamente dicha y la ense\u00f1anza integrada de la lengua castellana y los contenidos curriculares. Precisamente esta \u00faltima idea es, en realidad, la primera medida de los dos primeros bloques de actuaci\u00f3n: si el profesorado de las \u00e1reas no-ling\u00fc\u00edsticas debe entender que ense\u00f1a lengua castellana al tiempo que ense\u00f1a Matem\u00e1ticas, Conocimiento del Medio o Educaci\u00f3n F\u00edsica. De este modo se va a contribuir a la mejora de los resultados en las pruebas de evaluaci\u00f3n externa y estar\u00edamos apoyando al alumnado con discapacidades o de origen extranjero<\/p>\n<p>&nbsp;<\/p>\n<p><strong><span style=\"color: #3366ff\">CURR\u00cdCULO INTEGRADO DE LAS LENGUAS<\/span><\/strong><\/p>\n<p><img decoding=\"async\" class=\"aligncenter\" src=\"http:\/\/www.juntadeandalucia.es\/averroes\/centros-tic\/04006100\/helvia\/sitio\/upload\/img\/cil.jpg\"><\/p>\n<p style=\"text-align: left\">Los or\u00edgenes del concepto de \u201cCurr\u00edculo Integrado de las Lenguas\u201d (CIL) se remontan a la publicaci\u00f3n del Marco Com\u00fan Europeo de Referencia (MCER) en 2001 por el Consejo de Europa y en 2002, en espa\u00f1ol por el Ministerio de Educaci\u00f3n, Cultura y Deporte. Sus dictados metodol\u00f3gicos se extienden a todos los centros educativos de los pa\u00edses miembros de la CCE y son recogidos por la normativa de \u00e1mbito estatal y auton\u00f3mico publicada con posterioridad al Marco y que se ajusta fielmente a lo que este documento preconiza en lo referente a la ense\u00f1anza-aprendizaje de lenguas: \u201cEl objetivo de la Consejer\u00eda de Educaci\u00f3n, a trav\u00e9s de la Direcci\u00f3n General de Or &#8211; denaci\u00f3n y Evaluaci\u00f3n Educativa con la implantaci\u00f3n del CIL ha sido propiciar m\u00e9todos de ense\u00f1anza de lenguas modernas que fortalezcan la independencia de pensamiento, de juicio y de acci\u00f3n, combinados con las destrezas sociales y la responsabilidad social&#8230;\u201d (MCER 1.2.3). Los curr\u00edculos redactados en 2007 tienen como objetivo general fomentar el pluriling\u00fcis &#8211; mo y la diversidad ling\u00fc\u00edstica. En nuestro marco normativo se insiste en que el aprendizaje de una lengua extranjera ha de contribuir al desarrollo de actitudes positivas y receptivas hacia otras lenguas y culturas, y, al mismo tiempo, ayudar a comprender y valorar la lengua o lenguas propias.<\/p>\n<p style=\"text-align: left\">&nbsp;<\/p>\n<p style=\"text-align: left\"><span style=\"color: #3366ff\"><strong>MARCO COM\u00daN EUROPEO<\/strong><\/span><\/p>\n<p style=\"text-align: left\"><img decoding=\"async\" class=\"aligncenter\" src=\"http:\/\/www.juntadeandalucia.es\/averroes\/centros-tic\/04006100\/helvia\/sitio\/upload\/img\/marcopng.png\"><\/p>\n<p style=\"text-align: left\">El Marco com\u00fan europeo de referencia para las lenguas (MCER): aprendizaje, ense\u00f1anza, evaluaci\u00f3n es el resultado de m\u00e1s de diez a\u00f1os de investigaci\u00f3n llevada a cabo por especialistas del \u00e1mbito de la ling\u00fc\u00edstica aplicada y de la pedagog\u00eda, procedentes de los cuarenta y un estados miembros del Consejo de Europa. El Marco de referencia europeo proporciona una base com\u00fan para la elaboraci\u00f3n de pro &#8211; gramas de lenguas, orientaciones curriculares, ex\u00e1menes y manuales, en toda Europa. Describe de forma integradora lo que tienen que aprender a hacer los estudiantes de lenguas con el fin de utilizar una lengua para comunicarse, as\u00ed como los conocimientos y destrezas que tienen que desarrollar para poder actuar de manera eficaz. La descripci\u00f3n tambi\u00e9n comprende el contexto cultural donde se sit\u00faa la lengua. El Marco de referencia define, asimismo, niveles de dominio de la lengua que permiten comprobar el progreso de los alumnos en cada fase del aprendizaje y a lo largo de su vida. Se pretende que el Marco de referencia venza las barreras producidas por los distintos sistemas educativos europeos que limitan la comunicaci\u00f3n entre los profesionales que trabajan en el campo de las lenguas modernas. El Marco proporciona a los administradores educativos, a los dise\u00f1adores de cursos, a los profesores, a los formadores de profesores y a las entidades examinadoras los medios adecuados para que reflexionen sobre su propia pr\u00e1ctica, con el fin de ubicar y coordinar sus esfuerzos y asegurar que estos satisfagan las necesidades de sus alumnos.<\/p>\n<p style=\"text-align: left\"><span style=\"color: #3366ff\"><strong>AUXILIARES DE CONVERSACI\u00d3N<\/strong><\/span><\/p>\n<p style=\"text-align: left\">Contar con auxiliares de conversaci\u00f3n supone un gran enriquecimiento ling\u00fc\u00edstico e intercultural en los centros. Los auxiliares de conversaci\u00f3n crean un clima de inmersi\u00f3n ling\u00fc\u00edstica total.<\/p>\n","protected":false},"excerpt":{"rendered":"<p>PLAN DE BILING\u00dcISMO Coordinador: D. Javier Rueda Mart\u00ednez La ense\u00f1anza biling\u00fce que se ofrece en nuestro centro educativo es una inmersi\u00f3n ling\u00fc\u00edstica parcial (parte del curr\u00edculo) y temprana (comienza en Educaci\u00f3n Infantil). Se fomenta&#46;&#46;&#46;<\/p>\n","protected":false},"author":5011,"featured_media":0,"parent":0,"menu_order":0,"comment_status":"closed","ping_status":"closed","template":"","meta":{"ngg_post_thumbnail":0,"footnotes":"","_mc_calendar":[]},"aioseo_notices":[],"_links":{"self":[{"href":"https:\/\/blogsaverroes.juntadeandalucia.es\/ceipnuevaalmeria\/wp-json\/wp\/v2\/pages\/2470"}],"collection":[{"href":"https:\/\/blogsaverroes.juntadeandalucia.es\/ceipnuevaalmeria\/wp-json\/wp\/v2\/pages"}],"about":[{"href":"https:\/\/blogsaverroes.juntadeandalucia.es\/ceipnuevaalmeria\/wp-json\/wp\/v2\/types\/page"}],"author":[{"embeddable":true,"href":"https:\/\/blogsaverroes.juntadeandalucia.es\/ceipnuevaalmeria\/wp-json\/wp\/v2\/users\/5011"}],"replies":[{"embeddable":true,"href":"https:\/\/blogsaverroes.juntadeandalucia.es\/ceipnuevaalmeria\/wp-json\/wp\/v2\/comments?post=2470"}],"version-history":[{"count":6,"href":"https:\/\/blogsaverroes.juntadeandalucia.es\/ceipnuevaalmeria\/wp-json\/wp\/v2\/pages\/2470\/revisions"}],"predecessor-version":[{"id":66589,"href":"https:\/\/blogsaverroes.juntadeandalucia.es\/ceipnuevaalmeria\/wp-json\/wp\/v2\/pages\/2470\/revisions\/66589"}],"wp:attachment":[{"href":"https:\/\/blogsaverroes.juntadeandalucia.es\/ceipnuevaalmeria\/wp-json\/wp\/v2\/media?parent=2470"}],"curies":[{"name":"wp","href":"https:\/\/api.w.org\/{rel}","templated":true}]}}

Programa de Bilingüismo

<p><img decoding="async" class="aligncenter" src="http://www.juntadeandalucia.es/averroes/centros-tic/04006100/helvia/sitio/upload/img/plan_plurilinguismo1.gif"></p>
<p><strong><span style="color: #3366ff">PLAN DE BILINGÜISMO</span></strong></p>
<p><strong>Coordinador: D. Javier Rueda Martínez</strong></p>
<p style="text-align: left">La enseñanza bilingüe que se ofrece en nuestro centro educativo es una inmersión lingüística parcial (parte del currículo) y temprana (comienza en Educación Infantil). Se fomenta la diversidad lingüística a través del método natural de “baño de lengua” basado en la comunicación, la interacción y la priorización del código oral (tanto en la primera como en la segunda lengua). La presencia simultánea de dos o más lenguas en la construcción del conocimiento no conlleva la repetición en una lengua de lo que se ha dicho en la otra, sino la articulación del mismo concepto de múltiples maneras diferentes.</p>
<p style="text-align: left">Una de las principales consecuencias de este enfoque es la integración curricular al hacerse más flexible la división entre distintas áreas de estudio y aunarse objetivos, contenidos, materiales, métodos de enseñanza e instrumentos de evaluación. Esto lleva necesariamente a una formación de estudiantes más interdisciplinar, dinámica y transversal.</p>
<p><strong><span style="color: #3366ff">PROYECTO LINGÜÍSTICO DE CENTRO</span></strong></p>
<p><img decoding="async" class="aligncenter" src="http://www.juntadeandalucia.es/averroes/centros-tic/04006100/helvia/sitio/upload/img/proyectolinguisticodecentro00.jpg"></p>
<p>El Proyecto Lingüístico de Centro tiene un objetivo fundamental: contribuir eficazmente al desarrollo de una alta competencia en comunicación lingüística de los estudiantes. Para ello hay cuatro ámbitos de actuación posibles que suponen la implicación de todos los miembros del claustro en la mejora de la competencia lingüística del alumnado:</p>
<p>1) Actuaciones a partir de los resultados de las pruebas de evaluación de diagnóstico. Las pruebas de diagnóstico se centran en una serie de indicadores fundamentales de la competencia que pueden servir de guía al profesorado para diseñar actuaciones que permitan mejorar esos resultados concretos. Evidentemente, esta línea de trabajo se beneficiará de unas pruebas de diagnóstico de calidad y una interpretación de los resultados que dé pistas acerca de las posibles actuaciones, al tiempo que permita la autonomía de los centros para establecer sus propias medidas.</p>
<p>2) Actuaciones de atención a la diversidad. Uno de los logros fundamentales de la es &#8211; cuela andaluza es el alto nivel de equidad que la distingue. Este principio fundamental de nuestro sistema educativo también debe aplicarse a la educación lingüística en dos sentidos fundamentales: atención a la diversidad de capacidades y atención a la diversidad lingüística y cultural. Ambos sentidos hablan de la construcción de una escuela inclusiva a través de actuaciones de educación lingüística con niños y niñas con discapacidad (por ejemplo, niños y niñas sordos y su utilización del lenguaje de signos en la escuela, además del trabajo en comprensión lectora y los problemas que esta supone para estos niños) y niños y niñas de origen extranjero que no hablen la lengua de la escuela.</p>
<p>3) Actuaciones de currículo integrado. Si las lenguas se aprenden participando en situa &#8211; ciones integrales de comunicación (hablar, escuchar, conversar, leer y escribir), es lógico que el profesorado andaluz de las áreas lingüísticas se organice para ofrecer al alumnado una propuesta integral de aprendizaje de lenguas, como se describe en la publicación de la Consejería de Educación El Currículo Integrado de las Lenguas forma parte del Proyecto Lingüístico de Centro; si el primero busca la coordinación entre todo el profesorado de las áreas lingüísticas, el PLC busca la coordinación entre todo el claustro, pero ambos tienen el mismo objetivo: la competencia comunicativa del alumnado.</p>
<p>4) Actuaciones de integración de lenguas y contenidos curriculares. Aquí el reto es conseguir que todo el profesorado se sienta vinculado a este movimiento de innovación educativa en dos sentidos: la enseñanza bilingüe propiamente dicha y la enseñanza integrada de la lengua castellana y los contenidos curriculares. Precisamente esta última idea es, en realidad, la primera medida de los dos primeros bloques de actuación: si el profesorado de las áreas no-lingüísticas debe entender que enseña lengua castellana al tiempo que enseña Matemáticas, Conocimiento del Medio o Educación Física. De este modo se va a contribuir a la mejora de los resultados en las pruebas de evaluación externa y estaríamos apoyando al alumnado con discapacidades o de origen extranjero</p>
<p>&nbsp;</p>
<p><strong><span style="color: #3366ff">CURRÍCULO INTEGRADO DE LAS LENGUAS</span></strong></p>
<p><img decoding="async" class="aligncenter" src="http://www.juntadeandalucia.es/averroes/centros-tic/04006100/helvia/sitio/upload/img/cil.jpg"></p>
<p style="text-align: left">Los orígenes del concepto de “Currículo Integrado de las Lenguas” (CIL) se remontan a la publicación del Marco Común Europeo de Referencia (MCER) en 2001 por el Consejo de Europa y en 2002, en español por el Ministerio de Educación, Cultura y Deporte. Sus dictados metodológicos se extienden a todos los centros educativos de los países miembros de la CCE y son recogidos por la normativa de ámbito estatal y autonómico publicada con posterioridad al Marco y que se ajusta fielmente a lo que este documento preconiza en lo referente a la enseñanza-aprendizaje de lenguas: “El objetivo de la Consejería de Educación, a través de la Dirección General de Or &#8211; denación y Evaluación Educativa con la implantación del CIL ha sido propiciar métodos de enseñanza de lenguas modernas que fortalezcan la independencia de pensamiento, de juicio y de acción, combinados con las destrezas sociales y la responsabilidad social&#8230;” (MCER 1.2.3). Los currículos redactados en 2007 tienen como objetivo general fomentar el plurilingüis &#8211; mo y la diversidad lingüística. En nuestro marco normativo se insiste en que el aprendizaje de una lengua extranjera ha de contribuir al desarrollo de actitudes positivas y receptivas hacia otras lenguas y culturas, y, al mismo tiempo, ayudar a comprender y valorar la lengua o lenguas propias.</p>
<p style="text-align: left">&nbsp;</p>
<p style="text-align: left"><span style="color: #3366ff"><strong>MARCO COMÚN EUROPEO</strong></span></p>
<p style="text-align: left"><img decoding="async" class="aligncenter" src="http://www.juntadeandalucia.es/averroes/centros-tic/04006100/helvia/sitio/upload/img/marcopng.png"></p>
<p style="text-align: left">El Marco común europeo de referencia para las lenguas (MCER): aprendizaje, enseñanza, evaluación es el resultado de más de diez años de investigación llevada a cabo por especialistas del ámbito de la lingüística aplicada y de la pedagogía, procedentes de los cuarenta y un estados miembros del Consejo de Europa. El Marco de referencia europeo proporciona una base común para la elaboración de pro &#8211; gramas de lenguas, orientaciones curriculares, exámenes y manuales, en toda Europa. Describe de forma integradora lo que tienen que aprender a hacer los estudiantes de lenguas con el fin de utilizar una lengua para comunicarse, así como los conocimientos y destrezas que tienen que desarrollar para poder actuar de manera eficaz. La descripción también comprende el contexto cultural donde se sitúa la lengua. El Marco de referencia define, asimismo, niveles de dominio de la lengua que permiten comprobar el progreso de los alumnos en cada fase del aprendizaje y a lo largo de su vida. Se pretende que el Marco de referencia venza las barreras producidas por los distintos sistemas educativos europeos que limitan la comunicación entre los profesionales que trabajan en el campo de las lenguas modernas. El Marco proporciona a los administradores educativos, a los diseñadores de cursos, a los profesores, a los formadores de profesores y a las entidades examinadoras los medios adecuados para que reflexionen sobre su propia práctica, con el fin de ubicar y coordinar sus esfuerzos y asegurar que estos satisfagan las necesidades de sus alumnos.</p>
<p style="text-align: left"><span style="color: #3366ff"><strong>AUXILIARES DE CONVERSACIÓN</strong></span></p>
<p style="text-align: left">Contar con auxiliares de conversación supone un gran enriquecimiento lingüístico e intercultural en los centros. Los auxiliares de conversación crean un clima de inmersión lingüística total.</p>

<p>PLAN DE BILINGÜISMO Coordinador: D. Javier Rueda Martínez La enseñanza bilingüe que se ofrece en nuestro centro educativo es una inmersión lingüística parcial (parte del currículo) y temprana (comienza en Educación Infantil). Se fomenta&#46;&#46;&#46;</p>
