{"id":35,"date":"2015-03-13T08:21:43","date_gmt":"2015-03-13T08:21:43","guid":{"rendered":"http:\/\/blogsaverroes.juntadeandalucia.es\/pre\/ceip\/?page_id=35"},"modified":"2023-04-26T08:56:28","modified_gmt":"2023-04-26T08:56:28","slug":"el-centro-2","status":"publish","type":"page","link":"https:\/\/blogsaverroes.juntadeandalucia.es\/ceipnuevaalmeria\/el-centro-2\/","title":{"rendered":"Datos del centro"},"content":{"rendered":"<p style=\"text-align: left\">&nbsp;<\/p>\n<table class=\" alignleft\" style=\"width: 561px;height: 273px\">\n<tbody>\n<tr>\n<td style=\"width: 135px\"><strong>Direcci\u00f3n:<\/strong><\/td>\n<td style=\"width: 383px\">&nbsp;Calle Fernando Fern\u00e1n G\u00f3mez 14. 04007 ALMER\u00cdA<\/td>\n<\/tr>\n<tr>\n<td style=\"width: 135px\"><strong>Tel\u00e9fono :<\/strong><\/td>\n<td style=\"width: 383px\">950156679<\/td>\n<\/tr>\n<tr>\n<td style=\"width: 135px\"><strong>Email:<\/strong><\/td>\n<td style=\"width: 383px\">04006100.edu@juntadeandalucia.es<\/td>\n<\/tr>\n<tr>\n<td style=\"width: 135px\"><strong>C\u00f3digo de centro:<\/strong><\/td>\n<td style=\"width: 383px\">04006100<\/td>\n<\/tr>\n<\/tbody>\n<\/table>\n<p>&nbsp;<\/p>\n<h4>&nbsp;<\/h4>\n","protected":false},"excerpt":{"rendered":"<p>&nbsp; Direcci\u00f3n: &nbsp;Calle Fernando Fern\u00e1n G\u00f3mez 14. 04007 ALMER\u00cdA Tel\u00e9fono : 950156679 Email: 04006100.edu@juntadeandalucia.es C\u00f3digo de centro: 04006100 &nbsp; &nbsp;<\/p>\n","protected":false},"author":1,"featured_media":0,"parent":0,"menu_order":0,"comment_status":"open","ping_status":"open","template":"","meta":{"ngg_post_thumbnail":0,"footnotes":"","_mc_calendar":[]},"aioseo_notices":[],"_links":{"self":[{"href":"https:\/\/blogsaverroes.juntadeandalucia.es\/ceipnuevaalmeria\/wp-json\/wp\/v2\/pages\/35"}],"collection":[{"href":"https:\/\/blogsaverroes.juntadeandalucia.es\/ceipnuevaalmeria\/wp-json\/wp\/v2\/pages"}],"about":[{"href":"https:\/\/blogsaverroes.juntadeandalucia.es\/ceipnuevaalmeria\/wp-json\/wp\/v2\/types\/page"}],"author":[{"embeddable":true,"href":"https:\/\/blogsaverroes.juntadeandalucia.es\/ceipnuevaalmeria\/wp-json\/wp\/v2\/users\/1"}],"replies":[{"embeddable":true,"href":"https:\/\/blogsaverroes.juntadeandalucia.es\/ceipnuevaalmeria\/wp-json\/wp\/v2\/comments?post=35"}],"version-history":[{"count":28,"href":"https:\/\/blogsaverroes.juntadeandalucia.es\/ceipnuevaalmeria\/wp-json\/wp\/v2\/pages\/35\/revisions"}],"predecessor-version":[{"id":72232,"href":"https:\/\/blogsaverroes.juntadeandalucia.es\/ceipnuevaalmeria\/wp-json\/wp\/v2\/pages\/35\/revisions\/72232"}],"wp:attachment":[{"href":"https:\/\/blogsaverroes.juntadeandalucia.es\/ceipnuevaalmeria\/wp-json\/wp\/v2\/media?parent=35"}],"curies":[{"name":"wp","href":"https:\/\/api.w.org\/{rel}","templated":true}]}}