{"id":49,"date":"2015-03-13T08:47:05","date_gmt":"2015-03-13T08:47:05","guid":{"rendered":"http:\/\/blogsaverroes.juntadeandalucia.es\/pre\/ceip\/?page_id=49"},"modified":"2024-11-16T20:44:44","modified_gmt":"2024-11-16T20:44:44","slug":"proyecto-educativo","status":"publish","type":"page","link":"https:\/\/blogsaverroes.juntadeandalucia.es\/ceipnuevaalmeria\/proyecto-educativo\/","title":{"rendered":"Plan de Centro"},"content":{"rendered":"<p>&nbsp;<\/p>\n<p style=\"text-align: justify\">Las se\u00f1as de identidad del CEIP Nueva Almer\u00eda se recogen en su <strong>Plan de Centro<\/strong>. En \u00e9l se plasma su organizaci\u00f3n, su modelo educativo, la concreci\u00f3n curricular y&nbsp; la regulaci\u00f3n de las relaciones y convivencia de la comunidad educativa.&nbsp;<\/p>\n<p style=\"text-align: justify\">Que la web de un centro informe de su Proyecto Educativo es una apuesta clara por la <strong>transparencia<\/strong>.<\/p>\n<p>ORGANIGRAMA<a href=\"https:\/\/blogsaverroes.juntadeandalucia.es\/ceipnuevaalmeria\/files\/2015\/03\/plan_de_centro_organigrama.jpg\"><img loading=\"lazy\" decoding=\"async\" class=\"size-full wp-image-2232 aligncenter\" src=\"https:\/\/blogsaverroes.juntadeandalucia.es\/ceipnuevaalmeria\/files\/2015\/03\/plan_de_centro_organigrama.jpg\" alt=\"\" width=\"500\" height=\"311\" srcset=\"https:\/\/blogsaverroes.juntadeandalucia.es\/ceipnuevaalmeria\/files\/2015\/03\/plan_de_centro_organigrama.jpg 500w, https:\/\/blogsaverroes.juntadeandalucia.es\/ceipnuevaalmeria\/files\/2015\/03\/plan_de_centro_organigrama-300x187.jpg 300w, https:\/\/blogsaverroes.juntadeandalucia.es\/ceipnuevaalmeria\/files\/2015\/03\/plan_de_centro_organigrama-24x15.jpg 24w, https:\/\/blogsaverroes.juntadeandalucia.es\/ceipnuevaalmeria\/files\/2015\/03\/plan_de_centro_organigrama-36x22.jpg 36w, https:\/\/blogsaverroes.juntadeandalucia.es\/ceipnuevaalmeria\/files\/2015\/03\/plan_de_centro_organigrama-48x30.jpg 48w\" sizes=\"(max-width: 500px) 100vw, 500px\" \/><\/a>&nbsp;<br \/>\nDOCUMENTOS<\/p>\n<table class=\" aligncenter\" style=\"height: 311px;width: 67.2636%\">\n<tbody>\n<tr style=\"height: 36px\">\n<td style=\"width: 2.0625px;height: 36px\">&nbsp;<\/td>\n<td style=\"width: 357.172px;text-align: left;height: 36px\"><a href=\"https:\/\/blogsaverroes.juntadeandalucia.es\/ceipnuevaalmeria\/files\/2024\/11\/CEIP-NUEVA-ALMERIA_Proyecto-Educativo.pdf\">Proyecto Educativo noviembre 2024<\/a><\/td>\n<\/tr>\n<tr>\n<td style=\"width: 2.0625px\">&nbsp;<\/td>\n<td style=\"width: 357.172px;text-align: left\"><a href=\"https:\/\/blogsaverroes.juntadeandalucia.es\/ceipnuevaalmeria\/files\/2024\/11\/Desplazamiento-silla-electrica.pdf\">Actualizaci\u00f3n noviembre 2024 Desplazamiento silla el\u00e9ctrica<\/a><\/td>\n<\/tr>\n<tr>\n<td style=\"width: 2.0625px\">&nbsp;<\/td>\n<td style=\"width: 357.172px;text-align: left\"><a href=\"https:\/\/blogsaverroes.juntadeandalucia.es\/ceipnuevaalmeria\/files\/2024\/11\/Funciones-de-la-coordinacion-de-bienestar-y-proteccion-de-la-infancia-y-la-adolescencia.pdf\">Actualizaci\u00f3n noviembre 2023 Funciones Coordinaci\u00f3n Bienestar Alumnado<\/a><\/td>\n<\/tr>\n<tr style=\"height: 133px\">\n<td style=\"width: 2.0625px;height: 133px\"><img loading=\"lazy\" decoding=\"async\" class=\"aligncenter wp-image-12632\" src=\"https:\/\/blogsaverroes.juntadeandalucia.es\/ceipnuevaalmeria\/files\/2015\/03\/PDF-download-icon-47146508-updated-731x1024.jpg\" alt=\"\" width=\"46\" height=\"64\" srcset=\"https:\/\/blogsaverroes.juntadeandalucia.es\/ceipnuevaalmeria\/files\/2015\/03\/PDF-download-icon-47146508-updated-731x1024.jpg 731w, https:\/\/blogsaverroes.juntadeandalucia.es\/ceipnuevaalmeria\/files\/2015\/03\/PDF-download-icon-47146508-updated-214x300.jpg 214w, https:\/\/blogsaverroes.juntadeandalucia.es\/ceipnuevaalmeria\/files\/2015\/03\/PDF-download-icon-47146508-updated-17x24.jpg 17w, https:\/\/blogsaverroes.juntadeandalucia.es\/ceipnuevaalmeria\/files\/2015\/03\/PDF-download-icon-47146508-updated-26x36.jpg 26w, https:\/\/blogsaverroes.juntadeandalucia.es\/ceipnuevaalmeria\/files\/2015\/03\/PDF-download-icon-47146508-updated-34x48.jpg 34w, https:\/\/blogsaverroes.juntadeandalucia.es\/ceipnuevaalmeria\/files\/2015\/03\/PDF-download-icon-47146508-updated.jpg 1141w\" sizes=\"(max-width: 46px) 100vw, 46px\" \/><\/td>\n<td style=\"width: 357.172px;text-align: left;height: 133px\"><a href=\"https:\/\/blogsaverroes.juntadeandalucia.es\/ceipnuevaalmeria\/files\/2022\/01\/CRITERIOS-DE-ASIGANACION-PEH-Y-PC-PORT\u00c1TILES.pdf\">Actualizaci\u00f3n noviembre 2021 (2) Asignaci\u00f3n PEH<\/a><\/p>\n<p><a href=\"https:\/\/blogsaverroes.juntadeandalucia.es\/ceipnuevaalmeria\/files\/2022\/01\/V22-Protocolo-COVID-NOVIEMBRE-2021.pdf\">Actualizaci\u00f3n noviembre 2021 (4) Protocolo covid19<\/a><\/p>\n<p><a href=\"https:\/\/blogsaverroes.juntadeandalucia.es\/ceipnuevaalmeria\/files\/2024\/11\/Gestion-de-los-servicios-complementarios.pdf\">Actualizaci\u00f3n noviembre 2021 (5) Gesti\u00f3n Servicios Complementarios<\/a><\/td>\n<\/tr>\n<tr style=\"height: 96px\">\n<td style=\"width: 2.0625px;height: 43px\">&nbsp;<\/td>\n<td style=\"width: 357.172px;height: 43px;text-align: left;vertical-align: top\" scope=\"row\"><a href=\"https:\/\/blogsaverroes.juntadeandalucia.es\/ceipnuevaalmeria\/files\/2020\/11\/PROTOCOLO-A-SEGUIR-EN-CASO-DE-CONFINAMIENTO.pdf\" target=\"_blank\" rel=\"noopener noreferrer\">Actualizaci\u00f3n octubre 2020 horario docencia telem\u00e1tica situaci\u00f3n excepcional<\/a><\/td>\n<\/tr>\n<tr style=\"height: 33px\">\n<td style=\"width: 2.0625px;height: 33px\"><img loading=\"lazy\" decoding=\"async\" class=\"alignnone size-full wp-image-12632\" src=\"https:\/\/blogsaverroes.juntadeandalucia.es\/ceipnuevaalmeria\/files\/2015\/03\/PDF-download-icon-47146508-updated.jpg\" alt=\"\" width=\"1461\" height=\"2048\" srcset=\"https:\/\/blogsaverroes.juntadeandalucia.es\/ceipnuevaalmeria\/files\/2015\/03\/PDF-download-icon-47146508-updated.jpg 1141w, https:\/\/blogsaverroes.juntadeandalucia.es\/ceipnuevaalmeria\/files\/2015\/03\/PDF-download-icon-47146508-updated-214x300.jpg 214w, https:\/\/blogsaverroes.juntadeandalucia.es\/ceipnuevaalmeria\/files\/2015\/03\/PDF-download-icon-47146508-updated-731x1024.jpg 731w, https:\/\/blogsaverroes.juntadeandalucia.es\/ceipnuevaalmeria\/files\/2015\/03\/PDF-download-icon-47146508-updated-17x24.jpg 17w, https:\/\/blogsaverroes.juntadeandalucia.es\/ceipnuevaalmeria\/files\/2015\/03\/PDF-download-icon-47146508-updated-26x36.jpg 26w, https:\/\/blogsaverroes.juntadeandalucia.es\/ceipnuevaalmeria\/files\/2015\/03\/PDF-download-icon-47146508-updated-34x48.jpg 34w\" sizes=\"(max-width: 1461px) 100vw, 1461px\" \/><\/td>\n<td style=\"width: 357.172px;height: 33px;text-align: left\"><a href=\"https:\/\/blogsaverroes.juntadeandalucia.es\/ceipnuevaalmeria\/files\/2020\/12\/Proyecto-de-Gestion-2020.pdf\" target=\"_blank\" rel=\"noopener noreferrer\">Proyecto de Gesti\u00f3n 2020<\/a><\/td>\n<\/tr>\n<tr style=\"height: 33px\">\n<td style=\"width: 2.0625px;height: 33px\"><img loading=\"lazy\" decoding=\"async\" class=\"alignnone size-full wp-image-12632\" src=\"https:\/\/blogsaverroes.juntadeandalucia.es\/ceipnuevaalmeria\/files\/2015\/03\/PDF-download-icon-47146508-updated.jpg\" alt=\"\" width=\"1461\" height=\"2048\" srcset=\"https:\/\/blogsaverroes.juntadeandalucia.es\/ceipnuevaalmeria\/files\/2015\/03\/PDF-download-icon-47146508-updated.jpg 1141w, https:\/\/blogsaverroes.juntadeandalucia.es\/ceipnuevaalmeria\/files\/2015\/03\/PDF-download-icon-47146508-updated-214x300.jpg 214w, https:\/\/blogsaverroes.juntadeandalucia.es\/ceipnuevaalmeria\/files\/2015\/03\/PDF-download-icon-47146508-updated-731x1024.jpg 731w, https:\/\/blogsaverroes.juntadeandalucia.es\/ceipnuevaalmeria\/files\/2015\/03\/PDF-download-icon-47146508-updated-17x24.jpg 17w, https:\/\/blogsaverroes.juntadeandalucia.es\/ceipnuevaalmeria\/files\/2015\/03\/PDF-download-icon-47146508-updated-26x36.jpg 26w, https:\/\/blogsaverroes.juntadeandalucia.es\/ceipnuevaalmeria\/files\/2015\/03\/PDF-download-icon-47146508-updated-34x48.jpg 34w\" sizes=\"(max-width: 1461px) 100vw, 1461px\" \/><\/td>\n<td style=\"width: 357.172px;height: 33px;text-align: left\"><a href=\"https:\/\/blogsaverroes.juntadeandalucia.es\/ceipnuevaalmeria\/files\/2020\/12\/ROF-2020.pdf\" target=\"_blank\" rel=\"noopener noreferrer\">Reglamento de Organizaci\u00f3n y Funcionamiento 2020<\/a><\/td>\n<\/tr>\n<\/tbody>\n<\/table>\n<p>&nbsp;<\/p>\n<p>&nbsp;<\/p>\n<p>&nbsp;<\/p>\n<p>&nbsp;<\/p>\n<p>&nbsp;<\/p>\n<p>&nbsp;<\/p>\n<p>&nbsp;<\/p>\n<p>&nbsp;<\/p>\n<p>&nbsp;<\/p>\n<p>&nbsp;<\/p>\n","protected":false},"excerpt":{"rendered":"<p>&nbsp; Las se\u00f1as de identidad del CEIP Nueva Almer\u00eda se recogen en su Plan de Centro. En \u00e9l se plasma su organizaci\u00f3n, su modelo educativo, la concreci\u00f3n curricular y&nbsp; la regulaci\u00f3n de las relaciones&#46;&#46;&#46;<\/p>\n","protected":false},"author":1,"featured_media":0,"parent":0,"menu_order":0,"comment_status":"open","ping_status":"open","template":"","meta":{"ngg_post_thumbnail":0,"footnotes":"","_mc_calendar":[]},"aioseo_notices":[],"_links":{"self":[{"href":"https:\/\/blogsaverroes.juntadeandalucia.es\/ceipnuevaalmeria\/wp-json\/wp\/v2\/pages\/49"}],"collection":[{"href":"https:\/\/blogsaverroes.juntadeandalucia.es\/ceipnuevaalmeria\/wp-json\/wp\/v2\/pages"}],"about":[{"href":"https:\/\/blogsaverroes.juntadeandalucia.es\/ceipnuevaalmeria\/wp-json\/wp\/v2\/types\/page"}],"author":[{"embeddable":true,"href":"https:\/\/blogsaverroes.juntadeandalucia.es\/ceipnuevaalmeria\/wp-json\/wp\/v2\/users\/1"}],"replies":[{"embeddable":true,"href":"https:\/\/blogsaverroes.juntadeandalucia.es\/ceipnuevaalmeria\/wp-json\/wp\/v2\/comments?post=49"}],"version-history":[{"count":41,"href":"https:\/\/blogsaverroes.juntadeandalucia.es\/ceipnuevaalmeria\/wp-json\/wp\/v2\/pages\/49\/revisions"}],"predecessor-version":[{"id":2233,"href":"https:\/\/blogsaverroes.juntadeandalucia.es\/ceipnuevaalmeria\/wp-json\/wp\/v2\/pages\/49\/revisions\/2233"}],"wp:attachment":[{"href":"https:\/\/blogsaverroes.juntadeandalucia.es\/ceipnuevaalmeria\/wp-json\/wp\/v2\/media?parent=49"}],"curies":[{"name":"wp","href":"https:\/\/api.w.org\/{rel}","templated":true}]}}