{"id":99,"date":"2015-03-16T07:22:54","date_gmt":"2015-03-16T07:22:54","guid":{"rendered":"http:\/\/blogsaverroes.juntadeandalucia.es\/pre\/ceip\/?page_id=99"},"modified":"2022-01-11T22:58:49","modified_gmt":"2022-01-11T22:58:49","slug":"comedor-escolar","status":"publish","type":"page","link":"https:\/\/blogsaverroes.juntadeandalucia.es\/ceipnuevaalmeria\/comedor-escolar\/","title":{"rendered":"Comedor escolar"},"content":{"rendered":"<table class=\"mceItemTable\" style=\"border-color: #faf7f7;width: 100%;height: 1934px\" border=\"0\" width=\"100%\" cellpadding=\"0\">\n<tbody>\n<tr style=\"height: 444px\">\n<td style=\"border-color: #f7f7f7;width: 98.6689%;height: 465px\" colspan=\"2\"><img loading=\"lazy\" decoding=\"async\" class=\"aligncenter wp-image-11322 size-medium\" src=\"https:\/\/blogsaverroes.juntadeandalucia.es\/ceipnuevaalmeria\/files\/2015\/03\/ComedorEscolar-300x193.jpg\" alt=\"\" width=\"300\" height=\"193\" srcset=\"https:\/\/blogsaverroes.juntadeandalucia.es\/ceipnuevaalmeria\/files\/2015\/03\/ComedorEscolar-300x193.jpg 300w, https:\/\/blogsaverroes.juntadeandalucia.es\/ceipnuevaalmeria\/files\/2015\/03\/ComedorEscolar-280x180.jpg 280w, https:\/\/blogsaverroes.juntadeandalucia.es\/ceipnuevaalmeria\/files\/2015\/03\/ComedorEscolar-24x15.jpg 24w, https:\/\/blogsaverroes.juntadeandalucia.es\/ceipnuevaalmeria\/files\/2015\/03\/ComedorEscolar-36x23.jpg 36w, https:\/\/blogsaverroes.juntadeandalucia.es\/ceipnuevaalmeria\/files\/2015\/03\/ComedorEscolar-48x31.jpg 48w, https:\/\/blogsaverroes.juntadeandalucia.es\/ceipnuevaalmeria\/files\/2015\/03\/ComedorEscolar.jpg 813w\" sizes=\"(max-width: 300px) 100vw, 300px\" \/><\/p>\n<p>&nbsp;<\/p>\n<h2 style=\"text-align: center\">Men\u00fas IN SITU curso 2021 \/ 2022<\/h2>\n<p><a href=\"https:\/\/drive.google.com\/drive\/folders\/1VNpqga1P2BNBV9bo-gmsQkCUE4fF7kXj?usp=sharing\" target=\"_blank\" rel=\"noopener noreferrer\">Ir al men\u00fa del mes correspondiente<\/a><\/p>\n<p><a href=\"https:\/\/blogsaverroes.juntadeandalucia.es\/ceipnuevaalmeria\/files\/2022\/01\/insituenero.pdf\">men\u00fa del 10 al 21 de enero 2022<\/a><\/td>\n<\/tr>\n<tr style=\"height: 27px\">\n<td style=\"border-color: #f7f7f7;width: 98.6689%;height: 27px\" colspan=\"2\"><img decoding=\"async\" title=\"Vi\u00f1eta l\u00e1piz verde\" src=\"http:\/\/www.juntadeandalucia.es\/averroes\/centros-tic\/04006100\/helvia\/sitio\/upload\/img\/lapiz_verde.gif\" alt=\"Vi\u00f1eta l\u00e1piz verde\" border=\"0\"> Entidad Gestora: Mediterr\u00e1nea Educaci\u00f3n&nbsp;<\/p>\n<p>Todas las incidencias se tramitar\u00e1n a trav\u00e9s del correo:<\/p>\n<p>administracion.andalucia@mediterranea-group.com<\/td>\n<\/tr>\n<tr style=\"height: 27px\">\n<td style=\"border-color: #f7f7f7;width: 98.6689%;height: 27px\" colspan=\"2\"><img decoding=\"async\" title=\"Vi\u00f1eta l\u00e1piz verde\" src=\"http:\/\/www.juntadeandalucia.es\/averroes\/centros-tic\/04006100\/helvia\/sitio\/upload\/img\/lapiz_verde.gif\" alt=\"Vi\u00f1eta l\u00e1piz verde\" border=\"0\">&nbsp;Horario: 14:00 a 16:00<\/td>\n<\/tr>\n<tr style=\"height: 27px\">\n<td style=\"border-color: #f7f7f7;width: 98.6689%;height: 27px\" colspan=\"2\"><img decoding=\"async\" title=\"Vi\u00f1eta l\u00e1piz verde\" src=\"http:\/\/www.juntadeandalucia.es\/averroes\/centros-tic\/04006100\/helvia\/sitio\/upload\/img\/lapiz_verde.gif\" alt=\"Vi\u00f1eta l\u00e1piz verde\" border=\"0\"> Coste: 4,50\u20ac \/d\u00eda. Existen Bonificaciones.<\/td>\n<\/tr>\n<tr style=\"height: 27px\">\n<td style=\"border-color: #f7f7f7;width: 98.6689%;height: 27px\" colspan=\"2\"><img decoding=\"async\" title=\"Vi\u00f1eta l\u00e1piz verde\" src=\"http:\/\/www.juntadeandalucia.es\/averroes\/centros-tic\/04006100\/helvia\/sitio\/upload\/img\/lapiz_verde.gif\" alt=\"Vi\u00f1eta l\u00e1piz verde\" border=\"0\"><\/td>\n<\/tr>\n<tr style=\"height: 27px\">\n<td style=\"border-color: #f7f7f7;width: 98.6689%;height: 27px\" colspan=\"2\"><img decoding=\"async\" title=\"Vi\u00f1eta l\u00e1piz verde\" src=\"http:\/\/www.juntadeandalucia.es\/averroes\/centros-tic\/04006100\/helvia\/sitio\/upload\/img\/lapiz_verde.gif\" alt=\"Vi\u00f1eta l\u00e1piz verde\" border=\"0\">&nbsp;Plazo de Solicitud: del 1 al 8 de Junio (Plazo de matriculaci\u00f3n). <strong><a href=\"http:\/\/www.juntadeandalucia.es\/averroes\/centros-tic\/04006100\/helvia\/sitio\/upload\/Anexo_II_Inscripcion_a_los_servicios_del_centro.pdf\" target=\"_blank\" rel=\"noopener noreferrer\">Anexo II<\/a><\/strong><\/td>\n<\/tr>\n<tr style=\"height: 27px\">\n<td style=\"border-color: #f7f7f7;width: 98.6689%;height: 27px\" colspan=\"2\"><img decoding=\"async\" title=\"Vi\u00f1eta l\u00e1piz verde\" src=\"http:\/\/www.juntadeandalucia.es\/averroes\/centros-tic\/04006100\/helvia\/sitio\/upload\/img\/lapiz_verde.gif\" alt=\"Vi\u00f1eta l\u00e1piz verde\" border=\"0\">&nbsp;Solicitud de bonificaciones: del 1 al 7 de septiembre. <strong><a href=\"http:\/\/www.juntadeandalucia.es\/averroes\/centros-tic\/04006100\/helvia\/sitio\/upload\/AnexoV_Solicitud_bonificacion_servicios_de_centro.pdf\" target=\"_blank\" rel=\"noopener noreferrer\">Anexo V<\/a><\/strong><\/td>\n<\/tr>\n<tr style=\"height: 24px\">\n<td style=\"border-color: #f7f7f7;width: 98.6689%;height: 24px\" colspan=\"2\">&nbsp;<\/td>\n<\/tr>\n<tr style=\"height: 90px\">\n<td style=\"border-color: #f7f7f7;width: 98.6689%;height: 90px\" colspan=\"2\">\n<h1>&nbsp;Informaci\u00f3n<\/h1>\n<\/td>\n<\/tr>\n<tr style=\"height: 144px\">\n<td style=\"border-color: #f7f7f7;width: 98.6689%;height: 144px\" colspan=\"2\">Los comedores escolares son un servicio complementario que resulta de gran utilidad a padres y madres para ayudarles a&nbsp;conciliar la vida laboral y familiar. Tienen una duraci\u00f3n de hasta dos horas desde que acaba la jornada escolar de la ma\u00f1ana (de 14.00 a 16.00 horas).&nbsp;El comedor escolar del colegio tiene una capacidad para 182 comensales y est\u00e1 atendido por 8 monitores especializados y 3 auxiliares de cocina.<\/td>\n<\/tr>\n<tr style=\"height: 264px\">\n<td style=\"border-color: #f7f7f7;width: 56.8457%;height: 264px\">La atenci\u00f3n del alumnado se realiza tanto en el tiempo destinado a la comida, como en los periodos inmediatamente anteriores y posteriores a la misma.<\/p>\n<p>&nbsp;La utilizaci\u00f3n de este servicio podr\u00e1 solicitarse por meses completos o para dias concretos de la semana, ejerci\u00e9ndose la opci\u00f3n que se desee al presentar la solicitud del servicio.&nbsp; &nbsp; &nbsp; &nbsp; &nbsp; &nbsp; &nbsp; &nbsp; &nbsp; &nbsp; &nbsp; &nbsp; &nbsp; &nbsp;<\/td>\n<td style=\"border-color: #f7f7f7;width: 41.8232%;height: 264px\"><a href=\"https:\/\/blogsaverroes.juntadeandalucia.es\/ceipnuevaalmeria\/files\/2015\/03\/comedorescolarescuelas940x550.jpg\"><img loading=\"lazy\" decoding=\"async\" class=\"alignnone size-full wp-image-2388\" src=\"https:\/\/blogsaverroes.juntadeandalucia.es\/ceipnuevaalmeria\/files\/2015\/03\/comedorescolarescuelas940x550.jpg\" alt=\"\" width=\"940\" height=\"550\" srcset=\"https:\/\/blogsaverroes.juntadeandalucia.es\/ceipnuevaalmeria\/files\/2015\/03\/comedorescolarescuelas940x550.jpg 940w, https:\/\/blogsaverroes.juntadeandalucia.es\/ceipnuevaalmeria\/files\/2015\/03\/comedorescolarescuelas940x550-300x176.jpg 300w, https:\/\/blogsaverroes.juntadeandalucia.es\/ceipnuevaalmeria\/files\/2015\/03\/comedorescolarescuelas940x550-24x14.jpg 24w, https:\/\/blogsaverroes.juntadeandalucia.es\/ceipnuevaalmeria\/files\/2015\/03\/comedorescolarescuelas940x550-36x21.jpg 36w, https:\/\/blogsaverroes.juntadeandalucia.es\/ceipnuevaalmeria\/files\/2015\/03\/comedorescolarescuelas940x550-48x28.jpg 48w\" sizes=\"(max-width: 940px) 100vw, 940px\" \/><\/a><\/td>\n<\/tr>\n<tr style=\"height: 96px\">\n<td style=\"border-color: #f7f7f7;width: 98.6689%;height: 96px\" colspan=\"2\">La solicitud de baja del servicio se comunicar\u00e1 con una antelaci\u00f3n de, al menos, una semana del inicio del mes en que se pretenda hacer efectiva la baja. Asimismo, la opci\u00f3n inicialmente elegida podr\u00e1 modificarse a lo largo del curso, lo que se comunicar\u00e1 en el plazo mencionado anteriormente.<\/td>\n<\/tr>\n<tr style=\"height: 18px\">\n<td style=\"border-color: #f7f7f7;width: 98.6689%;height: 18px\" colspan=\"2\">\n<hr width=\"500\">\n<\/td>\n<\/tr>\n<tr style=\"height: 169px\">\n<td style=\"border-color: #f7f7f7;width: 98.6689%;height: 169px\" colspan=\"2\">&nbsp;<img decoding=\"async\" class=\"aligncenter\" src=\"http:\/\/www.juntadeandalucia.es\/averroes\/centros-tic\/04006100\/helvia\/sitio\/upload\/img\/imagen_menu_escolar.png\" width=\"200\" border=\"0\"><\/td>\n<\/tr>\n<tr style=\"height: 72px\">\n<td style=\"border-color: #f7f7f7;width: 98.6689%;height: 72px\" colspan=\"2\">Para acceder al men\u00fa correspondiente haga clic en el siguiente enlace:&nbsp;<a href=\"http:\/\/apps.serunion-educa.com\/GestionAcceso\/frmLogin.aspx\" target=\"_blank\" rel=\"noopener noreferrer\">SERUNION<\/a> y en la ventana de la oficina virtual teclee como usuario: CEIP Nueva Almer\u00eda y contrase\u00f1a: nuevalmeria<\/td>\n<\/tr>\n<tr style=\"height: 406px\">\n<td style=\"border-color: #f7f7f7;width: 98.6689%;height: 406px\" colspan=\"2\">&nbsp;<a href=\"https:\/\/blogsaverroes.juntadeandalucia.es\/ceipnuevaalmeria\/files\/2015\/03\/serunion_2.png\"><img loading=\"lazy\" decoding=\"async\" class=\"wp-image-2391 aligncenter\" src=\"https:\/\/blogsaverroes.juntadeandalucia.es\/ceipnuevaalmeria\/files\/2015\/03\/serunion_2.png\" alt=\"\" width=\"571\" height=\"358\" srcset=\"https:\/\/blogsaverroes.juntadeandalucia.es\/ceipnuevaalmeria\/files\/2015\/03\/serunion_2.png 1011w, https:\/\/blogsaverroes.juntadeandalucia.es\/ceipnuevaalmeria\/files\/2015\/03\/serunion_2-300x188.png 300w, https:\/\/blogsaverroes.juntadeandalucia.es\/ceipnuevaalmeria\/files\/2015\/03\/serunion_2-24x15.png 24w, https:\/\/blogsaverroes.juntadeandalucia.es\/ceipnuevaalmeria\/files\/2015\/03\/serunion_2-36x23.png 36w, https:\/\/blogsaverroes.juntadeandalucia.es\/ceipnuevaalmeria\/files\/2015\/03\/serunion_2-48x30.png 48w\" sizes=\"(max-width: 571px) 100vw, 571px\" \/><\/a><\/td>\n<\/tr>\n<tr style=\"height: 24px\">\n<td style=\"border-color: #f7f7f7;width: 98.6689%;height: 24px\" colspan=\"2\">&nbsp;<\/td>\n<\/tr>\n<\/tbody>\n<\/table>\n<p>&nbsp;<\/p>\n<p>&nbsp;<\/p>\n<p><strong>&nbsp;<\/strong><\/p>\n","protected":false},"excerpt":{"rendered":"<p>&nbsp; Men\u00fas IN SITU curso 2021 \/ 2022 Ir al men\u00fa del mes correspondiente men\u00fa del 10 al 21 de enero 2022 Entidad Gestora: Mediterr\u00e1nea Educaci\u00f3n&nbsp; Todas las incidencias se tramitar\u00e1n a trav\u00e9s del&#46;&#46;&#46;<\/p>\n","protected":false},"author":1,"featured_media":0,"parent":0,"menu_order":0,"comment_status":"open","ping_status":"closed","template":"","meta":{"ngg_post_thumbnail":0,"footnotes":"","_mc_calendar":[]},"aioseo_notices":[],"_links":{"self":[{"href":"https:\/\/blogsaverroes.juntadeandalucia.es\/ceipnuevaalmeria\/wp-json\/wp\/v2\/pages\/99"}],"collection":[{"href":"https:\/\/blogsaverroes.juntadeandalucia.es\/ceipnuevaalmeria\/wp-json\/wp\/v2\/pages"}],"about":[{"href":"https:\/\/blogsaverroes.juntadeandalucia.es\/ceipnuevaalmeria\/wp-json\/wp\/v2\/types\/page"}],"author":[{"embeddable":true,"href":"https:\/\/blogsaverroes.juntadeandalucia.es\/ceipnuevaalmeria\/wp-json\/wp\/v2\/users\/1"}],"replies":[{"embeddable":true,"href":"https:\/\/blogsaverroes.juntadeandalucia.es\/ceipnuevaalmeria\/wp-json\/wp\/v2\/comments?post=99"}],"version-history":[{"count":47,"href":"https:\/\/blogsaverroes.juntadeandalucia.es\/ceipnuevaalmeria\/wp-json\/wp\/v2\/pages\/99\/revisions"}],"predecessor-version":[{"id":62869,"href":"https:\/\/blogsaverroes.juntadeandalucia.es\/ceipnuevaalmeria\/wp-json\/wp\/v2\/pages\/99\/revisions\/62869"}],"wp:attachment":[{"href":"https:\/\/blogsaverroes.juntadeandalucia.es\/ceipnuevaalmeria\/wp-json\/wp\/v2\/media?parent=99"}],"curies":[{"name":"wp","href":"https:\/\/api.w.org\/{rel}","templated":true}]}}

<table class="mceItemTable" style="border-color: #faf7f7;width: 100%;height: 1934px" border="0" width="100%" cellpadding="0">
<tbody>
<tr style="height: 444px">
<td style="border-color: #f7f7f7;width: 98.6689%;height: 465px" colspan="2"><img loading="lazy" decoding="async" class="aligncenter wp-image-11322 size-medium" src="https://blogsaverroes.juntadeandalucia.es/ceipnuevaalmeria/files/2015/03/ComedorEscolar-300x193.jpg" alt="" width="300" height="193" srcset="https://blogsaverroes.juntadeandalucia.es/ceipnuevaalmeria/files/2015/03/ComedorEscolar-300x193.jpg 300w, https://blogsaverroes.juntadeandalucia.es/ceipnuevaalmeria/files/2015/03/ComedorEscolar-280x180.jpg 280w, https://blogsaverroes.juntadeandalucia.es/ceipnuevaalmeria/files/2015/03/ComedorEscolar-24x15.jpg 24w, https://blogsaverroes.juntadeandalucia.es/ceipnuevaalmeria/files/2015/03/ComedorEscolar-36x23.jpg 36w, https://blogsaverroes.juntadeandalucia.es/ceipnuevaalmeria/files/2015/03/ComedorEscolar-48x31.jpg 48w, https://blogsaverroes.juntadeandalucia.es/ceipnuevaalmeria/files/2015/03/ComedorEscolar.jpg 813w" sizes="(max-width: 300px) 100vw, 300px" /></p>
<p>&nbsp;</p>
<h2 style="text-align: center">Menús IN SITU curso 2021 / 2022</h2>
<p><a href="https://drive.google.com/drive/folders/1VNpqga1P2BNBV9bo-gmsQkCUE4fF7kXj?usp=sharing" target="_blank" rel="noopener noreferrer">Ir al menú del mes correspondiente</a></p>
<p><a href="https://blogsaverroes.juntadeandalucia.es/ceipnuevaalmeria/files/2022/01/insituenero.pdf">menú del 10 al 21 de enero 2022</a></td>
</tr>
<tr style="height: 27px">
<td style="border-color: #f7f7f7;width: 98.6689%;height: 27px" colspan="2"><img decoding="async" title="Viñeta lápiz verde" src="http://www.juntadeandalucia.es/averroes/centros-tic/04006100/helvia/sitio/upload/img/lapiz_verde.gif" alt="Viñeta lápiz verde" border="0"> Entidad Gestora: Mediterránea Educación&nbsp;</p>
<p>Todas las incidencias se tramitarán a través del correo:</p>
<p>administracion.andalucia@mediterranea-group.com</td>
</tr>
<tr style="height: 27px">
<td style="border-color: #f7f7f7;width: 98.6689%;height: 27px" colspan="2"><img decoding="async" title="Viñeta lápiz verde" src="http://www.juntadeandalucia.es/averroes/centros-tic/04006100/helvia/sitio/upload/img/lapiz_verde.gif" alt="Viñeta lápiz verde" border="0">&nbsp;Horario: 14:00 a 16:00</td>
</tr>
<tr style="height: 27px">
<td style="border-color: #f7f7f7;width: 98.6689%;height: 27px" colspan="2"><img decoding="async" title="Viñeta lápiz verde" src="http://www.juntadeandalucia.es/averroes/centros-tic/04006100/helvia/sitio/upload/img/lapiz_verde.gif" alt="Viñeta lápiz verde" border="0"> Coste: 4,50€ /día. Existen Bonificaciones.</td>
</tr>
<tr style="height: 27px">
<td style="border-color: #f7f7f7;width: 98.6689%;height: 27px" colspan="2"><img decoding="async" title="Viñeta lápiz verde" src="http://www.juntadeandalucia.es/averroes/centros-tic/04006100/helvia/sitio/upload/img/lapiz_verde.gif" alt="Viñeta lápiz verde" border="0"></td>
</tr>
<tr style="height: 27px">
<td style="border-color: #f7f7f7;width: 98.6689%;height: 27px" colspan="2"><img decoding="async" title="Viñeta lápiz verde" src="http://www.juntadeandalucia.es/averroes/centros-tic/04006100/helvia/sitio/upload/img/lapiz_verde.gif" alt="Viñeta lápiz verde" border="0">&nbsp;Plazo de Solicitud: del 1 al 8 de Junio (Plazo de matriculación). <strong><a href="http://www.juntadeandalucia.es/averroes/centros-tic/04006100/helvia/sitio/upload/Anexo_II_Inscripcion_a_los_servicios_del_centro.pdf" target="_blank" rel="noopener noreferrer">Anexo II</a></strong></td>
</tr>
<tr style="height: 27px">
<td style="border-color: #f7f7f7;width: 98.6689%;height: 27px" colspan="2"><img decoding="async" title="Viñeta lápiz verde" src="http://www.juntadeandalucia.es/averroes/centros-tic/04006100/helvia/sitio/upload/img/lapiz_verde.gif" alt="Viñeta lápiz verde" border="0">&nbsp;Solicitud de bonificaciones: del 1 al 7 de septiembre. <strong><a href="http://www.juntadeandalucia.es/averroes/centros-tic/04006100/helvia/sitio/upload/AnexoV_Solicitud_bonificacion_servicios_de_centro.pdf" target="_blank" rel="noopener noreferrer">Anexo V</a></strong></td>
</tr>
<tr style="height: 24px">
<td style="border-color: #f7f7f7;width: 98.6689%;height: 24px" colspan="2">&nbsp;</td>
</tr>
<tr style="height: 90px">
<td style="border-color: #f7f7f7;width: 98.6689%;height: 90px" colspan="2">
<h1>&nbsp;Información</h1>
</td>
</tr>
<tr style="height: 144px">
<td style="border-color: #f7f7f7;width: 98.6689%;height: 144px" colspan="2">Los comedores escolares son un servicio complementario que resulta de gran utilidad a padres y madres para ayudarles a&nbsp;conciliar la vida laboral y familiar. Tienen una duración de hasta dos horas desde que acaba la jornada escolar de la mañana (de 14.00 a 16.00 horas).&nbsp;El comedor escolar del colegio tiene una capacidad para 182 comensales y está atendido por 8 monitores especializados y 3 auxiliares de cocina.</td>
</tr>
<tr style="height: 264px">
<td style="border-color: #f7f7f7;width: 56.8457%;height: 264px">La atención del alumnado se realiza tanto en el tiempo destinado a la comida, como en los periodos inmediatamente anteriores y posteriores a la misma.</p>
<p>&nbsp;La utilización de este servicio podrá solicitarse por meses completos o para dias concretos de la semana, ejerciéndose la opción que se desee al presentar la solicitud del servicio.&nbsp; &nbsp; &nbsp; &nbsp; &nbsp; &nbsp; &nbsp; &nbsp; &nbsp; &nbsp; &nbsp; &nbsp; &nbsp; &nbsp;</td>
<td style="border-color: #f7f7f7;width: 41.8232%;height: 264px"><a href="https://blogsaverroes.juntadeandalucia.es/ceipnuevaalmeria/files/2015/03/comedorescolarescuelas940x550.jpg"><img loading="lazy" decoding="async" class="alignnone size-full wp-image-2388" src="https://blogsaverroes.juntadeandalucia.es/ceipnuevaalmeria/files/2015/03/comedorescolarescuelas940x550.jpg" alt="" width="940" height="550" srcset="https://blogsaverroes.juntadeandalucia.es/ceipnuevaalmeria/files/2015/03/comedorescolarescuelas940x550.jpg 940w, https://blogsaverroes.juntadeandalucia.es/ceipnuevaalmeria/files/2015/03/comedorescolarescuelas940x550-300x176.jpg 300w, https://blogsaverroes.juntadeandalucia.es/ceipnuevaalmeria/files/2015/03/comedorescolarescuelas940x550-24x14.jpg 24w, https://blogsaverroes.juntadeandalucia.es/ceipnuevaalmeria/files/2015/03/comedorescolarescuelas940x550-36x21.jpg 36w, https://blogsaverroes.juntadeandalucia.es/ceipnuevaalmeria/files/2015/03/comedorescolarescuelas940x550-48x28.jpg 48w" sizes="(max-width: 940px) 100vw, 940px" /></a></td>
</tr>
<tr style="height: 96px">
<td style="border-color: #f7f7f7;width: 98.6689%;height: 96px" colspan="2">La solicitud de baja del servicio se comunicará con una antelación de, al menos, una semana del inicio del mes en que se pretenda hacer efectiva la baja. Asimismo, la opción inicialmente elegida podrá modificarse a lo largo del curso, lo que se comunicará en el plazo mencionado anteriormente.</td>
</tr>
<tr style="height: 18px">
<td style="border-color: #f7f7f7;width: 98.6689%;height: 18px" colspan="2">
<hr width="500">
</td>
</tr>
<tr style="height: 169px">
<td style="border-color: #f7f7f7;width: 98.6689%;height: 169px" colspan="2">&nbsp;<img decoding="async" class="aligncenter" src="http://www.juntadeandalucia.es/averroes/centros-tic/04006100/helvia/sitio/upload/img/imagen_menu_escolar.png" width="200" border="0"></td>
</tr>
<tr style="height: 72px">
<td style="border-color: #f7f7f7;width: 98.6689%;height: 72px" colspan="2">Para acceder al menú correspondiente haga clic en el siguiente enlace:&nbsp;<a href="http://apps.serunion-educa.com/GestionAcceso/frmLogin.aspx" target="_blank" rel="noopener noreferrer">SERUNION</a> y en la ventana de la oficina virtual teclee como usuario: CEIP Nueva Almería y contraseña: nuevalmeria</td>
</tr>
<tr style="height: 406px">
<td style="border-color: #f7f7f7;width: 98.6689%;height: 406px" colspan="2">&nbsp;<a href="https://blogsaverroes.juntadeandalucia.es/ceipnuevaalmeria/files/2015/03/serunion_2.png"><img loading="lazy" decoding="async" class="wp-image-2391 aligncenter" src="https://blogsaverroes.juntadeandalucia.es/ceipnuevaalmeria/files/2015/03/serunion_2.png" alt="" width="571" height="358" srcset="https://blogsaverroes.juntadeandalucia.es/ceipnuevaalmeria/files/2015/03/serunion_2.png 1011w, https://blogsaverroes.juntadeandalucia.es/ceipnuevaalmeria/files/2015/03/serunion_2-300x188.png 300w, https://blogsaverroes.juntadeandalucia.es/ceipnuevaalmeria/files/2015/03/serunion_2-24x15.png 24w, https://blogsaverroes.juntadeandalucia.es/ceipnuevaalmeria/files/2015/03/serunion_2-36x23.png 36w, https://blogsaverroes.juntadeandalucia.es/ceipnuevaalmeria/files/2015/03/serunion_2-48x30.png 48w" sizes="(max-width: 571px) 100vw, 571px" /></a></td>
</tr>
<tr style="height: 24px">
<td style="border-color: #f7f7f7;width: 98.6689%;height: 24px" colspan="2">&nbsp;</td>
</tr>
</tbody>
</table>
<p>&nbsp;</p>
<p>&nbsp;</p>
<p><strong>&nbsp;</strong></p>

<p>&nbsp; Menús IN SITU curso 2021 / 2022 Ir al menú del mes correspondiente menú del 10 al 21 de enero 2022 Entidad Gestora: Mediterránea Educación&nbsp; Todas las incidencias se tramitarán a través del&#46;&#46;&#46;</p>
