{"id":82,"date":"2015-03-16T06:59:55","date_gmt":"2015-03-16T06:59:55","guid":{"rendered":"http:\/\/blogsaverroes.juntadeandalucia.es\/pre\/ceip\/?page_id=82"},"modified":"2020-02-25T12:10:42","modified_gmt":"2020-02-25T12:10:42","slug":"talleresverticales","status":"publish","type":"page","link":"https:\/\/blogsaverroes.juntadeandalucia.es\/ceipobispoosio\/talleresverticales\/","title":{"rendered":"Talleres Verticales"},"content":{"rendered":"<p>Como proyecto de abstenci\u00f3n del absentismo escolar todos los martes del curso,<br \/>\ndespu\u00e9s del recreo, aparcamos los libros para realizar diferentes talleres y de este modo<br \/>\naprender de una manera m\u00e1s divertida y competencial. Los alumnos y alumnas se mezclan entre clases&nbsp;y as\u00ed podemos relacionarnos y aprender unos de otros.&nbsp;<br \/>\nTodos los a\u00f1os tenemos talleres nuevos y diferentes, aunque algunos por su gran \u00e9xito se repiten a\u00f1o tras a\u00f1o.<\/p>\n<p>Algunos de los talleres realizados son:<\/p>\n<h5><strong>\u00abTaller de cocina\u00bb<\/strong><\/h5>\n<p><a href=\"https:\/\/blogsaverroes.juntadeandalucia.es\/ceipobispoosio\/files\/2020\/02\/PicsArt_11-04-11.41.11.jpg\"><img loading=\"lazy\" decoding=\"async\" class=\"alignnone size-large wp-image-3744\" src=\"https:\/\/blogsaverroes.juntadeandalucia.es\/ceipobispoosio\/files\/2020\/02\/PicsArt_11-04-11.41.11-1024x1024.jpg\" alt=\"\" width=\"660\" height=\"660\" srcset=\"https:\/\/blogsaverroes.juntadeandalucia.es\/ceipobispoosio\/files\/2020\/02\/PicsArt_11-04-11.41.11-1024x1024.jpg 1024w, https:\/\/blogsaverroes.juntadeandalucia.es\/ceipobispoosio\/files\/2020\/02\/PicsArt_11-04-11.41.11-150x150.jpg 150w, https:\/\/blogsaverroes.juntadeandalucia.es\/ceipobispoosio\/files\/2020\/02\/PicsArt_11-04-11.41.11-300x300.jpg 300w, https:\/\/blogsaverroes.juntadeandalucia.es\/ceipobispoosio\/files\/2020\/02\/PicsArt_11-04-11.41.11-768x768.jpg 768w, https:\/\/blogsaverroes.juntadeandalucia.es\/ceipobispoosio\/files\/2020\/02\/PicsArt_11-04-11.41.11-100x100.jpg 100w, https:\/\/blogsaverroes.juntadeandalucia.es\/ceipobispoosio\/files\/2020\/02\/PicsArt_11-04-11.41.11-432x432.jpg 432w, https:\/\/blogsaverroes.juntadeandalucia.es\/ceipobispoosio\/files\/2020\/02\/PicsArt_11-04-11.41.11-268x268.jpg 268w, https:\/\/blogsaverroes.juntadeandalucia.es\/ceipobispoosio\/files\/2020\/02\/PicsArt_11-04-11.41.11-700x700.jpg 700w, https:\/\/blogsaverroes.juntadeandalucia.es\/ceipobispoosio\/files\/2020\/02\/PicsArt_11-04-11.41.11-24x24.jpg 24w, https:\/\/blogsaverroes.juntadeandalucia.es\/ceipobispoosio\/files\/2020\/02\/PicsArt_11-04-11.41.11-36x36.jpg 36w, https:\/\/blogsaverroes.juntadeandalucia.es\/ceipobispoosio\/files\/2020\/02\/PicsArt_11-04-11.41.11-48x48.jpg 48w, https:\/\/blogsaverroes.juntadeandalucia.es\/ceipobispoosio\/files\/2020\/02\/PicsArt_11-04-11.41.11.jpg 1600w\" sizes=\"(max-width: 660px) 100vw, 660px\" \/><\/a><\/p>\n<p>&nbsp;<\/p>\n<h5><strong>\u00abTaller de peri\u00f3dico\u00bb<\/strong><\/h5>\n<p><a href=\"https:\/\/blogsaverroes.juntadeandalucia.es\/ceipobispoosio\/files\/2020\/02\/PicsArt_11-04-11.50.23.jpg\"><img loading=\"lazy\" decoding=\"async\" class=\"alignnone size-large wp-image-3745\" src=\"https:\/\/blogsaverroes.juntadeandalucia.es\/ceipobispoosio\/files\/2020\/02\/PicsArt_11-04-11.50.23-1024x1024.jpg\" alt=\"\" width=\"660\" height=\"660\" srcset=\"https:\/\/blogsaverroes.juntadeandalucia.es\/ceipobispoosio\/files\/2020\/02\/PicsArt_11-04-11.50.23-1024x1024.jpg 1024w, https:\/\/blogsaverroes.juntadeandalucia.es\/ceipobispoosio\/files\/2020\/02\/PicsArt_11-04-11.50.23-150x150.jpg 150w, https:\/\/blogsaverroes.juntadeandalucia.es\/ceipobispoosio\/files\/2020\/02\/PicsArt_11-04-11.50.23-300x300.jpg 300w, https:\/\/blogsaverroes.juntadeandalucia.es\/ceipobispoosio\/files\/2020\/02\/PicsArt_11-04-11.50.23-768x768.jpg 768w, https:\/\/blogsaverroes.juntadeandalucia.es\/ceipobispoosio\/files\/2020\/02\/PicsArt_11-04-11.50.23-100x100.jpg 100w, https:\/\/blogsaverroes.juntadeandalucia.es\/ceipobispoosio\/files\/2020\/02\/PicsArt_11-04-11.50.23-432x432.jpg 432w, https:\/\/blogsaverroes.juntadeandalucia.es\/ceipobispoosio\/files\/2020\/02\/PicsArt_11-04-11.50.23-268x268.jpg 268w, https:\/\/blogsaverroes.juntadeandalucia.es\/ceipobispoosio\/files\/2020\/02\/PicsArt_11-04-11.50.23-700x700.jpg 700w, https:\/\/blogsaverroes.juntadeandalucia.es\/ceipobispoosio\/files\/2020\/02\/PicsArt_11-04-11.50.23-24x24.jpg 24w, https:\/\/blogsaverroes.juntadeandalucia.es\/ceipobispoosio\/files\/2020\/02\/PicsArt_11-04-11.50.23-36x36.jpg 36w, https:\/\/blogsaverroes.juntadeandalucia.es\/ceipobispoosio\/files\/2020\/02\/PicsArt_11-04-11.50.23-48x48.jpg 48w, https:\/\/blogsaverroes.juntadeandalucia.es\/ceipobispoosio\/files\/2020\/02\/PicsArt_11-04-11.50.23.jpg 1600w\" sizes=\"(max-width: 660px) 100vw, 660px\" \/><\/a><\/p>\n<h5><strong>\u00abTaller de teatro\u00bb<\/strong><\/h5>\n<p><a href=\"https:\/\/blogsaverroes.juntadeandalucia.es\/ceipobispoosio\/files\/2020\/02\/PicsArt_02-06-02.13.47.jpg\"><img loading=\"lazy\" decoding=\"async\" class=\"alignnone size-large wp-image-3742\" src=\"https:\/\/blogsaverroes.juntadeandalucia.es\/ceipobispoosio\/files\/2020\/02\/PicsArt_02-06-02.13.47-1024x1024.jpg\" alt=\"\" width=\"660\" height=\"660\" srcset=\"https:\/\/blogsaverroes.juntadeandalucia.es\/ceipobispoosio\/files\/2020\/02\/PicsArt_02-06-02.13.47-1024x1024.jpg 1024w, https:\/\/blogsaverroes.juntadeandalucia.es\/ceipobispoosio\/files\/2020\/02\/PicsArt_02-06-02.13.47-150x150.jpg 150w, https:\/\/blogsaverroes.juntadeandalucia.es\/ceipobispoosio\/files\/2020\/02\/PicsArt_02-06-02.13.47-300x300.jpg 300w, https:\/\/blogsaverroes.juntadeandalucia.es\/ceipobispoosio\/files\/2020\/02\/PicsArt_02-06-02.13.47-768x768.jpg 768w, https:\/\/blogsaverroes.juntadeandalucia.es\/ceipobispoosio\/files\/2020\/02\/PicsArt_02-06-02.13.47-100x100.jpg 100w, https:\/\/blogsaverroes.juntadeandalucia.es\/ceipobispoosio\/files\/2020\/02\/PicsArt_02-06-02.13.47-432x432.jpg 432w, https:\/\/blogsaverroes.juntadeandalucia.es\/ceipobispoosio\/files\/2020\/02\/PicsArt_02-06-02.13.47-268x268.jpg 268w, https:\/\/blogsaverroes.juntadeandalucia.es\/ceipobispoosio\/files\/2020\/02\/PicsArt_02-06-02.13.47-700x700.jpg 700w, https:\/\/blogsaverroes.juntadeandalucia.es\/ceipobispoosio\/files\/2020\/02\/PicsArt_02-06-02.13.47-24x24.jpg 24w, https:\/\/blogsaverroes.juntadeandalucia.es\/ceipobispoosio\/files\/2020\/02\/PicsArt_02-06-02.13.47-36x36.jpg 36w, https:\/\/blogsaverroes.juntadeandalucia.es\/ceipobispoosio\/files\/2020\/02\/PicsArt_02-06-02.13.47-48x48.jpg 48w, https:\/\/blogsaverroes.juntadeandalucia.es\/ceipobispoosio\/files\/2020\/02\/PicsArt_02-06-02.13.47.jpg 1600w\" sizes=\"(max-width: 660px) 100vw, 660px\" \/><\/a><\/p>\n<h5><strong>\u00abTaller de juegos de estrategia (ajedrez)\u00bb<\/strong><\/h5>\n<p><a href=\"https:\/\/blogsaverroes.juntadeandalucia.es\/ceipobispoosio\/files\/2020\/02\/PicsArt_02-06-02.04.55.jpg\"><img loading=\"lazy\" decoding=\"async\" class=\"alignnone size-large wp-image-3741\" src=\"https:\/\/blogsaverroes.juntadeandalucia.es\/ceipobispoosio\/files\/2020\/02\/PicsArt_02-06-02.04.55-1024x1024.jpg\" alt=\"\" width=\"660\" height=\"660\" srcset=\"https:\/\/blogsaverroes.juntadeandalucia.es\/ceipobispoosio\/files\/2020\/02\/PicsArt_02-06-02.04.55-1024x1024.jpg 1024w, https:\/\/blogsaverroes.juntadeandalucia.es\/ceipobispoosio\/files\/2020\/02\/PicsArt_02-06-02.04.55-150x150.jpg 150w, https:\/\/blogsaverroes.juntadeandalucia.es\/ceipobispoosio\/files\/2020\/02\/PicsArt_02-06-02.04.55-300x300.jpg 300w, https:\/\/blogsaverroes.juntadeandalucia.es\/ceipobispoosio\/files\/2020\/02\/PicsArt_02-06-02.04.55-768x768.jpg 768w, https:\/\/blogsaverroes.juntadeandalucia.es\/ceipobispoosio\/files\/2020\/02\/PicsArt_02-06-02.04.55-100x100.jpg 100w, https:\/\/blogsaverroes.juntadeandalucia.es\/ceipobispoosio\/files\/2020\/02\/PicsArt_02-06-02.04.55-432x432.jpg 432w, https:\/\/blogsaverroes.juntadeandalucia.es\/ceipobispoosio\/files\/2020\/02\/PicsArt_02-06-02.04.55-268x268.jpg 268w, https:\/\/blogsaverroes.juntadeandalucia.es\/ceipobispoosio\/files\/2020\/02\/PicsArt_02-06-02.04.55-700x700.jpg 700w, https:\/\/blogsaverroes.juntadeandalucia.es\/ceipobispoosio\/files\/2020\/02\/PicsArt_02-06-02.04.55-24x24.jpg 24w, https:\/\/blogsaverroes.juntadeandalucia.es\/ceipobispoosio\/files\/2020\/02\/PicsArt_02-06-02.04.55-36x36.jpg 36w, https:\/\/blogsaverroes.juntadeandalucia.es\/ceipobispoosio\/files\/2020\/02\/PicsArt_02-06-02.04.55-48x48.jpg 48w, https:\/\/blogsaverroes.juntadeandalucia.es\/ceipobispoosio\/files\/2020\/02\/PicsArt_02-06-02.04.55.jpg 1080w\" sizes=\"(max-width: 660px) 100vw, 660px\" \/><\/a><\/p>\n<h5><strong>\u00abTaller de cuentacuentos\u00bb&nbsp;<\/strong><\/h5>\n<p><a href=\"https:\/\/blogsaverroes.juntadeandalucia.es\/ceipobispoosio\/files\/2020\/02\/lectura.jpg\"><img loading=\"lazy\" decoding=\"async\" class=\"alignnone size-large wp-image-3749\" src=\"https:\/\/blogsaverroes.juntadeandalucia.es\/ceipobispoosio\/files\/2020\/02\/lectura-1024x576.jpg\" alt=\"\" width=\"660\" height=\"371\" srcset=\"https:\/\/blogsaverroes.juntadeandalucia.es\/ceipobispoosio\/files\/2020\/02\/lectura-1024x576.jpg 1024w, https:\/\/blogsaverroes.juntadeandalucia.es\/ceipobispoosio\/files\/2020\/02\/lectura-300x169.jpg 300w, https:\/\/blogsaverroes.juntadeandalucia.es\/ceipobispoosio\/files\/2020\/02\/lectura-768x432.jpg 768w, https:\/\/blogsaverroes.juntadeandalucia.es\/ceipobispoosio\/files\/2020\/02\/lectura-700x393.jpg 700w, https:\/\/blogsaverroes.juntadeandalucia.es\/ceipobispoosio\/files\/2020\/02\/lectura-24x14.jpg 24w, https:\/\/blogsaverroes.juntadeandalucia.es\/ceipobispoosio\/files\/2020\/02\/lectura-36x20.jpg 36w, https:\/\/blogsaverroes.juntadeandalucia.es\/ceipobispoosio\/files\/2020\/02\/lectura-48x27.jpg 48w, https:\/\/blogsaverroes.juntadeandalucia.es\/ceipobispoosio\/files\/2020\/02\/lectura.jpg 1280w\" sizes=\"(max-width: 660px) 100vw, 660px\" \/><\/a><\/p>\n<h5><strong>\u00abTaller de geometr\u00eda\u00bb<\/strong><\/h5>\n<p><a href=\"https:\/\/blogsaverroes.juntadeandalucia.es\/ceipobispoosio\/files\/2020\/02\/PicsArt_02-06-02.25.32.jpg\"><img loading=\"lazy\" decoding=\"async\" class=\"alignnone size-large wp-image-3743\" src=\"https:\/\/blogsaverroes.juntadeandalucia.es\/ceipobispoosio\/files\/2020\/02\/PicsArt_02-06-02.25.32-1024x1024.jpg\" alt=\"\" width=\"660\" height=\"660\" srcset=\"https:\/\/blogsaverroes.juntadeandalucia.es\/ceipobispoosio\/files\/2020\/02\/PicsArt_02-06-02.25.32-1024x1024.jpg 1024w, https:\/\/blogsaverroes.juntadeandalucia.es\/ceipobispoosio\/files\/2020\/02\/PicsArt_02-06-02.25.32-150x150.jpg 150w, https:\/\/blogsaverroes.juntadeandalucia.es\/ceipobispoosio\/files\/2020\/02\/PicsArt_02-06-02.25.32-300x300.jpg 300w, https:\/\/blogsaverroes.juntadeandalucia.es\/ceipobispoosio\/files\/2020\/02\/PicsArt_02-06-02.25.32-768x768.jpg 768w, https:\/\/blogsaverroes.juntadeandalucia.es\/ceipobispoosio\/files\/2020\/02\/PicsArt_02-06-02.25.32-100x100.jpg 100w, https:\/\/blogsaverroes.juntadeandalucia.es\/ceipobispoosio\/files\/2020\/02\/PicsArt_02-06-02.25.32-432x432.jpg 432w, https:\/\/blogsaverroes.juntadeandalucia.es\/ceipobispoosio\/files\/2020\/02\/PicsArt_02-06-02.25.32-268x268.jpg 268w, https:\/\/blogsaverroes.juntadeandalucia.es\/ceipobispoosio\/files\/2020\/02\/PicsArt_02-06-02.25.32-700x700.jpg 700w, https:\/\/blogsaverroes.juntadeandalucia.es\/ceipobispoosio\/files\/2020\/02\/PicsArt_02-06-02.25.32-24x24.jpg 24w, https:\/\/blogsaverroes.juntadeandalucia.es\/ceipobispoosio\/files\/2020\/02\/PicsArt_02-06-02.25.32-36x36.jpg 36w, https:\/\/blogsaverroes.juntadeandalucia.es\/ceipobispoosio\/files\/2020\/02\/PicsArt_02-06-02.25.32-48x48.jpg 48w, https:\/\/blogsaverroes.juntadeandalucia.es\/ceipobispoosio\/files\/2020\/02\/PicsArt_02-06-02.25.32.jpg 1600w\" sizes=\"(max-width: 660px) 100vw, 660px\" \/><\/a><\/p>\n<h5><strong>\u00abTaller de competencia digital\u00bb<\/strong><\/h5>\n<p><a href=\"https:\/\/blogsaverroes.juntadeandalucia.es\/ceipobispoosio\/files\/2015\/03\/IMG_20181018_110456_535.jpg\"><img loading=\"lazy\" decoding=\"async\" class=\"alignnone wp-image-2764 size-large\" src=\"https:\/\/blogsaverroes.juntadeandalucia.es\/ceipobispoosio\/files\/2015\/03\/IMG_20181018_110456_535-1024x768.jpg\" alt=\"\" width=\"660\" height=\"495\" srcset=\"https:\/\/blogsaverroes.juntadeandalucia.es\/ceipobispoosio\/files\/2015\/03\/IMG_20181018_110456_535-1024x768.jpg 1024w, https:\/\/blogsaverroes.juntadeandalucia.es\/ceipobispoosio\/files\/2015\/03\/IMG_20181018_110456_535-300x225.jpg 300w, https:\/\/blogsaverroes.juntadeandalucia.es\/ceipobispoosio\/files\/2015\/03\/IMG_20181018_110456_535-768x576.jpg 768w, https:\/\/blogsaverroes.juntadeandalucia.es\/ceipobispoosio\/files\/2015\/03\/IMG_20181018_110456_535-700x525.jpg 700w, https:\/\/blogsaverroes.juntadeandalucia.es\/ceipobispoosio\/files\/2015\/03\/IMG_20181018_110456_535-24x18.jpg 24w, https:\/\/blogsaverroes.juntadeandalucia.es\/ceipobispoosio\/files\/2015\/03\/IMG_20181018_110456_535-36x27.jpg 36w, https:\/\/blogsaverroes.juntadeandalucia.es\/ceipobispoosio\/files\/2015\/03\/IMG_20181018_110456_535-48x36.jpg 48w, https:\/\/blogsaverroes.juntadeandalucia.es\/ceipobispoosio\/files\/2015\/03\/IMG_20181018_110456_535.jpg 1600w\" sizes=\"(max-width: 660px) 100vw, 660px\" \/><\/a><\/p>\n<h5><strong>\u00abTaller de lectura en ingl\u00e9s\u00bb <\/strong>(realizado en el \u00e1rea de ingl\u00e9s de manera transversal para los cursos desde infantil a 6\u00ba)<\/h5>\n<p><a href=\"https:\/\/blogsaverroes.juntadeandalucia.es\/ceipobispoosio\/files\/2020\/02\/ingles-lectura.jpg\"><img loading=\"lazy\" decoding=\"async\" class=\"alignnone size-large wp-image-3746\" src=\"https:\/\/blogsaverroes.juntadeandalucia.es\/ceipobispoosio\/files\/2020\/02\/ingles-lectura-1024x576.jpg\" alt=\"\" width=\"660\" height=\"371\" srcset=\"https:\/\/blogsaverroes.juntadeandalucia.es\/ceipobispoosio\/files\/2020\/02\/ingles-lectura-1024x576.jpg 1024w, https:\/\/blogsaverroes.juntadeandalucia.es\/ceipobispoosio\/files\/2020\/02\/ingles-lectura-300x169.jpg 300w, https:\/\/blogsaverroes.juntadeandalucia.es\/ceipobispoosio\/files\/2020\/02\/ingles-lectura-768x432.jpg 768w, https:\/\/blogsaverroes.juntadeandalucia.es\/ceipobispoosio\/files\/2020\/02\/ingles-lectura-700x393.jpg 700w, https:\/\/blogsaverroes.juntadeandalucia.es\/ceipobispoosio\/files\/2020\/02\/ingles-lectura-24x14.jpg 24w, https:\/\/blogsaverroes.juntadeandalucia.es\/ceipobispoosio\/files\/2020\/02\/ingles-lectura-36x20.jpg 36w, https:\/\/blogsaverroes.juntadeandalucia.es\/ceipobispoosio\/files\/2020\/02\/ingles-lectura-48x27.jpg 48w, https:\/\/blogsaverroes.juntadeandalucia.es\/ceipobispoosio\/files\/2020\/02\/ingles-lectura.jpg 1280w\" sizes=\"(max-width: 660px) 100vw, 660px\" \/><\/a><\/p>\n<h5>&nbsp;<\/h5>\n<p>&nbsp;<\/p>\n","protected":false},"excerpt":{"rendered":"<p>Como proyecto de abstenci\u00f3n del absentismo escolar todos los martes del curso, despu\u00e9s del recreo, aparcamos los libros para realizar diferentes talleres y de este modo aprender de una manera m\u00e1s divertida y competencial.&#46;&#46;&#46;<\/p>\n","protected":false},"author":1,"featured_media":0,"parent":0,"menu_order":0,"comment_status":"closed","ping_status":"closed","template":"","meta":{"ngg_post_thumbnail":0,"footnotes":"","_mc_calendar":[]},"aioseo_notices":[],"_links":{"self":[{"href":"https:\/\/blogsaverroes.juntadeandalucia.es\/ceipobispoosio\/wp-json\/wp\/v2\/pages\/82"}],"collection":[{"href":"https:\/\/blogsaverroes.juntadeandalucia.es\/ceipobispoosio\/wp-json\/wp\/v2\/pages"}],"about":[{"href":"https:\/\/blogsaverroes.juntadeandalucia.es\/ceipobispoosio\/wp-json\/wp\/v2\/types\/page"}],"author":[{"embeddable":true,"href":"https:\/\/blogsaverroes.juntadeandalucia.es\/ceipobispoosio\/wp-json\/wp\/v2\/users\/1"}],"replies":[{"embeddable":true,"href":"https:\/\/blogsaverroes.juntadeandalucia.es\/ceipobispoosio\/wp-json\/wp\/v2\/comments?post=82"}],"version-history":[{"count":7,"href":"https:\/\/blogsaverroes.juntadeandalucia.es\/ceipobispoosio\/wp-json\/wp\/v2\/pages\/82\/revisions"}],"predecessor-version":[{"id":3751,"href":"https:\/\/blogsaverroes.juntadeandalucia.es\/ceipobispoosio\/wp-json\/wp\/v2\/pages\/82\/revisions\/3751"}],"wp:attachment":[{"href":"https:\/\/blogsaverroes.juntadeandalucia.es\/ceipobispoosio\/wp-json\/wp\/v2\/media?parent=82"}],"curies":[{"name":"wp","href":"https:\/\/api.w.org\/{rel}","templated":true}]}}