{"id":3298,"date":"2020-03-20T00:42:54","date_gmt":"2020-03-20T00:42:54","guid":{"rendered":"https:\/\/blogsaverroes.juntadeandalucia.es\/ceiporomana\/?page_id=3298"},"modified":"2020-05-17T19:23:31","modified_gmt":"2020-05-17T18:23:31","slug":"secretaria-virtual","status":"publish","type":"page","link":"https:\/\/blogsaverroes.juntadeandalucia.es\/ceiporomana\/secretaria-virtual\/","title":{"rendered":"SECRETAR\u00cdA VIRTUAL"},"content":{"rendered":"<p>Desde esta pesta\u00f1a tienes varios desplegables que te permitir\u00e1n<\/p>\n<ul>\n<li>Pedir cita previa para acudir al centro durante el periodo de suspensi\u00f3n de la actividad presencial en los centros educativos por el COVID-19 (coronavirus)<\/li>\n<li>Acceder al servicio de la Junta de Andaluc\u00eda de secretar\u00eda virtual de los centros educativos y rellenar desde ah\u00ed solicitudes de admisi\u00f3n, matr\u00edculas, solicitud de aula matinal y comedor y otros tr\u00e1mites generales.<\/li>\n<li>Acceso a los principales impresos para rellenarlos (no implica presentaci\u00f3n)<\/li>\n<li>Rellenar un formulario con incidencias en caso de no poder acceder a PASEN.<\/li>\n<\/ul>\n","protected":false},"excerpt":{"rendered":"<p>Desde esta pesta\u00f1a tienes varios desplegables que te permitir\u00e1n Pedir cita previa para acudir al centro durante el periodo de suspensi\u00f3n de la actividad presencial&hellip;<\/p>\n","protected":false},"author":2151,"featured_media":0,"parent":0,"menu_order":0,"comment_status":"closed","ping_status":"closed","template":"","meta":{"ngg_post_thumbnail":0,"footnotes":"","_mc_calendar":[]},"aioseo_notices":[],"_links":{"self":[{"href":"https:\/\/blogsaverroes.juntadeandalucia.es\/ceiporomana\/wp-json\/wp\/v2\/pages\/3298"}],"collection":[{"href":"https:\/\/blogsaverroes.juntadeandalucia.es\/ceiporomana\/wp-json\/wp\/v2\/pages"}],"about":[{"href":"https:\/\/blogsaverroes.juntadeandalucia.es\/ceiporomana\/wp-json\/wp\/v2\/types\/page"}],"author":[{"embeddable":true,"href":"https:\/\/blogsaverroes.juntadeandalucia.es\/ceiporomana\/wp-json\/wp\/v2\/users\/2151"}],"replies":[{"embeddable":true,"href":"https:\/\/blogsaverroes.juntadeandalucia.es\/ceiporomana\/wp-json\/wp\/v2\/comments?post=3298"}],"version-history":[{"count":5,"href":"https:\/\/blogsaverroes.juntadeandalucia.es\/ceiporomana\/wp-json\/wp\/v2\/pages\/3298\/revisions"}],"predecessor-version":[{"id":3423,"href":"https:\/\/blogsaverroes.juntadeandalucia.es\/ceiporomana\/wp-json\/wp\/v2\/pages\/3298\/revisions\/3423"}],"wp:attachment":[{"href":"https:\/\/blogsaverroes.juntadeandalucia.es\/ceiporomana\/wp-json\/wp\/v2\/media?parent=3298"}],"curies":[{"name":"wp","href":"https:\/\/api.w.org\/{rel}","templated":true}]}}