{"id":35,"date":"2015-03-13T08:21:43","date_gmt":"2015-03-13T08:21:43","guid":{"rendered":"http:\/\/blogsaverroes.juntadeandalucia.es\/pre\/ceip\/?page_id=35"},"modified":"2023-07-19T11:51:58","modified_gmt":"2023-07-19T10:51:58","slug":"el-centro-2","status":"publish","type":"page","link":"https:\/\/blogsaverroes.juntadeandalucia.es\/ceiporomana\/el-centro-2\/","title":{"rendered":"Datos del centro"},"content":{"rendered":"<p><strong>CEIP OROMANA<\/strong><\/p>\n<p><strong>Direcci\u00f3n:<\/strong> &nbsp;Calle Cardenal Amigo Vallejo, 1.&nbsp;&nbsp;41500, Alcal\u00e1 de Guada\u00edra<\/p>\n<p><strong>Tel\u00e9fono: &nbsp;600147510<\/strong><br \/>\n<strong>Email:<\/strong> secretaria@ceiporomana.com<\/p>\n<h4><strong>Oferta educativa<\/strong><\/h4>\n<p>Educaci\u00f3n Infantil.<\/p>\n<p>Educaci\u00f3n Primaria.<\/p>\n<p>Aula Espec\u00edfica Autismo.<\/p>\n<p>Centro Biling\u00fce.<\/p>\n<p>Escuela Espacio de Paz.<\/p>\n<p>Plan de igualdad de g\u00e9nero en Educaci\u00f3n.<\/p>\n<p>Proyecto ling\u00fc\u00edstico de Centro.<\/p>\n<p>Programa en Competencia Comunicativa.<\/p>\n<p>Programa Aldea: Ecohuerto&nbsp;<\/p>\n<p>Programa de H\u00e1bitos de Vida Saludable<\/p>\n<p>Proyecto de Innovaci\u00f3n Educativa \u00abAndaluc\u00eda Profundiza\u00bb<\/p>\n<p>Transformaci\u00f3n Digital de Centro.&nbsp;<\/p>\n<h4><strong>Localizaci\u00f3n<\/strong><\/h4>\n<p><iframe loading=\"lazy\" src=\"https:\/\/www.google.com\/maps\/embed?pb=!1m18!1m12!1m3!1d3172.7337444167783!2d-5.8662297880954695!3d37.32513413781667!2m3!1f0!2f0!3f0!3m2!1i1024!2i768!4f13.1!3m3!1m2!1s0xd12652ce53944bd%3A0xf6d796c1852fd6d!2sCEIP%20Oromana!5e0!3m2!1ses!2ses!4v1689763870500!5m2!1ses!2ses\" width=\"600\" height=\"450\"><\/iframe><\/p>\n<p><a href=\"https:\/\/goo.gl\/maps\/Qmp5mtaSSgP2\">C\u00f3mo llegar<\/a><\/p>\n","protected":false},"excerpt":{"rendered":"<p>CEIP OROMANA Direcci\u00f3n: &nbsp;Calle Cardenal Amigo Vallejo, 1.&nbsp;&nbsp;41500, Alcal\u00e1 de Guada\u00edra Tel\u00e9fono: &nbsp;600147510 Email: secretaria@ceiporomana.com Oferta educativa Educaci\u00f3n Infantil. Educaci\u00f3n Primaria. Aula Espec\u00edfica Autismo. Centro&hellip;<\/p>\n","protected":false},"author":1,"featured_media":0,"parent":0,"menu_order":0,"comment_status":"closed","ping_status":"open","template":"","meta":{"ngg_post_thumbnail":0,"footnotes":"","_mc_calendar":[]},"aioseo_notices":[],"_links":{"self":[{"href":"https:\/\/blogsaverroes.juntadeandalucia.es\/ceiporomana\/wp-json\/wp\/v2\/pages\/35"}],"collection":[{"href":"https:\/\/blogsaverroes.juntadeandalucia.es\/ceiporomana\/wp-json\/wp\/v2\/pages"}],"about":[{"href":"https:\/\/blogsaverroes.juntadeandalucia.es\/ceiporomana\/wp-json\/wp\/v2\/types\/page"}],"author":[{"embeddable":true,"href":"https:\/\/blogsaverroes.juntadeandalucia.es\/ceiporomana\/wp-json\/wp\/v2\/users\/1"}],"replies":[{"embeddable":true,"href":"https:\/\/blogsaverroes.juntadeandalucia.es\/ceiporomana\/wp-json\/wp\/v2\/comments?post=35"}],"version-history":[{"count":22,"href":"https:\/\/blogsaverroes.juntadeandalucia.es\/ceiporomana\/wp-json\/wp\/v2\/pages\/35\/revisions"}],"predecessor-version":[{"id":4280,"href":"https:\/\/blogsaverroes.juntadeandalucia.es\/ceiporomana\/wp-json\/wp\/v2\/pages\/35\/revisions\/4280"}],"wp:attachment":[{"href":"https:\/\/blogsaverroes.juntadeandalucia.es\/ceiporomana\/wp-json\/wp\/v2\/media?parent=35"}],"curies":[{"name":"wp","href":"https:\/\/api.w.org\/{rel}","templated":true}]}}