{"id":3656,"date":"2021-02-18T13:15:58","date_gmt":"2021-02-18T12:15:58","guid":{"rendered":"https:\/\/blogsaverroes.juntadeandalucia.es\/ceiporomana\/?page_id=3656"},"modified":"2021-02-18T13:17:46","modified_gmt":"2021-02-18T12:17:46","slug":"numero-4","status":"publish","type":"page","link":"https:\/\/blogsaverroes.juntadeandalucia.es\/ceiporomana\/numero-4\/","title":{"rendered":"N\u00famero 4"},"content":{"rendered":"<p>Pinchando en la fotograf\u00eda podr\u00e1s acceder a la cuarta edici\u00f3n de nuestro peri\u00f3dico, lanzada en febrero de 2021.<\/p>\n<p><a href=\"https:\/\/view.genial.ly\/5e5e719675ef8e0fc15b1f46\"><img loading=\"lazy\" decoding=\"async\" class=\"aligncenter size-large wp-image-3650\" src=\"https:\/\/blogsaverroes.juntadeandalucia.es\/ceiporomana\/files\/2021\/02\/Peri\u00f3dico-4-1024x544.jpg\" alt=\"\" width=\"660\" height=\"351\" srcset=\"https:\/\/blogsaverroes.juntadeandalucia.es\/ceiporomana\/files\/2021\/02\/Peri\u00f3dico-4-1024x544.jpg 1024w, https:\/\/blogsaverroes.juntadeandalucia.es\/ceiporomana\/files\/2021\/02\/Peri\u00f3dico-4-300x159.jpg 300w, https:\/\/blogsaverroes.juntadeandalucia.es\/ceiporomana\/files\/2021\/02\/Peri\u00f3dico-4-768x408.jpg 768w, https:\/\/blogsaverroes.juntadeandalucia.es\/ceiporomana\/files\/2021\/02\/Peri\u00f3dico-4-700x372.jpg 700w, https:\/\/blogsaverroes.juntadeandalucia.es\/ceiporomana\/files\/2021\/02\/Peri\u00f3dico-4.jpg 1182w\" sizes=\"(max-width: 660px) 100vw, 660px\" \/><\/a><\/p>\n","protected":false},"excerpt":{"rendered":"<p>Pinchando en la fotograf\u00eda podr\u00e1s acceder a la cuarta edici\u00f3n de nuestro peri\u00f3dico, lanzada en febrero de 2021.<\/p>\n","protected":false},"author":2151,"featured_media":0,"parent":0,"menu_order":0,"comment_status":"closed","ping_status":"closed","template":"","meta":{"ngg_post_thumbnail":0,"footnotes":"","_mc_calendar":[]},"aioseo_notices":[],"_links":{"self":[{"href":"https:\/\/blogsaverroes.juntadeandalucia.es\/ceiporomana\/wp-json\/wp\/v2\/pages\/3656"}],"collection":[{"href":"https:\/\/blogsaverroes.juntadeandalucia.es\/ceiporomana\/wp-json\/wp\/v2\/pages"}],"about":[{"href":"https:\/\/blogsaverroes.juntadeandalucia.es\/ceiporomana\/wp-json\/wp\/v2\/types\/page"}],"author":[{"embeddable":true,"href":"https:\/\/blogsaverroes.juntadeandalucia.es\/ceiporomana\/wp-json\/wp\/v2\/users\/2151"}],"replies":[{"embeddable":true,"href":"https:\/\/blogsaverroes.juntadeandalucia.es\/ceiporomana\/wp-json\/wp\/v2\/comments?post=3656"}],"version-history":[{"count":3,"href":"https:\/\/blogsaverroes.juntadeandalucia.es\/ceiporomana\/wp-json\/wp\/v2\/pages\/3656\/revisions"}],"predecessor-version":[{"id":3661,"href":"https:\/\/blogsaverroes.juntadeandalucia.es\/ceiporomana\/wp-json\/wp\/v2\/pages\/3656\/revisions\/3661"}],"wp:attachment":[{"href":"https:\/\/blogsaverroes.juntadeandalucia.es\/ceiporomana\/wp-json\/wp\/v2\/media?parent=3656"}],"curies":[{"name":"wp","href":"https:\/\/api.w.org\/{rel}","templated":true}]}}