{"id":4036,"date":"2022-05-04T16:30:47","date_gmt":"2022-05-04T15:30:47","guid":{"rendered":"https:\/\/blogsaverroes.juntadeandalucia.es\/ceiporomana\/?page_id=4036"},"modified":"2023-02-15T11:24:15","modified_gmt":"2023-02-15T10:24:15","slug":"criterios-seleccion-movilidades","status":"publish","type":"page","link":"https:\/\/blogsaverroes.juntadeandalucia.es\/ceiporomana\/criterios-seleccion-movilidades\/","title":{"rendered":"Criterios selecci\u00f3n movilidades"},"content":{"rendered":"<p style=\"text-align: justify\">El pasado 14 de febrero el Consejo Escolar del CEIP Oromana modific\u00f3 los criterios para la selecci\u00f3n del alumnado interesado en participar en las movilidades que se celebren en el Programa Erasmus + en el que nos encontramos inmersos. Esta modificaci\u00f3n se hac\u00eda para adaptarlos al n\u00famero de unidades actuales en 6\u00ba curso.<\/p>\n<p><a href=\"https:\/\/blogsaverroes.juntadeandalucia.es\/ceiporomana\/files\/2023\/02\/modificaci\u00f3n-22-23-CRITERIOS-SELECCION-ERASMUS.pdf\">CRITERIOS SELECCION ERASMUS+<\/a><\/p>\n","protected":false},"excerpt":{"rendered":"<p>El pasado 14 de febrero el Consejo Escolar del CEIP Oromana modific\u00f3 los criterios para la selecci\u00f3n del alumnado interesado en participar en las movilidades&hellip;<\/p>\n","protected":false},"author":13923,"featured_media":0,"parent":0,"menu_order":0,"comment_status":"closed","ping_status":"closed","template":"","meta":{"ngg_post_thumbnail":0,"footnotes":"","_mc_calendar":[]},"aioseo_notices":[],"_links":{"self":[{"href":"https:\/\/blogsaverroes.juntadeandalucia.es\/ceiporomana\/wp-json\/wp\/v2\/pages\/4036"}],"collection":[{"href":"https:\/\/blogsaverroes.juntadeandalucia.es\/ceiporomana\/wp-json\/wp\/v2\/pages"}],"about":[{"href":"https:\/\/blogsaverroes.juntadeandalucia.es\/ceiporomana\/wp-json\/wp\/v2\/types\/page"}],"author":[{"embeddable":true,"href":"https:\/\/blogsaverroes.juntadeandalucia.es\/ceiporomana\/wp-json\/wp\/v2\/users\/13923"}],"replies":[{"embeddable":true,"href":"https:\/\/blogsaverroes.juntadeandalucia.es\/ceiporomana\/wp-json\/wp\/v2\/comments?post=4036"}],"version-history":[{"count":4,"href":"https:\/\/blogsaverroes.juntadeandalucia.es\/ceiporomana\/wp-json\/wp\/v2\/pages\/4036\/revisions"}],"predecessor-version":[{"id":4198,"href":"https:\/\/blogsaverroes.juntadeandalucia.es\/ceiporomana\/wp-json\/wp\/v2\/pages\/4036\/revisions\/4198"}],"wp:attachment":[{"href":"https:\/\/blogsaverroes.juntadeandalucia.es\/ceiporomana\/wp-json\/wp\/v2\/media?parent=4036"}],"curies":[{"name":"wp","href":"https:\/\/api.w.org\/{rel}","templated":true}]}}