{"id":4248,"date":"2023-07-02T12:16:04","date_gmt":"2023-07-02T11:16:04","guid":{"rendered":"https:\/\/blogsaverroes.juntadeandalucia.es\/ceiporomana\/?page_id=4248"},"modified":"2023-07-14T16:44:25","modified_gmt":"2023-07-14T15:44:25","slug":"radio-escolar","status":"publish","type":"page","link":"https:\/\/blogsaverroes.juntadeandalucia.es\/ceiporomana\/radio-escolar\/","title":{"rendered":"RADIO ESCOLAR OROMANA"},"content":{"rendered":"<p style=\"text-align: justify\">Desde el curso 21-22 mediante un proyecto Andaluc\u00eda Profundiza, comenzamos a realizar pruebas piloto para crear nuestra radio escolar. Nuestro alumnado han ido sacando varios programas donde nos cuentan con alegr\u00eda la vida de nuestra escuela. &nbsp;A lo largo de este curso 22-23 se han realizado varios programas que a continuaci\u00f3n se sube para el inter\u00e9s de la comunidad educativa.&nbsp;<\/p>\n<p>&nbsp;<\/p>\n<p><iframe loading=\"lazy\" src=\"https:\/\/www.ivoox.com\/player_ej_85449818_6_1.html?c1=04843e\" width=\"100%\" height=\"200\" frameborder=\"0\" scrolling=\"no\"><\/iframe><\/p>\n<p>Programa Piloto.<\/p>\n<p><iframe loading=\"lazy\" src=\"https:\/\/www.ivoox.com\/player_ej_88450781_6_1.html?c1=04843e\" width=\"100%\" height=\"200\" frameborder=\"0\" scrolling=\"no\"><\/iframe><\/p>\n<p>Reportaje Eramus+ 2022.<\/p>\n<p><iframe loading=\"lazy\" src=\"https:\/\/www.ivoox.com\/player_es_podcast_2081283_zp_1.html?c1=049444\" width=\"100%\" height=\"400\" frameborder=\"0\" scrolling=\"no\"><\/iframe><\/p>\n<p>Programa de Radio 1er Trimestre 22-23<\/p>\n<p><iframe loading=\"lazy\" src=\"https:\/\/www.ivoox.com\/player_ej_112410659_6_1.html?c1=049444\" width=\"100%\" height=\"200\" frameborder=\"0\" scrolling=\"no\"><\/iframe><\/p>\n<p>Programa de radio: Entrevistas a las maestras Elena y Elisa, conversaci\u00f3n con la asistente de conversaci\u00f3n Jordan y el teatro sobre Witiza de 5\u00baB<\/p>\n<p><iframe loading=\"lazy\" src=\"https:\/\/www.ivoox.com\/player_ej_112410995_6_1.html?c1=049444\" width=\"100%\" height=\"200\" frameborder=\"0\" scrolling=\"no\"><\/iframe><br \/>\n&nbsp;<\/p>\n<p>Programa de radio: Entrevistas a las maestras Miriam y Carmen, recital de m\u00fasica y poes\u00eda, y el teatro sobre Witiza de 5\u00baA<\/p>\n","protected":false},"excerpt":{"rendered":"<p>Desde el curso 21-22 mediante un proyecto Andaluc\u00eda Profundiza, comenzamos a realizar pruebas piloto para crear nuestra radio escolar. Nuestro alumnado han ido sacando varios&hellip;<\/p>\n","protected":false},"author":13975,"featured_media":0,"parent":0,"menu_order":0,"comment_status":"closed","ping_status":"closed","template":"","meta":{"ngg_post_thumbnail":0,"footnotes":"","_mc_calendar":[]},"aioseo_notices":[],"_links":{"self":[{"href":"https:\/\/blogsaverroes.juntadeandalucia.es\/ceiporomana\/wp-json\/wp\/v2\/pages\/4248"}],"collection":[{"href":"https:\/\/blogsaverroes.juntadeandalucia.es\/ceiporomana\/wp-json\/wp\/v2\/pages"}],"about":[{"href":"https:\/\/blogsaverroes.juntadeandalucia.es\/ceiporomana\/wp-json\/wp\/v2\/types\/page"}],"author":[{"embeddable":true,"href":"https:\/\/blogsaverroes.juntadeandalucia.es\/ceiporomana\/wp-json\/wp\/v2\/users\/13975"}],"replies":[{"embeddable":true,"href":"https:\/\/blogsaverroes.juntadeandalucia.es\/ceiporomana\/wp-json\/wp\/v2\/comments?post=4248"}],"version-history":[{"count":7,"href":"https:\/\/blogsaverroes.juntadeandalucia.es\/ceiporomana\/wp-json\/wp\/v2\/pages\/4248\/revisions"}],"predecessor-version":[{"id":4276,"href":"https:\/\/blogsaverroes.juntadeandalucia.es\/ceiporomana\/wp-json\/wp\/v2\/pages\/4248\/revisions\/4276"}],"wp:attachment":[{"href":"https:\/\/blogsaverroes.juntadeandalucia.es\/ceiporomana\/wp-json\/wp\/v2\/media?parent=4248"}],"curies":[{"name":"wp","href":"https:\/\/api.w.org\/{rel}","templated":true}]}}

<p style="text-align: justify">Desde el curso 21-22 mediante un proyecto Andalucía Profundiza, comenzamos a realizar pruebas piloto para crear nuestra radio escolar. Nuestro alumnado han ido sacando varios programas donde nos cuentan con alegría la vida de nuestra escuela. &nbsp;A lo largo de este curso 22-23 se han realizado varios programas que a continuación se sube para el interés de la comunidad educativa.&nbsp;</p>
<p>&nbsp;</p>
<p><iframe loading="lazy" src="https://www.ivoox.com/player_ej_85449818_6_1.html?c1=04843e" width="100%" height="200" frameborder="0" scrolling="no"></iframe></p>
<p>Programa Piloto.</p>
<p><iframe loading="lazy" src="https://www.ivoox.com/player_ej_88450781_6_1.html?c1=04843e" width="100%" height="200" frameborder="0" scrolling="no"></iframe></p>
<p>Reportaje Eramus+ 2022.</p>
<p><iframe loading="lazy" src="https://www.ivoox.com/player_es_podcast_2081283_zp_1.html?c1=049444" width="100%" height="400" frameborder="0" scrolling="no"></iframe></p>
<p>Programa de Radio 1er Trimestre 22-23</p>
<p><iframe loading="lazy" src="https://www.ivoox.com/player_ej_112410659_6_1.html?c1=049444" width="100%" height="200" frameborder="0" scrolling="no"></iframe></p>
<p>Programa de radio: Entrevistas a las maestras Elena y Elisa, conversación con la asistente de conversación Jordan y el teatro sobre Witiza de 5ºB</p>
<p><iframe loading="lazy" src="https://www.ivoox.com/player_ej_112410995_6_1.html?c1=049444" width="100%" height="200" frameborder="0" scrolling="no"></iframe><br />
&nbsp;</p>
<p>Programa de radio: Entrevistas a las maestras Miriam y Carmen, recital de música y poesía, y el teatro sobre Witiza de 5ºA</p>

<p>Desde el curso 21-22 mediante un proyecto Andalucía Profundiza, comenzamos a realizar pruebas piloto para crear nuestra radio escolar. Nuestro alumnado han ido sacando varios&hellip;</p>
