{"id":42,"date":"2015-03-13T08:40:47","date_gmt":"2015-03-13T08:40:47","guid":{"rendered":"http:\/\/blogsaverroes.juntadeandalucia.es\/pre\/ceip\/?page_id=42"},"modified":"2026-01-29T11:51:43","modified_gmt":"2026-01-29T11:51:43","slug":"equipo-directivo","status":"publish","type":"page","link":"https:\/\/blogsaverroes.juntadeandalucia.es\/ceippablogarciabaena\/equipo-directivo\/","title":{"rendered":"Equipo directivo"},"content":{"rendered":"<p><strong>Direcci\u00f3n:&nbsp;<\/strong><\/p>\n<p>Alfonso Moyano Garc\u00eda<\/p>\n<p><strong>Jefatura de estudios:<\/strong><\/p>\n<p>Antonio Esquina Aracil<\/p>\n<p><strong>Secretar\u00eda:<\/strong><\/p>\n<p>Ana \u00c1lvarez Limpo<\/p>\n<p>&nbsp;<\/p>\n<p><span style=\"font-weight: 400\">EL MODELO DE CENTRO DEFINIDO EN NUESTRO PROYECTO:<\/span><\/p>\n<p><span style=\"font-weight: 400\">\u2714 <\/span><span style=\"font-weight: 400\">Un centro inclusivo en el que se integre todo el alumnado <\/span><\/p>\n<p><span style=\"font-weight: 400\">\u2714 <\/span><span style=\"font-weight: 400\">Un centro que tenga como objetivo prioritario el desarrollo de capacidades y competencias del alumnado, partiendo de su contexto socioeducativo, propiciando la atenci\u00f3n individualizada. <\/span><\/p>\n<p><span style=\"font-weight: 400\">\u2714 <\/span><span style=\"font-weight: 400\">Un centro que promocione la convivencia positiva, uno de los ejes fundamentales de este proyecto. Que potencie la relaci\u00f3n entre los miembros del equipo docente para conseguir un clima que facilite su labor. <\/span><\/p>\n<p><span style=\"font-weight: 400\">\u2714 <\/span><span style=\"font-weight: 400\">Un Centro participativo en el que el sentir, las demandas, y la disposici\u00f3n de la comunidad educativa para la mejora puedan ser recogidas de forma sincera, real y enriquecedora. <\/span><\/p>\n<p><span style=\"font-weight: 400\">\u2714 <\/span><span style=\"font-weight: 400\">Un centro que avance hacia la cohesi\u00f3n, que dinamice y promueva la innovaci\u00f3n y avance en eficacia y en la toma de decisiones compartidas. <\/span><\/p>\n<p><span style=\"font-weight: 400\">\u2714 <\/span><span style=\"font-weight: 400\">Un centro capaz de crear las condiciones adecuadas para propiciar el desarrollo profesional y humano del personal docente y de administraci\u00f3n y servicios adscritos. <\/span><\/p>\n<p><span style=\"font-weight: 400\">\u2714 <\/span><span style=\"font-weight: 400\">Un Centro abierto y relacionado con su entorno, con oferta de actividades culturales y deportivas en horario extraescolar, que pueda contar con instalaciones y equipamientos adecuados. <\/span><\/p>\n","protected":false},"excerpt":{"rendered":"<p>Direcci\u00f3n:&nbsp; Alfonso Moyano Garc\u00eda Jefatura de estudios: Antonio Esquina Aracil Secretar\u00eda: Ana \u00c1lvarez Limpo &nbsp; EL MODELO DE CENTRO DEFINIDO EN NUESTRO PROYECTO: \u2714 Un centro inclusivo en el que se integre todo el&#46;&#46;&#46;<\/p>\n","protected":false},"author":1,"featured_media":0,"parent":0,"menu_order":0,"comment_status":"closed","ping_status":"open","template":"","meta":{"ngg_post_thumbnail":0,"footnotes":"","_mc_calendar":[]},"aioseo_notices":[],"_links":{"self":[{"href":"https:\/\/blogsaverroes.juntadeandalucia.es\/ceippablogarciabaena\/wp-json\/wp\/v2\/pages\/42"}],"collection":[{"href":"https:\/\/blogsaverroes.juntadeandalucia.es\/ceippablogarciabaena\/wp-json\/wp\/v2\/pages"}],"about":[{"href":"https:\/\/blogsaverroes.juntadeandalucia.es\/ceippablogarciabaena\/wp-json\/wp\/v2\/types\/page"}],"author":[{"embeddable":true,"href":"https:\/\/blogsaverroes.juntadeandalucia.es\/ceippablogarciabaena\/wp-json\/wp\/v2\/users\/1"}],"replies":[{"embeddable":true,"href":"https:\/\/blogsaverroes.juntadeandalucia.es\/ceippablogarciabaena\/wp-json\/wp\/v2\/comments?post=42"}],"version-history":[{"count":5,"href":"https:\/\/blogsaverroes.juntadeandalucia.es\/ceippablogarciabaena\/wp-json\/wp\/v2\/pages\/42\/revisions"}],"predecessor-version":[{"id":2978,"href":"https:\/\/blogsaverroes.juntadeandalucia.es\/ceippablogarciabaena\/wp-json\/wp\/v2\/pages\/42\/revisions\/2978"}],"wp:attachment":[{"href":"https:\/\/blogsaverroes.juntadeandalucia.es\/ceippablogarciabaena\/wp-json\/wp\/v2\/media?parent=42"}],"curies":[{"name":"wp","href":"https:\/\/api.w.org\/{rel}","templated":true}]}}

<p><strong>Dirección:&nbsp;</strong></p>
<p>Alfonso Moyano García</p>
<p><strong>Jefatura de estudios:</strong></p>
<p>Antonio Esquina Aracil</p>
<p><strong>Secretaría:</strong></p>
<p>Ana Álvarez Limpo</p>
<p>&nbsp;</p>
<p><span style="font-weight: 400">EL MODELO DE CENTRO DEFINIDO EN NUESTRO PROYECTO:</span></p>
<p><span style="font-weight: 400">✔ </span><span style="font-weight: 400">Un centro inclusivo en el que se integre todo el alumnado </span></p>
<p><span style="font-weight: 400">✔ </span><span style="font-weight: 400">Un centro que tenga como objetivo prioritario el desarrollo de capacidades y competencias del alumnado, partiendo de su contexto socioeducativo, propiciando la atención individualizada. </span></p>
<p><span style="font-weight: 400">✔ </span><span style="font-weight: 400">Un centro que promocione la convivencia positiva, uno de los ejes fundamentales de este proyecto. Que potencie la relación entre los miembros del equipo docente para conseguir un clima que facilite su labor. </span></p>
<p><span style="font-weight: 400">✔ </span><span style="font-weight: 400">Un Centro participativo en el que el sentir, las demandas, y la disposición de la comunidad educativa para la mejora puedan ser recogidas de forma sincera, real y enriquecedora. </span></p>
<p><span style="font-weight: 400">✔ </span><span style="font-weight: 400">Un centro que avance hacia la cohesión, que dinamice y promueva la innovación y avance en eficacia y en la toma de decisiones compartidas. </span></p>
<p><span style="font-weight: 400">✔ </span><span style="font-weight: 400">Un centro capaz de crear las condiciones adecuadas para propiciar el desarrollo profesional y humano del personal docente y de administración y servicios adscritos. </span></p>
<p><span style="font-weight: 400">✔ </span><span style="font-weight: 400">Un Centro abierto y relacionado con su entorno, con oferta de actividades culturales y deportivas en horario extraescolar, que pueda contar con instalaciones y equipamientos adecuados. </span></p>

<p>Dirección:&nbsp; Alfonso Moyano García Jefatura de estudios: Antonio Esquina Aracil Secretaría: Ana Álvarez Limpo &nbsp; EL MODELO DE CENTRO DEFINIDO EN NUESTRO PROYECTO: ✔ Un centro inclusivo en el que se integre todo el&#46;&#46;&#46;</p>
