{"id":869,"date":"2015-03-16T07:03:52","date_gmt":"2015-03-16T07:03:52","guid":{"rendered":"http:\/\/blogsaverroes.juntadeandalucia.es\/pre\/ceip\/?page_id=84"},"modified":"2024-03-03T12:40:45","modified_gmt":"2024-03-03T12:40:45","slug":"calendario-escolar","status":"publish","type":"page","link":"https:\/\/blogsaverroes.juntadeandalucia.es\/ceippablogarciabaena\/calendario-escolar\/","title":{"rendered":"Calendario escolar para el curso 2023\/2024"},"content":{"rendered":"<p><a href=\"https:\/\/blogsaverroes.juntadeandalucia.es\/ceippablogarciabaena\/files\/2022\/09\/Calendario-escolar-22_23.jpg\"><img decoding=\"async\" src=\"https:\/\/static.eldiario.es\/clip\/45ef028a-4735-4b16-8156-6e4c17893cc4_source-aspect-ratio_default_0.jpg\"><\/a><\/p>\n<p><strong>Fiestas locales:<\/strong><\/p>\n<ul>\n<li><strong>24 de octubre de 2023 (d\u00eda de San Rafael).<\/strong><\/li>\n<li><strong>23 y 24 de mayo (d\u00edas de la Feria de Nuestra Se\u00f1ora de la Salud).<\/strong><\/li>\n<\/ul>\n","protected":false},"excerpt":{"rendered":"<p>Fiestas locales: 24 de octubre de 2023 (d\u00eda de San Rafael). 23 y 24 de mayo (d\u00edas de la Feria de Nuestra Se\u00f1ora de la Salud).<\/p>\n","protected":false},"author":1,"featured_media":0,"parent":0,"menu_order":0,"comment_status":"closed","ping_status":"open","template":"","meta":{"ngg_post_thumbnail":0,"footnotes":"","_mc_calendar":[]},"aioseo_notices":[],"_links":{"self":[{"href":"https:\/\/blogsaverroes.juntadeandalucia.es\/ceippablogarciabaena\/wp-json\/wp\/v2\/pages\/869"}],"collection":[{"href":"https:\/\/blogsaverroes.juntadeandalucia.es\/ceippablogarciabaena\/wp-json\/wp\/v2\/pages"}],"about":[{"href":"https:\/\/blogsaverroes.juntadeandalucia.es\/ceippablogarciabaena\/wp-json\/wp\/v2\/types\/page"}],"author":[{"embeddable":true,"href":"https:\/\/blogsaverroes.juntadeandalucia.es\/ceippablogarciabaena\/wp-json\/wp\/v2\/users\/1"}],"replies":[{"embeddable":true,"href":"https:\/\/blogsaverroes.juntadeandalucia.es\/ceippablogarciabaena\/wp-json\/wp\/v2\/comments?post=869"}],"version-history":[{"count":15,"href":"https:\/\/blogsaverroes.juntadeandalucia.es\/ceippablogarciabaena\/wp-json\/wp\/v2\/pages\/869\/revisions"}],"predecessor-version":[{"id":2790,"href":"https:\/\/blogsaverroes.juntadeandalucia.es\/ceippablogarciabaena\/wp-json\/wp\/v2\/pages\/869\/revisions\/2790"}],"wp:attachment":[{"href":"https:\/\/blogsaverroes.juntadeandalucia.es\/ceippablogarciabaena\/wp-json\/wp\/v2\/media?parent=869"}],"curies":[{"name":"wp","href":"https:\/\/api.w.org\/{rel}","templated":true}]}}