{"id":3095,"date":"2020-10-01T20:29:47","date_gmt":"2020-10-01T18:29:47","guid":{"rendered":"http:\/\/blogsaverroes.juntadeandalucia.es\/ceippablopicasso\/?page_id=3095"},"modified":"2024-09-09T09:55:47","modified_gmt":"2024-09-09T07:55:47","slug":"consejo-escolar","status":"publish","type":"page","link":"https:\/\/blogsaverroes.juntadeandalucia.es\/ceippablopicasso\/consejo-escolar\/","title":{"rendered":"Consejo escolar"},"content":{"rendered":"<h3><strong>Componentes del consejo escolar de nuestro colegio curso 24\/25.<\/strong><\/h3>\n<p><strong><span class=\"texto-SNC \"><em>Equipo directivo<\/em>:&nbsp; Morales Holgado, Mar\u00eda<\/span><\/strong><strong><span class=\"texto-SNC \">; Dom\u00ednguez Lebrero, Cristina<\/span><\/strong><strong> y Clavijo Garc\u00eda, Marcos.<span class=\"texto-SNC \"><br \/>\n<\/span><\/strong><\/p>\n<p><strong><em>Profesorado<\/em>: <span class=\"texto-SNC \">&nbsp;Pe\u00f1a Bustillo, Estefan\u00eda; Luque V\u00e1zquez, Inmaculada.<br \/>\n<\/span><\/strong><\/p>\n<p><strong><em>Familias<\/em>:&nbsp;<span class=\"texto-SNC \"> Calvo Rodr\u00edguez, Macarena; Caro C\u00e1rdenas, Mar\u00eda Luisa; G\u00f3mez Becerra, Br\u00edgida; Maya Torres, Ana Isabel; Mart\u00edn Mac\u00edas, Elisa y Representante AMPA- Huertas G\u00f3mez, Manuela.<br \/>\n<\/span><\/strong><\/p>\n<p><strong><em>Personal Administraci\u00f3n y Servicios<\/em>: <span class=\"texto-SNC \">Periago L\u00f3pez, Mar\u00eda Jos\u00e9.<\/span><\/strong><\/p>\n<p><strong><em>Representante del Ayuntamiento<\/em>: S\u00e1nchez, Ricardo.<span class=\"texto-SNC \"><br \/>\n<\/span><\/strong><\/p>\n","protected":false},"excerpt":{"rendered":"<p>Componentes del consejo escolar de nuestro colegio curso 24\/25. Equipo directivo:&nbsp; Morales Holgado, Mar\u00eda; Dom\u00ednguez Lebrero, Cristina y Clavijo Garc\u00eda, Marcos. Profesorado: &nbsp;Pe\u00f1a Bustillo, Estefan\u00eda; Luque V\u00e1zquez, Inmaculada. Familias:&nbsp; Calvo Rodr\u00edguez, Macarena; Caro C\u00e1rdenas,&#46;&#46;&#46;<\/p>\n","protected":false},"author":3441,"featured_media":0,"parent":0,"menu_order":0,"comment_status":"closed","ping_status":"closed","template":"","meta":{"ngg_post_thumbnail":0,"footnotes":"","_mc_calendar":[]},"aioseo_notices":[],"_links":{"self":[{"href":"https:\/\/blogsaverroes.juntadeandalucia.es\/ceippablopicasso\/wp-json\/wp\/v2\/pages\/3095"}],"collection":[{"href":"https:\/\/blogsaverroes.juntadeandalucia.es\/ceippablopicasso\/wp-json\/wp\/v2\/pages"}],"about":[{"href":"https:\/\/blogsaverroes.juntadeandalucia.es\/ceippablopicasso\/wp-json\/wp\/v2\/types\/page"}],"author":[{"embeddable":true,"href":"https:\/\/blogsaverroes.juntadeandalucia.es\/ceippablopicasso\/wp-json\/wp\/v2\/users\/3441"}],"replies":[{"embeddable":true,"href":"https:\/\/blogsaverroes.juntadeandalucia.es\/ceippablopicasso\/wp-json\/wp\/v2\/comments?post=3095"}],"version-history":[{"count":8,"href":"https:\/\/blogsaverroes.juntadeandalucia.es\/ceippablopicasso\/wp-json\/wp\/v2\/pages\/3095\/revisions"}],"predecessor-version":[{"id":6766,"href":"https:\/\/blogsaverroes.juntadeandalucia.es\/ceippablopicasso\/wp-json\/wp\/v2\/pages\/3095\/revisions\/6766"}],"wp:attachment":[{"href":"https:\/\/blogsaverroes.juntadeandalucia.es\/ceippablopicasso\/wp-json\/wp\/v2\/media?parent=3095"}],"curies":[{"name":"wp","href":"https:\/\/api.w.org\/{rel}","templated":true}]}}