{"id":4885,"date":"2023-02-27T11:55:09","date_gmt":"2023-02-27T09:55:09","guid":{"rendered":"http:\/\/blogsaverroes.juntadeandalucia.es\/ceippablopicasso\/?page_id=4885"},"modified":"2023-02-27T12:25:44","modified_gmt":"2023-02-27T10:25:44","slug":"nuestra-presencia-online","status":"publish","type":"page","link":"https:\/\/blogsaverroes.juntadeandalucia.es\/ceippablopicasso\/nuestra-presencia-online\/","title":{"rendered":"D\u00f3nde encontrarnos"},"content":{"rendered":"<p>Para facilitar la conexi\u00f3n de la comunidad educativa o de cualquier persona con la informaci\u00f3n de nuestro centro, recopilamos los lugares donde tenemos presencia:<\/p>\n<table class=\" aligncenter\" style=\"width: 100%;border-collapse: collapse;background-color: #f7f2f2\">\n<tbody>\n<tr>\n<td style=\"width: 50%\">1\/ P\u00c1GINA WEB<\/td>\n<td style=\"width: 50%\"><img decoding=\"async\" class=\"alignleft wp-image-4887\" src=\"https:\/\/blogsaverroes.juntadeandalucia.es\/ceippablopicasso\/files\/2023\/02\/logo-300x300.jpg\" alt=\"\" width=\"164\" height=\"164\" srcset=\"https:\/\/blogsaverroes.juntadeandalucia.es\/ceippablopicasso\/files\/2023\/02\/logo-300x300.jpg 300w, https:\/\/blogsaverroes.juntadeandalucia.es\/ceippablopicasso\/files\/2023\/02\/logo-1024x1024.jpg 1024w, https:\/\/blogsaverroes.juntadeandalucia.es\/ceippablopicasso\/files\/2023\/02\/logo-150x150.jpg 150w, https:\/\/blogsaverroes.juntadeandalucia.es\/ceippablopicasso\/files\/2023\/02\/logo-768x767.jpg 768w, https:\/\/blogsaverroes.juntadeandalucia.es\/ceippablopicasso\/files\/2023\/02\/logo-432x432.jpg 432w, https:\/\/blogsaverroes.juntadeandalucia.es\/ceippablopicasso\/files\/2023\/02\/logo-268x268.jpg 268w, https:\/\/blogsaverroes.juntadeandalucia.es\/ceippablopicasso\/files\/2023\/02\/logo-700x699.jpg 700w, https:\/\/blogsaverroes.juntadeandalucia.es\/ceippablopicasso\/files\/2023\/02\/logo.jpg 1280w\" sizes=\"(max-width: 164px) 100vw, 164px\" \/><\/td>\n<\/tr>\n<tr>\n<td style=\"width: 50%\">2\/ CORREO ELECTR\u00d3NICO<\/td>\n<td style=\"width: 50%\"><a href=\"mailto:11002471.edu@juntadeandalucia.es\"><img fetchpriority=\"high\" decoding=\"async\" class=\"size-full wp-image-4888 alignnone\" src=\"https:\/\/blogsaverroes.juntadeandalucia.es\/ceippablopicasso\/files\/2023\/02\/CORREO-ELECTRO\u0301NICO.jpeg\" alt=\"\" width=\"300\" height=\"168\"\/><\/a><\/td>\n<\/tr>\n<tr>\n<td style=\"width: 50%\">3\/ INSTAGRAM<\/td>\n<td style=\"width: 50%\"><a href=\"https:\/\/www.instagram.com\/ceippablopicassoestella\/\"><img decoding=\"async\" class=\" wp-image-4890 alignleft\" src=\"https:\/\/blogsaverroes.juntadeandalucia.es\/ceippablopicasso\/files\/2023\/02\/INSTAGRAM-300x144.jpeg\" alt=\"\" width=\"277\" height=\"138\"\/><\/a><\/td>\n<\/tr>\n<tr>\n<td style=\"width: 50%\">4\/ FACEBOOK<\/td>\n<td style=\"width: 50%\"><a href=\"https:\/\/www.facebook.com\/ceippablopicasso\/\"><img loading=\"lazy\" decoding=\"async\" class=\"aligncenter size-medium wp-image-4889\" src=\"https:\/\/blogsaverroes.juntadeandalucia.es\/ceippablopicasso\/files\/2023\/02\/FACEBOOK-300x106.png\" alt=\"\" width=\"300\" height=\"106\" srcset=\"https:\/\/blogsaverroes.juntadeandalucia.es\/ceippablopicasso\/files\/2023\/02\/FACEBOOK-300x106.png 300w, https:\/\/blogsaverroes.juntadeandalucia.es\/ceippablopicasso\/files\/2023\/02\/FACEBOOK.png 378w\" sizes=\"(max-width: 300px) 100vw, 300px\" \/><\/a><\/td>\n<\/tr>\n<tr>\n<td style=\"width: 50%\">5\/ TELEGRAM<\/td>\n<td style=\"width: 50%\"><a href=\"https:\/\/t.me\/colepablopicasso\"><img loading=\"lazy\" decoding=\"async\" class=\"size-full wp-image-4886 alignleft\" src=\"https:\/\/blogsaverroes.juntadeandalucia.es\/ceippablopicasso\/files\/2023\/02\/telegram.jpeg\" alt=\"\" width=\"300\" height=\"168\"\/><\/a><\/td>\n<\/tr>\n<\/tbody>\n<\/table>\n<p>(PARA ACCEDER PINCHA EN LAS IM\u00c1GENES)<\/p>\n<p>Adem\u00e1s compartimos el enlace con nuestra informaci\u00f3n en el proceso de escolarizaci\u00f3n.<\/p>\n<p>&nbsp;<\/p>\n<p><a href=\"https:\/\/blogsaverroes.juntadeandalucia.es\/ceippablopicasso\/files\/2023\/02\/escolarizacio\u0301n.jpeg\"><img loading=\"lazy\" decoding=\"async\" class=\"size-medium wp-image-4892 alignleft\" src=\"https:\/\/blogsaverroes.juntadeandalucia.es\/ceippablopicasso\/files\/2023\/02\/escolarizacio\u0301n-300x76.jpeg\" alt=\"\" width=\"300\" height=\"76\" srcset=\"https:\/\/blogsaverroes.juntadeandalucia.es\/ceippablopicasso\/files\/2023\/02\/escolarizacio\u0301n-300x76.jpeg 300w, https:\/\/blogsaverroes.juntadeandalucia.es\/ceippablopicasso\/files\/2023\/02\/escolarizacio\u0301n.jpeg 447w\" sizes=\"(max-width: 300px) 100vw, 300px\" \/><\/a><\/p>\n","protected":false},"excerpt":{"rendered":"<p>Para facilitar la conexi\u00f3n de la comunidad educativa o de cualquier persona con la informaci\u00f3n de nuestro centro, recopilamos los lugares donde tenemos presencia: 1\/ P\u00c1GINA WEB 2\/ CORREO ELECTR\u00d3NICO 3\/ INSTAGRAM 4\/ FACEBOOK&#46;&#46;&#46;<\/p>\n","protected":false},"author":3441,"featured_media":0,"parent":0,"menu_order":0,"comment_status":"closed","ping_status":"closed","template":"","meta":{"ngg_post_thumbnail":0,"footnotes":"","_mc_calendar":[]},"aioseo_notices":[],"_links":{"self":[{"href":"https:\/\/blogsaverroes.juntadeandalucia.es\/ceippablopicasso\/wp-json\/wp\/v2\/pages\/4885"}],"collection":[{"href":"https:\/\/blogsaverroes.juntadeandalucia.es\/ceippablopicasso\/wp-json\/wp\/v2\/pages"}],"about":[{"href":"https:\/\/blogsaverroes.juntadeandalucia.es\/ceippablopicasso\/wp-json\/wp\/v2\/types\/page"}],"author":[{"embeddable":true,"href":"https:\/\/blogsaverroes.juntadeandalucia.es\/ceippablopicasso\/wp-json\/wp\/v2\/users\/3441"}],"replies":[{"embeddable":true,"href":"https:\/\/blogsaverroes.juntadeandalucia.es\/ceippablopicasso\/wp-json\/wp\/v2\/comments?post=4885"}],"version-history":[{"count":18,"href":"https:\/\/blogsaverroes.juntadeandalucia.es\/ceippablopicasso\/wp-json\/wp\/v2\/pages\/4885\/revisions"}],"predecessor-version":[{"id":4910,"href":"https:\/\/blogsaverroes.juntadeandalucia.es\/ceippablopicasso\/wp-json\/wp\/v2\/pages\/4885\/revisions\/4910"}],"wp:attachment":[{"href":"https:\/\/blogsaverroes.juntadeandalucia.es\/ceippablopicasso\/wp-json\/wp\/v2\/media?parent=4885"}],"curies":[{"name":"wp","href":"https:\/\/api.w.org\/{rel}","templated":true}]}}