{"id":42,"date":"2015-03-13T08:40:47","date_gmt":"2015-03-13T08:40:47","guid":{"rendered":"http:\/\/blogsaverroes.juntadeandalucia.es\/pre\/ceip\/?page_id=42"},"modified":"2025-09-01T01:06:42","modified_gmt":"2025-08-31T23:06:42","slug":"equipo-directivo","status":"publish","type":"page","link":"https:\/\/blogsaverroes.juntadeandalucia.es\/ceippablovi\/equipo-directivo\/","title":{"rendered":"EQUIPO DIRECTIVO"},"content":{"rendered":"<p>Direcci\u00f3n:<strong> David N\u00fa\u00f1ez Ulgar&nbsp; &nbsp; &nbsp; &nbsp; &nbsp;<\/strong>davidnunezulgar@ceippablovi.com&nbsp;<\/p>\n<p>Jefatura Estudios:<strong> Laura V\u00e1zquez<\/strong>&nbsp;laura.vazquez@ceippablovi.com (atenci\u00f3n a la diversidad)<\/p>\n<p>Secretaria:<strong> M\u00aa de los \u00c1ngeles Rodr\u00edguez Garc\u00eda&nbsp; &nbsp; <\/strong>secretaria@ceippablovi.com<\/p>\n<p>Monitora Escolar: <strong>Noelia Calado Monge&nbsp; &nbsp; &nbsp;<\/strong>secretaria@ceippablovi.com<\/p>\n<p>&nbsp;<\/p>\n<p>&nbsp;<\/p>\n","protected":false},"excerpt":{"rendered":"<p>Direcci\u00f3n: David N\u00fa\u00f1ez Ulgar&nbsp; &nbsp; &nbsp; &nbsp; &nbsp;davidnunezulgar@ceippablovi.com&nbsp; Jefatura Estudios: Laura V\u00e1zquez&nbsp;laura.vazquez@ceippablovi.com (atenci\u00f3n a la diversidad) Secretaria: M\u00aa de los \u00c1ngeles Rodr\u00edguez Garc\u00eda&nbsp; &nbsp; secretaria@ceippablovi.com&hellip;<\/p>\n","protected":false},"author":1,"featured_media":0,"parent":0,"menu_order":0,"comment_status":"closed","ping_status":"open","template":"","meta":{"ngg_post_thumbnail":0,"footnotes":"","_mc_calendar":[]},"aioseo_notices":[],"_links":{"self":[{"href":"https:\/\/blogsaverroes.juntadeandalucia.es\/ceippablovi\/wp-json\/wp\/v2\/pages\/42"}],"collection":[{"href":"https:\/\/blogsaverroes.juntadeandalucia.es\/ceippablovi\/wp-json\/wp\/v2\/pages"}],"about":[{"href":"https:\/\/blogsaverroes.juntadeandalucia.es\/ceippablovi\/wp-json\/wp\/v2\/types\/page"}],"author":[{"embeddable":true,"href":"https:\/\/blogsaverroes.juntadeandalucia.es\/ceippablovi\/wp-json\/wp\/v2\/users\/1"}],"replies":[{"embeddable":true,"href":"https:\/\/blogsaverroes.juntadeandalucia.es\/ceippablovi\/wp-json\/wp\/v2\/comments?post=42"}],"version-history":[{"count":18,"href":"https:\/\/blogsaverroes.juntadeandalucia.es\/ceippablovi\/wp-json\/wp\/v2\/pages\/42\/revisions"}],"predecessor-version":[{"id":5318,"href":"https:\/\/blogsaverroes.juntadeandalucia.es\/ceippablovi\/wp-json\/wp\/v2\/pages\/42\/revisions\/5318"}],"wp:attachment":[{"href":"https:\/\/blogsaverroes.juntadeandalucia.es\/ceippablovi\/wp-json\/wp\/v2\/media?parent=42"}],"curies":[{"name":"wp","href":"https:\/\/api.w.org\/{rel}","templated":true}]}}

<p>Dirección:<strong> David Núñez Ulgar&nbsp; &nbsp; &nbsp; &nbsp; &nbsp;</strong>davidnunezulgar@ceippablovi.com&nbsp;</p>
<p>Jefatura Estudios:<strong> Laura Vázquez</strong>&nbsp;laura.vazquez@ceippablovi.com (atención a la diversidad)</p>
<p>Secretaria:<strong> Mª de los Ángeles Rodríguez García&nbsp; &nbsp; </strong>secretaria@ceippablovi.com</p>
<p>Monitora Escolar: <strong>Noelia Calado Monge&nbsp; &nbsp; &nbsp;</strong>secretaria@ceippablovi.com</p>
<p>&nbsp;</p>
<p>&nbsp;</p>

<p>Dirección: David Núñez Ulgar&nbsp; &nbsp; &nbsp; &nbsp; &nbsp;davidnunezulgar@ceippablovi.com&nbsp; Jefatura Estudios: Laura Vázquez&nbsp;laura.vazquez@ceippablovi.com (atención a la diversidad) Secretaria: Mª de los Ángeles Rodríguez García&nbsp; &nbsp; secretaria@ceippablovi.com&hellip;</p>
