{"id":4377,"date":"2022-06-04T19:32:39","date_gmt":"2022-06-04T17:32:39","guid":{"rendered":"https:\/\/blogsaverroes.juntadeandalucia.es\/ceippablovi\/?page_id=4377"},"modified":"2022-06-04T19:42:27","modified_gmt":"2022-06-04T17:42:27","slug":"tercer-trimestre","status":"publish","type":"page","link":"https:\/\/blogsaverroes.juntadeandalucia.es\/ceippablovi\/tercer-trimestre\/","title":{"rendered":"TERCER TRIMESTRE"},"content":{"rendered":"<p><strong>MES DE MAYO<\/strong><\/p>\n<p>Se han propuesto dos v\u00eddeos, uno a modo de presentaci\u00f3n para abrir el debate en clase, y otro m\u00e1s espec\u00edfico para cada edad.<\/p>\n<div dir=\"auto\">Se les ha sugerido a las tutor\u00edas, la posibilidad de hacer un cartel bajo el lema: \u00absi hay amor hay familia\u00bb, donde el alumnado pueda dejar el dibujo de su familia.<\/div>\n<div dir=\"auto\">@Presentaci\u00f3n:<\/div>\n<div dir=\"auto\"><a href=\"http:\/\/agrega.juntadeandalucia.es\/\/repositorio\/15052018\/43\/es-\" target=\"_blank\" rel=\"noopener noreferrer\" data-saferedirecturl=\"https:\/\/www.google.com\/url?q=http:\/\/agrega.juntadeandalucia.es\/\/repositorio\/15052018\/43\/es-&amp;source=gmail&amp;ust=1654448777169000&amp;usg=AOvVaw1v2R_YncHXhdk74u2r0ldm\">http:\/\/agrega.juntadeandalucia.es\/\/repositorio\/15052018\/43\/es-<\/a><\/div>\n<div dir=\"auto\">an_2018051512_9111247\/resources\/cariboost_files\/ix_p_02.pdf<\/div>\n<div dir=\"auto\">@2\u00ba 3er ciclo:<\/div>\n<div dir=\"auto\"><a href=\"https:\/\/www.youtube.com\/watch?v=iHDw_FyiuAQ\" target=\"_blank\" rel=\"noopener noreferrer\" data-saferedirecturl=\"https:\/\/www.google.com\/url?q=https:\/\/www.youtube.com\/watch?v%3DiHDw_FyiuAQ&amp;source=gmail&amp;ust=1654448777169000&amp;usg=AOvVaw3Ebe9eBW_SbSKt02rGsw75\">https:\/\/www.youtube.com\/watch?v=iHDw_FyiuAQ<\/a><\/div>\n<div dir=\"auto\">@Infantil y 1er ciclo:<\/div>\n<div dir=\"auto\"><a href=\"http:\/\/agrega.juntadeandalucia.es\/\/repositorio\/15052018\/43\/es-\" target=\"_blank\" rel=\"noopener noreferrer\" data-saferedirecturl=\"https:\/\/www.google.com\/url?q=http:\/\/agrega.juntadeandalucia.es\/\/repositorio\/15052018\/43\/es-&amp;source=gmail&amp;ust=1654448777169000&amp;usg=AOvVaw1v2R_YncHXhdk74u2r0ldm\">http:\/\/agrega.juntadeandalucia.es\/\/repositorio\/15052018\/43\/es-<\/a><\/div>\n<div dir=\"auto\">an_2018051512_9111247\/html\/ix_primer_videos_03.html<\/div>\n<p>&nbsp;<\/p>\n<p><a title=\"FOTOS IGUALDAD\" href=\"https:\/\/drive.google.com\/drive\/folders\/1WA23eBPfTLVLWKt49Qm7Y3ijnhkR07sG?usp=sharing\" target=\"_blank\" rel=\"noopener noreferrer\">FOTOS IGUALDAD<\/a><\/p>\n<p>El alumnado junto al claustro de profesores aporta ideas sobre un mural de igualdad (Pacto contra la violencia de g\u00e9nero) que se llevar\u00e1 a cabo en nuestra biblioteca de centro.<\/p>\n<p>&nbsp;<\/p>\n","protected":false},"excerpt":{"rendered":"<p>MES DE MAYO Se han propuesto dos v\u00eddeos, uno a modo de presentaci\u00f3n para abrir el debate en clase, y otro m\u00e1s espec\u00edfico para cada&hellip;<\/p>\n","protected":false},"author":1487,"featured_media":0,"parent":0,"menu_order":0,"comment_status":"closed","ping_status":"closed","template":"","meta":{"ngg_post_thumbnail":0,"footnotes":"","_mc_calendar":[]},"aioseo_notices":[],"_links":{"self":[{"href":"https:\/\/blogsaverroes.juntadeandalucia.es\/ceippablovi\/wp-json\/wp\/v2\/pages\/4377"}],"collection":[{"href":"https:\/\/blogsaverroes.juntadeandalucia.es\/ceippablovi\/wp-json\/wp\/v2\/pages"}],"about":[{"href":"https:\/\/blogsaverroes.juntadeandalucia.es\/ceippablovi\/wp-json\/wp\/v2\/types\/page"}],"author":[{"embeddable":true,"href":"https:\/\/blogsaverroes.juntadeandalucia.es\/ceippablovi\/wp-json\/wp\/v2\/users\/1487"}],"replies":[{"embeddable":true,"href":"https:\/\/blogsaverroes.juntadeandalucia.es\/ceippablovi\/wp-json\/wp\/v2\/comments?post=4377"}],"version-history":[{"count":3,"href":"https:\/\/blogsaverroes.juntadeandalucia.es\/ceippablovi\/wp-json\/wp\/v2\/pages\/4377\/revisions"}],"predecessor-version":[{"id":4384,"href":"https:\/\/blogsaverroes.juntadeandalucia.es\/ceippablovi\/wp-json\/wp\/v2\/pages\/4377\/revisions\/4384"}],"wp:attachment":[{"href":"https:\/\/blogsaverroes.juntadeandalucia.es\/ceippablovi\/wp-json\/wp\/v2\/media?parent=4377"}],"curies":[{"name":"wp","href":"https:\/\/api.w.org\/{rel}","templated":true}]}}