{"id":77,"date":"2022-08-31T06:54:56","date_gmt":"2022-08-31T04:54:56","guid":{"rendered":"http:\/\/blogsaverroes.juntadeandalucia.es\/pre\/ceip\/?page_id=77"},"modified":"2024-09-08T21:19:20","modified_gmt":"2024-09-08T19:19:20","slug":"secretaria","status":"publish","type":"page","link":"https:\/\/blogsaverroes.juntadeandalucia.es\/ceippablovi\/secretaria\/","title":{"rendered":"Secretar\u00eda"},"content":{"rendered":"<p><strong>Horario de Secretar\u00eda:<\/strong><\/p>\n<p>Lunes a viernes,<\/p>\n<p>De 9.10 a 12.00 horas (gestiones administrativas).<\/p>\n<p>De 12.00 a 12.30 horas la ventanilla permanecer\u00e1 cerrada al p\u00fablico.<\/p>\n<p>De 12.30 a 14.00 (entradas y salidas del alumnado, atenci\u00f3n telef\u00f3nica, &#8230;).<\/p>\n<p>Responsables: Noelia (monitora escolar), David (Director), M\u00aa de los \u00c1ngeles (Secretaria).<\/p>\n<p>Correo de secretar\u00eda: secretaria@ceippablovi.com<\/p>\n<p>Tel\u00e9fono de contacto: 955623526<\/p>\n<p>&nbsp;<\/p>\n<p>&nbsp;<\/p>\n<p>&nbsp;<\/p>\n<p>&nbsp;<\/p>\n","protected":false},"excerpt":{"rendered":"<p>Horario de Secretar\u00eda: Lunes a viernes, De 9.10 a 12.00 horas (gestiones administrativas). De 12.00 a 12.30 horas la ventanilla permanecer\u00e1 cerrada al p\u00fablico. De&hellip;<\/p>\n","protected":false},"author":1,"featured_media":0,"parent":0,"menu_order":0,"comment_status":"closed","ping_status":"open","template":"","meta":{"ngg_post_thumbnail":0,"footnotes":"","_mc_calendar":[]},"aioseo_notices":[],"_links":{"self":[{"href":"https:\/\/blogsaverroes.juntadeandalucia.es\/ceippablovi\/wp-json\/wp\/v2\/pages\/77"}],"collection":[{"href":"https:\/\/blogsaverroes.juntadeandalucia.es\/ceippablovi\/wp-json\/wp\/v2\/pages"}],"about":[{"href":"https:\/\/blogsaverroes.juntadeandalucia.es\/ceippablovi\/wp-json\/wp\/v2\/types\/page"}],"author":[{"embeddable":true,"href":"https:\/\/blogsaverroes.juntadeandalucia.es\/ceippablovi\/wp-json\/wp\/v2\/users\/1"}],"replies":[{"embeddable":true,"href":"https:\/\/blogsaverroes.juntadeandalucia.es\/ceippablovi\/wp-json\/wp\/v2\/comments?post=77"}],"version-history":[{"count":12,"href":"https:\/\/blogsaverroes.juntadeandalucia.es\/ceippablovi\/wp-json\/wp\/v2\/pages\/77\/revisions"}],"predecessor-version":[{"id":5165,"href":"https:\/\/blogsaverroes.juntadeandalucia.es\/ceippablovi\/wp-json\/wp\/v2\/pages\/77\/revisions\/5165"}],"wp:attachment":[{"href":"https:\/\/blogsaverroes.juntadeandalucia.es\/ceippablovi\/wp-json\/wp\/v2\/media?parent=77"}],"curies":[{"name":"wp","href":"https:\/\/api.w.org\/{rel}","templated":true}]}}