{"id":141,"date":"2015-03-17T07:13:24","date_gmt":"2015-03-17T07:13:24","guid":{"rendered":"http:\/\/blogsaverroes.juntadeandalucia.es\/pre\/ceip\/?page_id=141"},"modified":"2022-12-09T09:00:18","modified_gmt":"2022-12-09T09:00:18","slug":"escolarizacion","status":"publish","type":"page","link":"https:\/\/blogsaverroes.juntadeandalucia.es\/ceippadremiguelsanchez\/escolarizacion\/","title":{"rendered":"Escolarizaci\u00f3n"},"content":{"rendered":"<header class=\"\"><\/header>\n<p><a href=\"https:\/\/blogsaverroes.juntadeandalucia.es\/ceippadremiguelsanchez\/files\/2020\/03\/Captura-de-pantalla-2020-03-07-a-las-19.39.56.png\"><img loading=\"lazy\" decoding=\"async\" class=\" wp-image-3031 aligncenter\" src=\"https:\/\/blogsaverroes.juntadeandalucia.es\/ceippadremiguelsanchez\/files\/2020\/03\/Captura-de-pantalla-2020-03-07-a-las-19.39.56-300x75.png\" alt=\"\" width=\"440\" height=\"110\" srcset=\"https:\/\/blogsaverroes.juntadeandalucia.es\/ceippadremiguelsanchez\/files\/2020\/03\/Captura-de-pantalla-2020-03-07-a-las-19.39.56-300x75.png 300w, https:\/\/blogsaverroes.juntadeandalucia.es\/ceippadremiguelsanchez\/files\/2020\/03\/Captura-de-pantalla-2020-03-07-a-las-19.39.56-768x191.png 768w, https:\/\/blogsaverroes.juntadeandalucia.es\/ceippadremiguelsanchez\/files\/2020\/03\/Captura-de-pantalla-2020-03-07-a-las-19.39.56-24x6.png 24w, https:\/\/blogsaverroes.juntadeandalucia.es\/ceippadremiguelsanchez\/files\/2020\/03\/Captura-de-pantalla-2020-03-07-a-las-19.39.56-36x9.png 36w, https:\/\/blogsaverroes.juntadeandalucia.es\/ceippadremiguelsanchez\/files\/2020\/03\/Captura-de-pantalla-2020-03-07-a-las-19.39.56-48x12.png 48w, https:\/\/blogsaverroes.juntadeandalucia.es\/ceippadremiguelsanchez\/files\/2020\/03\/Captura-de-pantalla-2020-03-07-a-las-19.39.56.png 979w\" sizes=\"(max-width: 440px) 100vw, 440px\" \/><\/a><\/p>\n<p>Durante todo el mes de marzo permanecer\u00e1 abierto en Andaluc\u00eda el plazo para la presentaci\u00f3n de solicitudes de admisi\u00f3n para el curso escolar siguiente.<\/p>\n<p>Para m\u00e1s informaci\u00f3n pincha en los siguientes enlaces:<\/p>\n<ol>\n<li><a title=\"Portal escolarizaci\u00f3n\" href=\"https:\/\/www.juntadeandalucia.es\/educacion\/portals\/web\/escolarizacion\" target=\"_blank\" rel=\"noopener noreferrer\">Enlace al portal de escolarizaci\u00f3n.<\/a><\/li>\n<li><a title=\"Procedimiento\" href=\"https:\/\/www.juntadeandalucia.es\/educacion\/portals\/web\/escolarizacion\/infantil-a-bachillerato\/normativa\" target=\"_blank\" rel=\"noopener noreferrer\">Normativa<\/a>&nbsp;sobre el proceso de escolarizaci\u00f3n.<\/li>\n<\/ol>\n","protected":false},"excerpt":{"rendered":"<p>Durante todo el mes de marzo permanecer\u00e1 abierto en Andaluc\u00eda el plazo para la presentaci\u00f3n de solicitudes de admisi\u00f3n para el curso escolar siguiente. Para m\u00e1s informaci\u00f3n pincha en los siguientes enlaces: Enlace al&#46;&#46;&#46;<\/p>\n","protected":false},"author":1,"featured_media":0,"parent":0,"menu_order":0,"comment_status":"closed","ping_status":"open","template":"page-cs.php","meta":{"ngg_post_thumbnail":0,"footnotes":"","_mc_calendar":[]},"aioseo_notices":[],"_links":{"self":[{"href":"https:\/\/blogsaverroes.juntadeandalucia.es\/ceippadremiguelsanchez\/wp-json\/wp\/v2\/pages\/141"}],"collection":[{"href":"https:\/\/blogsaverroes.juntadeandalucia.es\/ceippadremiguelsanchez\/wp-json\/wp\/v2\/pages"}],"about":[{"href":"https:\/\/blogsaverroes.juntadeandalucia.es\/ceippadremiguelsanchez\/wp-json\/wp\/v2\/types\/page"}],"author":[{"embeddable":true,"href":"https:\/\/blogsaverroes.juntadeandalucia.es\/ceippadremiguelsanchez\/wp-json\/wp\/v2\/users\/1"}],"replies":[{"embeddable":true,"href":"https:\/\/blogsaverroes.juntadeandalucia.es\/ceippadremiguelsanchez\/wp-json\/wp\/v2\/comments?post=141"}],"version-history":[{"count":16,"href":"https:\/\/blogsaverroes.juntadeandalucia.es\/ceippadremiguelsanchez\/wp-json\/wp\/v2\/pages\/141\/revisions"}],"predecessor-version":[{"id":3653,"href":"https:\/\/blogsaverroes.juntadeandalucia.es\/ceippadremiguelsanchez\/wp-json\/wp\/v2\/pages\/141\/revisions\/3653"}],"wp:attachment":[{"href":"https:\/\/blogsaverroes.juntadeandalucia.es\/ceippadremiguelsanchez\/wp-json\/wp\/v2\/media?parent=141"}],"curies":[{"name":"wp","href":"https:\/\/api.w.org\/{rel}","templated":true}]}}