{"id":871,"date":"2015-03-16T07:25:46","date_gmt":"2015-03-16T07:25:46","guid":{"rendered":"http:\/\/blogsaverroes.juntadeandalucia.es\/pre\/ceip\/?page_id=106"},"modified":"2022-12-09T08:57:04","modified_gmt":"2022-12-09T08:57:04","slug":"actividades-extraescolares","status":"publish","type":"page","link":"https:\/\/blogsaverroes.juntadeandalucia.es\/ceippadremiguelsanchez\/actividades-extraescolares\/","title":{"rendered":"Actividades Extraescolares"},"content":{"rendered":"<h1 style=\"text-align: center\"><strong>&nbsp;CURSO ACAD\u00c9MICO 2022\/2023<\/strong><\/h1>\n<p style=\"text-align: left\">Las actividades extraescolares tienen lugar en horario de tarde, desde las 16:00 hasta las 18.00h, y abarcan aspectos como la lectura, el deporte, la m\u00fasica, la inform\u00e1tica, los idiomas, la danza o el teatro, entre otras actividades l\u00fadicas y formativas.<\/p>\n<p>&nbsp;<\/p>\n<p>En nuestro centro contamos con las siguientes actividades:<\/p>\n<h1><span style=\"font-size: 18pt\"><strong><span style=\"text-decoration: underline\">MULTIDEPORTES<\/span><\/strong><\/span><\/h1>\n<p><a href=\"https:\/\/blogsaverroes.juntadeandalucia.es\/ceippadremiguelsanchez\/files\/2019\/11\/children-310223_1280.png\"><img loading=\"lazy\" decoding=\"async\" class=\" wp-image-2218 alignleft\" src=\"https:\/\/blogsaverroes.juntadeandalucia.es\/ceippadremiguelsanchez\/files\/2019\/11\/children-310223_1280-300x150.png\" alt=\"\" width=\"190\" height=\"95\" srcset=\"https:\/\/blogsaverroes.juntadeandalucia.es\/ceippadremiguelsanchez\/files\/2019\/11\/children-310223_1280-300x150.png 300w, https:\/\/blogsaverroes.juntadeandalucia.es\/ceippadremiguelsanchez\/files\/2019\/11\/children-310223_1280-768x384.png 768w, https:\/\/blogsaverroes.juntadeandalucia.es\/ceippadremiguelsanchez\/files\/2019\/11\/children-310223_1280-1024x512.png 1024w, https:\/\/blogsaverroes.juntadeandalucia.es\/ceippadremiguelsanchez\/files\/2019\/11\/children-310223_1280-24x12.png 24w, https:\/\/blogsaverroes.juntadeandalucia.es\/ceippadremiguelsanchez\/files\/2019\/11\/children-310223_1280-36x18.png 36w, https:\/\/blogsaverroes.juntadeandalucia.es\/ceippadremiguelsanchez\/files\/2019\/11\/children-310223_1280-48x24.png 48w, https:\/\/blogsaverroes.juntadeandalucia.es\/ceippadremiguelsanchez\/files\/2019\/11\/children-310223_1280.png 1200w\" sizes=\"(max-width: 190px) 100vw, 190px\" \/><\/a>Lunes y mi\u00e9rcoles<\/p>\n<p>16:00 h a 17:00 h<\/p>\n<p>&nbsp;<\/p>\n<h1><span style=\"text-decoration: underline;font-size: 18pt\"><strong>BAILE MODERNO<\/strong><\/span><\/h1>\n<p><a href=\"https:\/\/blogsaverroes.juntadeandalucia.es\/ceippadremiguelsanchez\/files\/2019\/11\/BAILE-MODERNO-1.jpg\"><img loading=\"lazy\" decoding=\"async\" class=\"wp-image-2221 alignleft\" src=\"https:\/\/blogsaverroes.juntadeandalucia.es\/ceippadremiguelsanchez\/files\/2019\/11\/BAILE-MODERNO-1-300x134.jpg\" alt=\"\" width=\"183\" height=\"82\" srcset=\"https:\/\/blogsaverroes.juntadeandalucia.es\/ceippadremiguelsanchez\/files\/2019\/11\/BAILE-MODERNO-1-300x134.jpg 300w, https:\/\/blogsaverroes.juntadeandalucia.es\/ceippadremiguelsanchez\/files\/2019\/11\/BAILE-MODERNO-1-768x343.jpg 768w, https:\/\/blogsaverroes.juntadeandalucia.es\/ceippadremiguelsanchez\/files\/2019\/11\/BAILE-MODERNO-1-1024x457.jpg 1024w, https:\/\/blogsaverroes.juntadeandalucia.es\/ceippadremiguelsanchez\/files\/2019\/11\/BAILE-MODERNO-1-24x11.jpg 24w, https:\/\/blogsaverroes.juntadeandalucia.es\/ceippadremiguelsanchez\/files\/2019\/11\/BAILE-MODERNO-1-36x16.jpg 36w, https:\/\/blogsaverroes.juntadeandalucia.es\/ceippadremiguelsanchez\/files\/2019\/11\/BAILE-MODERNO-1-48x21.jpg 48w, https:\/\/blogsaverroes.juntadeandalucia.es\/ceippadremiguelsanchez\/files\/2019\/11\/BAILE-MODERNO-1.jpg 1600w\" sizes=\"(max-width: 183px) 100vw, 183px\" \/><\/a><\/p>\n<p>Martes y jueves<\/p>\n<p>16:00 h a 17:00 h<\/p>\n<p>&nbsp;<\/p>\n<h1><span style=\"text-decoration: underline;font-size: 18pt\"><strong>ACOMPA\u00d1AMIENTO ESCOLAR<\/strong><\/span><\/h1>\n<p><a href=\"https:\/\/blogsaverroes.juntadeandalucia.es\/ceippadremiguelsanchez\/files\/2019\/11\/MOCHILA-SILUETA-NI\u00d1O-CLIP-ART-VECTORIAL_CSP39339613.jpeg\"><img loading=\"lazy\" decoding=\"async\" class=\"wp-image-2223 alignleft\" src=\"https:\/\/blogsaverroes.juntadeandalucia.es\/ceippadremiguelsanchez\/files\/2019\/11\/MOCHILA-SILUETA-NI\u00d1O-CLIP-ART-VECTORIAL_CSP39339613.jpeg\" alt=\"\" width=\"145\" height=\"119\" srcset=\"https:\/\/blogsaverroes.juntadeandalucia.es\/ceippadremiguelsanchez\/files\/2019\/11\/MOCHILA-SILUETA-NI\u00d1O-CLIP-ART-VECTORIAL_CSP39339613.jpeg 220w, https:\/\/blogsaverroes.juntadeandalucia.es\/ceippadremiguelsanchez\/files\/2019\/11\/MOCHILA-SILUETA-NI\u00d1O-CLIP-ART-VECTORIAL_CSP39339613-24x20.jpeg 24w, https:\/\/blogsaverroes.juntadeandalucia.es\/ceippadremiguelsanchez\/files\/2019\/11\/MOCHILA-SILUETA-NI\u00d1O-CLIP-ART-VECTORIAL_CSP39339613-36x29.jpeg 36w, https:\/\/blogsaverroes.juntadeandalucia.es\/ceippadremiguelsanchez\/files\/2019\/11\/MOCHILA-SILUETA-NI\u00d1O-CLIP-ART-VECTORIAL_CSP39339613-48x39.jpeg 48w\" sizes=\"(max-width: 145px) 100vw, 145px\" \/><\/a><\/p>\n<h1><span style=\"text-decoration: underline;font-size: 14pt\"><strong>&nbsp; &nbsp; &nbsp;(PROA)&nbsp; &nbsp; &nbsp; &nbsp; &nbsp; &nbsp; &nbsp; &nbsp; &nbsp; &nbsp; &nbsp; &nbsp; &nbsp; &nbsp; &nbsp;<\/strong><\/span><strong style=\"font-size: 14pt\">(PALE)<\/strong><\/h1>\n<p style=\"font-size: 16px;font-weight: 400\">&nbsp; Martes y jueves&nbsp; &nbsp; &nbsp; &nbsp; &nbsp; &nbsp;Lunes y mi\u00e9rcoles<\/p>\n<p style=\"font-size: 16px;font-weight: 400\">16:00 h a 18:00 h&nbsp; &nbsp; &nbsp; &nbsp; &nbsp; 17:00 h a 18:00 h<\/p>\n<p>&nbsp;<\/p>\n","protected":false},"excerpt":{"rendered":"<p>&nbsp;CURSO ACAD\u00c9MICO 2022\/2023 Las actividades extraescolares tienen lugar en horario de tarde, desde las 16:00 hasta las 18.00h, y abarcan aspectos como la lectura, el deporte, la m\u00fasica, la inform\u00e1tica, los idiomas, la danza&#46;&#46;&#46;<\/p>\n","protected":false},"author":1,"featured_media":0,"parent":0,"menu_order":0,"comment_status":"closed","ping_status":"open","template":"page-cs.php","meta":{"ngg_post_thumbnail":0,"footnotes":"","_mc_calendar":[]},"aioseo_notices":[],"_links":{"self":[{"href":"https:\/\/blogsaverroes.juntadeandalucia.es\/ceippadremiguelsanchez\/wp-json\/wp\/v2\/pages\/871"}],"collection":[{"href":"https:\/\/blogsaverroes.juntadeandalucia.es\/ceippadremiguelsanchez\/wp-json\/wp\/v2\/pages"}],"about":[{"href":"https:\/\/blogsaverroes.juntadeandalucia.es\/ceippadremiguelsanchez\/wp-json\/wp\/v2\/types\/page"}],"author":[{"embeddable":true,"href":"https:\/\/blogsaverroes.juntadeandalucia.es\/ceippadremiguelsanchez\/wp-json\/wp\/v2\/users\/1"}],"replies":[{"embeddable":true,"href":"https:\/\/blogsaverroes.juntadeandalucia.es\/ceippadremiguelsanchez\/wp-json\/wp\/v2\/comments?post=871"}],"version-history":[{"count":22,"href":"https:\/\/blogsaverroes.juntadeandalucia.es\/ceippadremiguelsanchez\/wp-json\/wp\/v2\/pages\/871\/revisions"}],"predecessor-version":[{"id":3651,"href":"https:\/\/blogsaverroes.juntadeandalucia.es\/ceippadremiguelsanchez\/wp-json\/wp\/v2\/pages\/871\/revisions\/3651"}],"wp:attachment":[{"href":"https:\/\/blogsaverroes.juntadeandalucia.es\/ceippadremiguelsanchez\/wp-json\/wp\/v2\/media?parent=871"}],"curies":[{"name":"wp","href":"https:\/\/api.w.org\/{rel}","templated":true}]}}