{"id":35,"date":"2015-03-13T08:21:43","date_gmt":"2015-03-13T08:21:43","guid":{"rendered":"http:\/\/blogsaverroes.juntadeandalucia.es\/pre\/ceip\/?page_id=35"},"modified":"2021-05-18T09:40:28","modified_gmt":"2021-05-18T09:40:28","slug":"el-centro-2","status":"publish","type":"page","link":"https:\/\/blogsaverroes.juntadeandalucia.es\/ceippalaciosrubio\/el-centro-2\/","title":{"rendered":"Datos del centro"},"content":{"rendered":"<p><iframe loading=\"lazy\" src=\"https:\/\/www.google.com\/maps\/embed?pb=!1m18!1m12!1m3!1d1566.0069044968295!2d-3.6139913152029197!3d38.27917274158308!2m3!1f0!2f0!3f0!3m2!1i1024!2i768!4f13.1!3m3!1m2!1s0xd6ea28d99e6368f%3A0x3a947d9d83794911!2sCalle%20Le%C3%B3n%20Merino%2C%2039%2C%2023200%20La%20Carolina%2C%20Ja%C3%A9n!5e0!3m2!1ses!2ses!4v1621251534878!5m2!1ses!2ses\" width=\"600\" height=\"450\"><span data-mce-type=\"bookmark\" style=\"width: 0px;overflow: hidden;line-height: 0\" class=\"mce_SELRES_start\">\ufeff<\/span><\/iframe><\/p>\n<h2 style=\"text-align: center\"><span style=\"color: #000080\">DATOS DE CONTACTO<\/span><\/h2>\n<p>Consejer\u00eda de Educaci\u00f3n. Servicio de Innovaci\u00f3n Educativa<\/p>\n<p><strong>Direcci\u00f3n:<\/strong> &nbsp;Calle Le\u00f3n Merino, 39. 23200, La Carolina (Ja\u00e9n).<\/p>\n<p><strong>Tel\u00e9fono \/ FAX: <\/strong>953609550<br \/>\n<strong>Email:<\/strong> colegiopalaciosrubio@gmail.com&nbsp;<\/p>\n<h4><strong>Horarios:<\/strong><\/h4>\n<p>El&nbsp;<b><u>horario de apertura<\/u><\/b>&nbsp;de nuestro centro es de 7,30 horas a 18,00 horas, de lunes a viernes.<br \/>\nLa atenci\u00f3n al p\u00fablico de&nbsp;<b><u>Secretar\u00eda<\/u><\/b>&nbsp;es de 9 a 14 h. tambi\u00e9n de lunes a viernes.<br \/>\nLa&nbsp;<b><u>atenci\u00f3n a padres y madres<\/u><\/b>, tanto por parte del tutor\/a, as\u00ed como especialistas, se llevar\u00e1 a cabo los lunes de 16,00 a 17,00 horas, teniendo en cuenta que se debe de solicitar la cita con antelaci\u00f3n al maestro\/a.<\/p>\n<h4><strong>Oferta educativa<\/strong><\/h4>\n<p><a href=\"https:\/\/blogsaverroes.juntadeandalucia.es\/ceippalaciosrubio\/files\/2021\/05\/CEIP-PALACIOS-RUBIO-2-1.jpg\" target=\"_blank\" rel=\"noopener noreferrer\"><img loading=\"lazy\" decoding=\"async\" class=\"alignnone wp-image-5494 size-medium\" src=\"https:\/\/blogsaverroes.juntadeandalucia.es\/ceippalaciosrubio\/files\/2021\/05\/CEIP-PALACIOS-RUBIO-2-1-120x300.jpg\" alt=\"\" width=\"120\" height=\"300\" srcset=\"https:\/\/blogsaverroes.juntadeandalucia.es\/ceippalaciosrubio\/files\/2021\/05\/CEIP-PALACIOS-RUBIO-2-1-120x300.jpg 120w, https:\/\/blogsaverroes.juntadeandalucia.es\/ceippalaciosrubio\/files\/2021\/05\/CEIP-PALACIOS-RUBIO-2-1.jpg 256w\" sizes=\"(max-width: 120px) 100vw, 120px\" \/><\/a>  <a href=\"https:\/\/blogsaverroes.juntadeandalucia.es\/ceippalaciosrubio\/files\/2021\/05\/OTRAS-ACTIVIDADES-1.jpg\" target=\"_blank\" rel=\"noopener noreferrer\"><img loading=\"lazy\" decoding=\"async\" class=\"alignnone wp-image-5493 size-medium\" src=\"https:\/\/blogsaverroes.juntadeandalucia.es\/ceippalaciosrubio\/files\/2021\/05\/OTRAS-ACTIVIDADES-1-120x300.jpg\" alt=\"\" width=\"120\" height=\"300\" srcset=\"https:\/\/blogsaverroes.juntadeandalucia.es\/ceippalaciosrubio\/files\/2021\/05\/OTRAS-ACTIVIDADES-1-120x300.jpg 120w, https:\/\/blogsaverroes.juntadeandalucia.es\/ceippalaciosrubio\/files\/2021\/05\/OTRAS-ACTIVIDADES-1.jpg 256w\" sizes=\"(max-width: 120px) 100vw, 120px\" \/><\/a> <a href=\"https:\/\/blogsaverroes.juntadeandalucia.es\/ceippalaciosrubio\/files\/2021\/05\/COMEDORESCOLAR-1.jpg\" target=\"_blank\" rel=\"noopener noreferrer\"><img loading=\"lazy\" decoding=\"async\" class=\"alignnone wp-image-5492 size-medium\" src=\"https:\/\/blogsaverroes.juntadeandalucia.es\/ceippalaciosrubio\/files\/2021\/05\/COMEDORESCOLAR-1-212x300.jpg\" alt=\"\" width=\"212\" height=\"300\" srcset=\"https:\/\/blogsaverroes.juntadeandalucia.es\/ceippalaciosrubio\/files\/2021\/05\/COMEDORESCOLAR-1-212x300.jpg 212w, https:\/\/blogsaverroes.juntadeandalucia.es\/ceippalaciosrubio\/files\/2021\/05\/COMEDORESCOLAR-1.jpg 226w\" sizes=\"(max-width: 212px) 100vw, 212px\" \/><\/a><a href=\"https:\/\/blogsaverroes.juntadeandalucia.es\/ceippalaciosrubio\/files\/2021\/05\/proa-1.jpg\" target=\"_blank\" rel=\"noopener noreferrer\"><img loading=\"lazy\" decoding=\"async\" class=\"alignnone wp-image-5491 size-medium\" src=\"https:\/\/blogsaverroes.juntadeandalucia.es\/ceippalaciosrubio\/files\/2021\/05\/proa-1-212x300.jpg\" alt=\"\" width=\"212\" height=\"300\" srcset=\"https:\/\/blogsaverroes.juntadeandalucia.es\/ceippalaciosrubio\/files\/2021\/05\/proa-1-212x300.jpg 212w, https:\/\/blogsaverroes.juntadeandalucia.es\/ceippalaciosrubio\/files\/2021\/05\/proa-1.jpg 226w\" sizes=\"(max-width: 212px) 100vw, 212px\" \/><\/a><\/p>\n<h4>Instalaciones<\/h4>\n<p>&nbsp;<a href=\"https:\/\/blogsaverroes.juntadeandalucia.es\/ceippalaciosrubio\/files\/2021\/05\/IMG_7159.jpg\" target=\"_blank\" rel=\"noopener noreferrer\"><img loading=\"lazy\" decoding=\"async\" class=\"alignnone wp-image-5496 size-medium\" src=\"https:\/\/blogsaverroes.juntadeandalucia.es\/ceippalaciosrubio\/files\/2021\/05\/IMG_7159-300x225.jpg\" alt=\"\" width=\"300\" height=\"225\" srcset=\"https:\/\/blogsaverroes.juntadeandalucia.es\/ceippalaciosrubio\/files\/2021\/05\/IMG_7159-300x225.jpg 300w, https:\/\/blogsaverroes.juntadeandalucia.es\/ceippalaciosrubio\/files\/2021\/05\/IMG_7159.jpg 640w\" sizes=\"(max-width: 300px) 100vw, 300px\" \/><\/a> <a href=\"https:\/\/blogsaverroes.juntadeandalucia.es\/ceippalaciosrubio\/files\/2021\/05\/IMG_7136.jpg\" target=\"_blank\" rel=\"noopener noreferrer\"><img loading=\"lazy\" decoding=\"async\" class=\"alignnone wp-image-5497 size-medium\" src=\"https:\/\/blogsaverroes.juntadeandalucia.es\/ceippalaciosrubio\/files\/2021\/05\/IMG_7136-300x225.jpg\" alt=\"\" width=\"300\" height=\"225\" srcset=\"https:\/\/blogsaverroes.juntadeandalucia.es\/ceippalaciosrubio\/files\/2021\/05\/IMG_7136-300x225.jpg 300w, https:\/\/blogsaverroes.juntadeandalucia.es\/ceippalaciosrubio\/files\/2021\/05\/IMG_7136-1024x768.jpg 1024w, https:\/\/blogsaverroes.juntadeandalucia.es\/ceippalaciosrubio\/files\/2021\/05\/IMG_7136-768x576.jpg 768w, https:\/\/blogsaverroes.juntadeandalucia.es\/ceippalaciosrubio\/files\/2021\/05\/IMG_7136-1536x1152.jpg 1536w, https:\/\/blogsaverroes.juntadeandalucia.es\/ceippalaciosrubio\/files\/2021\/05\/IMG_7136.jpg 1600w\" sizes=\"(max-width: 300px) 100vw, 300px\" \/><\/a><\/p>\n","protected":false},"excerpt":{"rendered":"<p>\ufeff DATOS DE CONTACTO Consejer\u00eda de Educaci\u00f3n. Servicio de Innovaci\u00f3n Educativa Direcci\u00f3n: &nbsp;Calle Le\u00f3n Merino, 39. 23200, La Carolina (Ja\u00e9n). Tel\u00e9fono \/ FAX: 953609550 Email: colegiopalaciosrubio@gmail.com&nbsp; Horarios: El&nbsp;horario de apertura&nbsp;de nuestro centro es de&#46;&#46;&#46;<\/p>\n","protected":false},"author":1,"featured_media":0,"parent":0,"menu_order":0,"comment_status":"closed","ping_status":"open","template":"page-cs.php","meta":{"ngg_post_thumbnail":0,"footnotes":"","_mc_calendar":[]},"aioseo_notices":[],"_links":{"self":[{"href":"https:\/\/blogsaverroes.juntadeandalucia.es\/ceippalaciosrubio\/wp-json\/wp\/v2\/pages\/35"}],"collection":[{"href":"https:\/\/blogsaverroes.juntadeandalucia.es\/ceippalaciosrubio\/wp-json\/wp\/v2\/pages"}],"about":[{"href":"https:\/\/blogsaverroes.juntadeandalucia.es\/ceippalaciosrubio\/wp-json\/wp\/v2\/types\/page"}],"author":[{"embeddable":true,"href":"https:\/\/blogsaverroes.juntadeandalucia.es\/ceippalaciosrubio\/wp-json\/wp\/v2\/users\/1"}],"replies":[{"embeddable":true,"href":"https:\/\/blogsaverroes.juntadeandalucia.es\/ceippalaciosrubio\/wp-json\/wp\/v2\/comments?post=35"}],"version-history":[{"count":28,"href":"https:\/\/blogsaverroes.juntadeandalucia.es\/ceippalaciosrubio\/wp-json\/wp\/v2\/pages\/35\/revisions"}],"predecessor-version":[{"id":5526,"href":"https:\/\/blogsaverroes.juntadeandalucia.es\/ceippalaciosrubio\/wp-json\/wp\/v2\/pages\/35\/revisions\/5526"}],"wp:attachment":[{"href":"https:\/\/blogsaverroes.juntadeandalucia.es\/ceippalaciosrubio\/wp-json\/wp\/v2\/media?parent=35"}],"curies":[{"name":"wp","href":"https:\/\/api.w.org\/{rel}","templated":true}]}}