{"id":3008,"date":"2018-02-20T11:10:27","date_gmt":"2018-02-20T11:10:27","guid":{"rendered":"http:\/\/blogsaverroes.juntadeandalucia.es\/ceipparquenuevagranada\/?page_id=3008"},"modified":"2018-07-01T18:45:08","modified_gmt":"2018-07-01T18:45:08","slug":"recursos-educativos","status":"publish","type":"page","link":"https:\/\/blogsaverroes.juntadeandalucia.es\/ceipparquenuevagranada\/orientacion\/recursos-educativos\/","title":{"rendered":"Recursos Educativos"},"content":{"rendered":"<p>Aqu\u00ed te presentamos una serie de <strong>plantillas para descargarte<\/strong> que te pueden ser \u00fatiles para el trabajo diario en clase:<\/p>\n<p><a href=\"https:\/\/drive.google.com\/file\/d\/0BwCM46W29nlqUXF5T0lxdTJQXzA\/view\">Cuaderno de Caligraf\u00eda<\/a><\/p>\n<p><a href=\"https:\/\/www.dibujarcolores.com\/dibujar-colores-home\/grupo-fichas-educativas\/frases-en-caligrafia\/\">Fichas de caligraf\u00eda para imprimir 1<\/a><\/p>\n<p><a href=\"https:\/\/www.dibujarcolores.com\/dibujar-colores-home\/grupo-fichas-educativas\/proverbios-caligrafias\/\">Fichas de caligraf\u00eda para imprimir 2<\/a><\/p>\n<p><a href=\"https:\/\/www.dibujarcolores.com\/dibujar-colores-home\/grupo-fichas-educativas\/escribir-recto\/\">Fichas de caligraf\u00eda para imprimir 3<\/a><\/p>\n<p><a href=\"http:\/\/webdelmaestrocmf.com\/portal\/16-recursos-mejorar-la-caligrafia-infantil-primaria\/\">M\u00e1s recursos para mejorar la caligraf\u00eda<\/a><\/p>\n<p><a href=\"https:\/\/blogsaverroes.juntadeandalucia.es\/ceipparquenuevagranada\/files\/2018\/02\/Tabla-de-Multiplicar.-CEIP-Parque-Nueva-Granada.pdf\">Tabla de Multiplicar. CEIP Parque Nueva Granada<\/a><\/p>\n<p><a href=\"https:\/\/blogsaverroes.juntadeandalucia.es\/ceipparquenuevagranada\/files\/2018\/02\/Tabla-N\u00fameros-Romanos-N\u00fameros-\u00c1rabes.-CEIP-Parque-Nueva-Granada.pdf\">Tabla N\u00fameros Romanos-N\u00fameros \u00c1rabes. CEIP Parque Nueva Granada<\/a><\/p>\n<p>&nbsp;<\/p>\n","protected":false},"excerpt":{"rendered":"<p>Aqu\u00ed te presentamos una serie de plantillas para descargarte que te pueden ser \u00fatiles para el trabajo diario en clase: Cuaderno de Caligraf\u00eda Fichas de&hellip;<\/p>\n","protected":false},"author":5634,"featured_media":0,"parent":2916,"menu_order":0,"comment_status":"closed","ping_status":"closed","template":"","meta":{"ngg_post_thumbnail":0,"footnotes":"","_mc_calendar":[]},"aioseo_notices":[],"_links":{"self":[{"href":"https:\/\/blogsaverroes.juntadeandalucia.es\/ceipparquenuevagranada\/wp-json\/wp\/v2\/pages\/3008"}],"collection":[{"href":"https:\/\/blogsaverroes.juntadeandalucia.es\/ceipparquenuevagranada\/wp-json\/wp\/v2\/pages"}],"about":[{"href":"https:\/\/blogsaverroes.juntadeandalucia.es\/ceipparquenuevagranada\/wp-json\/wp\/v2\/types\/page"}],"author":[{"embeddable":true,"href":"https:\/\/blogsaverroes.juntadeandalucia.es\/ceipparquenuevagranada\/wp-json\/wp\/v2\/users\/5634"}],"replies":[{"embeddable":true,"href":"https:\/\/blogsaverroes.juntadeandalucia.es\/ceipparquenuevagranada\/wp-json\/wp\/v2\/comments?post=3008"}],"version-history":[{"count":8,"href":"https:\/\/blogsaverroes.juntadeandalucia.es\/ceipparquenuevagranada\/wp-json\/wp\/v2\/pages\/3008\/revisions"}],"predecessor-version":[{"id":3278,"href":"https:\/\/blogsaverroes.juntadeandalucia.es\/ceipparquenuevagranada\/wp-json\/wp\/v2\/pages\/3008\/revisions\/3278"}],"up":[{"embeddable":true,"href":"https:\/\/blogsaverroes.juntadeandalucia.es\/ceipparquenuevagranada\/wp-json\/wp\/v2\/pages\/2916"}],"wp:attachment":[{"href":"https:\/\/blogsaverroes.juntadeandalucia.es\/ceipparquenuevagranada\/wp-json\/wp\/v2\/media?parent=3008"}],"curies":[{"name":"wp","href":"https:\/\/api.w.org\/{rel}","templated":true}]}}