{"id":869,"date":"2015-03-16T07:03:52","date_gmt":"2015-03-16T07:03:52","guid":{"rendered":"http:\/\/blogsaverroes.juntadeandalucia.es\/pre\/ceip\/?page_id=84"},"modified":"2024-11-07T09:47:02","modified_gmt":"2024-11-07T09:47:02","slug":"calendario-escolar","status":"publish","type":"page","link":"https:\/\/blogsaverroes.juntadeandalucia.es\/ceipparquenuevagranada\/calendario-escolar\/","title":{"rendered":"Calendario escolar"},"content":{"rendered":"<h1 style=\"text-align: center\"><a href=\"https:\/\/ceipsierranevada.org\/wp-content\/uploads\/2024\/07\/CALENDARIO-ESCOLAR-24-25-Granada.pdf\"><strong>CALENDARIO ESCOLAR CURSO 2024\/2025<\/strong><\/a><\/h1>\n<p><a href=\"https:\/\/blogsaverroes.juntadeandalucia.es\/ceipparquenuevagranada\/files\/2024\/11\/Calendario-escolar-Granada.pdf\">Calendario escolar Granada<\/a><\/p>\n<p>Los d\u00edas elegidos por el Consejo Escolar Municipal de Granada son el 31 de octubre y 19 y 20 de junio. Estos d\u00edas ser\u00e1n festivos para nuestro centro.<\/p>\n","protected":false},"excerpt":{"rendered":"<p>CALENDARIO ESCOLAR CURSO 2024\/2025 Calendario escolar Granada Los d\u00edas elegidos por el Consejo Escolar Municipal de Granada son el 31 de octubre y 19 y&hellip;<\/p>\n","protected":false},"author":1,"featured_media":0,"parent":0,"menu_order":0,"comment_status":"closed","ping_status":"open","template":"","meta":{"ngg_post_thumbnail":0,"footnotes":"","_mc_calendar":{"weekends":"true","shortcode":"[my_calendar weekends=&quot;true&quot;]","append":""}},"aioseo_notices":[],"_links":{"self":[{"href":"https:\/\/blogsaverroes.juntadeandalucia.es\/ceipparquenuevagranada\/wp-json\/wp\/v2\/pages\/869"}],"collection":[{"href":"https:\/\/blogsaverroes.juntadeandalucia.es\/ceipparquenuevagranada\/wp-json\/wp\/v2\/pages"}],"about":[{"href":"https:\/\/blogsaverroes.juntadeandalucia.es\/ceipparquenuevagranada\/wp-json\/wp\/v2\/types\/page"}],"author":[{"embeddable":true,"href":"https:\/\/blogsaverroes.juntadeandalucia.es\/ceipparquenuevagranada\/wp-json\/wp\/v2\/users\/1"}],"replies":[{"embeddable":true,"href":"https:\/\/blogsaverroes.juntadeandalucia.es\/ceipparquenuevagranada\/wp-json\/wp\/v2\/comments?post=869"}],"version-history":[{"count":20,"href":"https:\/\/blogsaverroes.juntadeandalucia.es\/ceipparquenuevagranada\/wp-json\/wp\/v2\/pages\/869\/revisions"}],"predecessor-version":[{"id":7359,"href":"https:\/\/blogsaverroes.juntadeandalucia.es\/ceipparquenuevagranada\/wp-json\/wp\/v2\/pages\/869\/revisions\/7359"}],"wp:attachment":[{"href":"https:\/\/blogsaverroes.juntadeandalucia.es\/ceipparquenuevagranada\/wp-json\/wp\/v2\/media?parent=869"}],"curies":[{"name":"wp","href":"https:\/\/api.w.org\/{rel}","templated":true}]}}

<h1 style="text-align: center"><a href="https://ceipsierranevada.org/wp-content/uploads/2024/07/CALENDARIO-ESCOLAR-24-25-Granada.pdf"><strong>CALENDARIO ESCOLAR CURSO 2024/2025</strong></a></h1>
<p><a href="https://blogsaverroes.juntadeandalucia.es/ceipparquenuevagranada/files/2024/11/Calendario-escolar-Granada.pdf">Calendario escolar Granada</a></p>
<p>Los días elegidos por el Consejo Escolar Municipal de Granada son el 31 de octubre y 19 y 20 de junio. Estos días serán festivos para nuestro centro.</p>

<p>CALENDARIO ESCOLAR CURSO 2024/2025 Calendario escolar Granada Los días elegidos por el Consejo Escolar Municipal de Granada son el 31 de octubre y 19 y&hellip;</p>
