{"id":2467,"date":"2021-01-22T11:21:26","date_gmt":"2021-01-22T11:21:26","guid":{"rendered":"https:\/\/blogsaverroes.juntadeandalucia.es\/ceippedagogogarcianavarro\/?page_id=2467"},"modified":"2025-02-07T10:31:35","modified_gmt":"2025-02-07T10:31:35","slug":"comunidades-de-aprendizaje","status":"publish","type":"page","link":"https:\/\/blogsaverroes.juntadeandalucia.es\/ceippedagogogarcianavarro\/comunidades-de-aprendizaje\/","title":{"rendered":"Comunidades de Aprendizaje"},"content":{"rendered":"<p style=\"text-align: center\"><strong><u>COMUNIDADES DE APRENDIZAJE<\/u><\/strong><\/p>\n<p>&nbsp;En el C.E.I.P. Pedagogo Garc\u00eda Navarro se han venido desarrollando desde el curso 2013\/2014 experiencias participativas llevadas a cabo por medio del proyecto Comunidad de Aprendizaje que van consiguiendo, paulatinamente, transformar la realidad socioeducativa de la escuela y su entorno, movilizando la aportaci\u00f3n cultural y educativa de muchas personas implicadas en la mejora de la educaci\u00f3n.<a href=\"https:\/\/blogsaverroes.juntadeandalucia.es\/ceippedagogogarcianavarro\/files\/2024\/11\/WhatsApp-Image-2024-10-25-at-11.53.26.jpeg\"><img loading=\"lazy\" decoding=\"async\" class=\"wp-image-3745 size-medium alignright\" src=\"https:\/\/blogsaverroes.juntadeandalucia.es\/ceippedagogogarcianavarro\/files\/2024\/11\/WhatsApp-Image-2024-10-25-at-11.53.26-300x225.jpeg\" alt=\"\" width=\"300\" height=\"225\" srcset=\"https:\/\/blogsaverroes.juntadeandalucia.es\/ceippedagogogarcianavarro\/files\/2024\/11\/WhatsApp-Image-2024-10-25-at-11.53.26-300x225.jpeg 300w, https:\/\/blogsaverroes.juntadeandalucia.es\/ceippedagogogarcianavarro\/files\/2024\/11\/WhatsApp-Image-2024-10-25-at-11.53.26-1024x768.jpeg 1024w, https:\/\/blogsaverroes.juntadeandalucia.es\/ceippedagogogarcianavarro\/files\/2024\/11\/WhatsApp-Image-2024-10-25-at-11.53.26-768x576.jpeg 768w, https:\/\/blogsaverroes.juntadeandalucia.es\/ceippedagogogarcianavarro\/files\/2024\/11\/WhatsApp-Image-2024-10-25-at-11.53.26-1536x1152.jpeg 1536w, https:\/\/blogsaverroes.juntadeandalucia.es\/ceippedagogogarcianavarro\/files\/2024\/11\/WhatsApp-Image-2024-10-25-at-11.53.26.jpeg 1600w\" sizes=\"(max-width: 300px) 100vw, 300px\" \/><\/a><\/p>\n<p>&nbsp;Nuestra Comunidad de Aprendizaje es un proyecto de transformaci\u00f3n que desde el centros educativo y a trav\u00e9s de la utilizaci\u00f3n de ciertas herramientas, est\u00e1 focalizado en el \u00e9xito escolar y, en el cual, el proceso de ense\u00f1anza-aprendizaje no recae exclusivamente en manos del profesorado, sino que depende de la implicaci\u00f3n conjunta del personal del centro educativo y de diferentes sectores: familias, asociaciones y voluntariado.<\/p>\n<p>&nbsp;El proyecto educativo de nuestra escuela parte de pr\u00e1cticas exitosas que se han llevado a cabo en nuestra comunidad y que est\u00e1n sustentadas en s\u00f3lidas teor\u00edas psicol\u00f3gicas, sociol\u00f3gicas, pedag\u00f3gicas que se vienen poniendo en marcha en Espa\u00f1a en diversos centros educativos desde mediados de los a\u00f1os 90.<\/p>\n<p>&nbsp;Se define una Comunidad de aprendizaje como \u201cUn proyecto de transformaci\u00f3n de centros educativos dirigidos a la superaci\u00f3n del fracaso escolar y a la eliminaci\u00f3n de conflictos\u201d. En este proyecto se distingue por una apuesta por el aprendizaje dial\u00f3gico mediante los grupos interactivos, donde el dialogo igualitario se convierte en un refuerzo com\u00fan para lograr la igualdad educativa de todas las alumnas y alumnos.<\/p>\n<p><a href=\"https:\/\/blogsaverroes.juntadeandalucia.es\/ceippedagogogarcianavarro\/files\/2024\/05\/u\u251c\u2592as2.jpg\"><img loading=\"lazy\" decoding=\"async\" class=\"wp-image-3697 size-medium alignleft\" src=\"https:\/\/blogsaverroes.juntadeandalucia.es\/ceippedagogogarcianavarro\/files\/2024\/05\/u\u251c\u2592as2-224x300.jpg\" alt=\"\" width=\"224\" height=\"300\" srcset=\"https:\/\/blogsaverroes.juntadeandalucia.es\/ceippedagogogarcianavarro\/files\/2024\/05\/u\u251c\u2592as2-224x300.jpg 224w, https:\/\/blogsaverroes.juntadeandalucia.es\/ceippedagogogarcianavarro\/files\/2024\/05\/u\u251c\u2592as2-766x1024.jpg 766w, https:\/\/blogsaverroes.juntadeandalucia.es\/ceippedagogogarcianavarro\/files\/2024\/05\/u\u251c\u2592as2-768x1027.jpg 768w, https:\/\/blogsaverroes.juntadeandalucia.es\/ceippedagogogarcianavarro\/files\/2024\/05\/u\u251c\u2592as2-1149x1536.jpg 1149w, https:\/\/blogsaverroes.juntadeandalucia.es\/ceippedagogogarcianavarro\/files\/2024\/05\/u\u251c\u2592as2.jpg 1197w\" sizes=\"(max-width: 224px) 100vw, 224px\" \/><\/a>\u201cLa transformaci\u00f3n de nuestra comunidad est\u00e1 orientada hacia el sue\u00f1o de la escuela que queremos conseguir: \u201cNUESTRA ESCUELA\u201d.<\/p>\n<p>&nbsp;Atendiendo a este lema, a partir de ahora, el aprendizaje escolar no va a recaer \u00fanicamente en manos del profesorado sino que vamos a intentar conseguir una educaci\u00f3n de gran calidad apoy\u00e1ndonos y contando con la participaci\u00f3n conjunta del alumnado, las familias, las asociaciones, el barrio, el voluntariado, ONG&#8230;es decir, la implicaci\u00f3n de toda la Comunidad, de todos los agentes que participan en la educaci\u00f3n de nuestros ni\u00f1os y ni\u00f1as.<\/p>\n<p>&nbsp;Una Comunidad de Aprendizaje no es s\u00f3lo un proyecto de centro educativo, sino que tambi\u00e9n es un proyecto del entorno, que se desarrolla mediante una educaci\u00f3n participativa de la comunidad y que se fundamenta en <strong>el aprendizaje dial\u00f3gico <\/strong>siguiendo los principios de di\u00e1logo, comunicaci\u00f3n y consenso igualitario. Todas las investigaciones demuestran que el proceso de aprendizaje de las ni\u00f1as y los ni\u00f1os dependen de la coordinaci\u00f3n entre todas las actividades que llevan a cabo en los diferentes espacios de sus vidas (clase, hogar y calle). Para la generaci\u00f3n de un aprendizaje dial\u00f3gico deben darse los siguientes principios:<a href=\"https:\/\/blogsaverroes.juntadeandalucia.es\/ceippedagogogarcianavarro\/files\/2023\/11\/PHOTO-2023-11-22-10-50-26.jpg\"><img loading=\"lazy\" decoding=\"async\" class=\"wp-image-3466 size-medium alignright\" src=\"https:\/\/blogsaverroes.juntadeandalucia.es\/ceippedagogogarcianavarro\/files\/2023\/11\/PHOTO-2023-11-22-10-50-26-300x225.jpg\" alt=\"\" width=\"300\" height=\"225\" srcset=\"https:\/\/blogsaverroes.juntadeandalucia.es\/ceippedagogogarcianavarro\/files\/2023\/11\/PHOTO-2023-11-22-10-50-26-300x225.jpg 300w, https:\/\/blogsaverroes.juntadeandalucia.es\/ceippedagogogarcianavarro\/files\/2023\/11\/PHOTO-2023-11-22-10-50-26-1024x768.jpg 1024w, https:\/\/blogsaverroes.juntadeandalucia.es\/ceippedagogogarcianavarro\/files\/2023\/11\/PHOTO-2023-11-22-10-50-26-768x576.jpg 768w, https:\/\/blogsaverroes.juntadeandalucia.es\/ceippedagogogarcianavarro\/files\/2023\/11\/PHOTO-2023-11-22-10-50-26-1536x1152.jpg 1536w, https:\/\/blogsaverroes.juntadeandalucia.es\/ceippedagogogarcianavarro\/files\/2023\/11\/PHOTO-2023-11-22-10-50-26.jpg 1600w\" sizes=\"(max-width: 300px) 100vw, 300px\" \/><\/a><\/p>\n<ul>\n<li><strong>El di\u00e1logo igualitario <\/strong>que parte de la premisa de que todas las personas que participamos en los procesos educativos deseamos lo mejor para nuestros\/as hijos\/as y para el alumnado en general, para ello es necesario que todos\/as tengan las mismas oportunidades para intervenir en los procesos de reflexi\u00f3n y de toma de decisiones sobre temas educativos relevantes.<\/li>\n<li><strong>La inteligencia cultural <\/strong>es una nueva concepci\u00f3n de la inteligencia que contempla la pluralidad de las inteligencias. El reconocimiento de la capacidad de aprendizaje y de la inteligencia de todas las personas, de cualquier lengua, cultura, barrio, etnia o edad, olvid\u00e1ndonos de nuestra supuesta superioridad cultural relacionada directamente con la inteligencia acad\u00e9mica de la cultura occidental.<\/li>\n<li><strong>Igualdad de las diferencias, <\/strong>el curr\u00edculo no estar\u00e1 sesgado y los objetivos educativos deber\u00e1n ser los mismo para todo el alumnado.<\/li>\n<li><strong>La dimensi\u00f3n instrumental <\/strong>que asegure el dominio de las competencias b\u00e1sicas, por eso partimos de una propuesta de aprendizaje de m\u00e1ximos para todos y todas.<\/li>\n<li>A trav\u00e9s de las interacciones, de un <strong>curr\u00edculo de m\u00e1ximos<\/strong>. La escuela debe ser un lugar donde se aprende sin discriminaci\u00f3n ni segregaci\u00f3n.<\/li>\n<li><strong>La transformaci\u00f3n, <\/strong>la mayor\u00eda de las desigualdades sociales y culturales no tienen origen en la escuela sino fuera de \u00e9stas, por lo que es necesaria la transformaci\u00f3n del entorno convirti\u00e9ndolo en un aliado de la instituci\u00f3n educativa y no en un enemigo.<\/li>\n<li><strong>La solidaridad <\/strong>como valor educativo no se consigue sino es a trav\u00e9s de la pr\u00e1ctica solidaria. Aprovechando la diversidad para el enriquecimiento mutuo, formando personas abiertas y fraternales.<\/li>\n<\/ul>\n<p>&nbsp;El proyecto ofrece un marco global que da sentido a todas nuestras acciones cotidianas y diarias en nuestra comunidad en la incesante b\u00fasqueda de una educaci\u00f3n de calidad.<a href=\"https:\/\/blogsaverroes.juntadeandalucia.es\/ceippedagogogarcianavarro\/files\/2023\/11\/thumbnail_IMG_5156.jpg\"><img loading=\"lazy\" decoding=\"async\" class=\"wp-image-3458 size-medium aligncenter\" src=\"https:\/\/blogsaverroes.juntadeandalucia.es\/ceippedagogogarcianavarro\/files\/2023\/11\/thumbnail_IMG_5156-300x225.jpg\" alt=\"\" width=\"300\" height=\"225\" srcset=\"https:\/\/blogsaverroes.juntadeandalucia.es\/ceippedagogogarcianavarro\/files\/2023\/11\/thumbnail_IMG_5156-300x225.jpg 300w, https:\/\/blogsaverroes.juntadeandalucia.es\/ceippedagogogarcianavarro\/files\/2023\/11\/thumbnail_IMG_5156.jpg 640w\" sizes=\"(max-width: 300px) 100vw, 300px\" \/><\/a><\/p>\n<p>&nbsp;Somos conscientes de las dificultades, sabemos que el grave problema de la exclusi\u00f3n social sobrepasa el \u00e1mbito educativo, pero tambi\u00e9n sabemos que la escuela tiene dos opciones claras: perpetuarla, a trav\u00e9s del fracaso escolar, o ayudar a superarla. Nuestro centro se ha propuesto la segunda de las opciones y creemos que a trav\u00e9s de la reflexi\u00f3n, del di\u00e1logo igualitario y la participaci\u00f3n efectiva podemos ayudar a que la Barriada de las Palmeras, de la ciudad de C\u00f3rdoba, inicie el proceso de transformaci\u00f3n que todos y todas deseamos para conseguir nuestros sue\u00f1os, <strong>\u201cnuestra escuela\u201d.<\/strong><\/p>\n<p>En el siguiente <a href=\"https:\/\/view.genially.com\/6347ccffde684b0019cc0f51\/presentation-comunidades-de-aprendizaje\">enlace<\/a> hay un genial Genially muy informativo \ud83d\ude42<\/p>\n<blockquote>\n<p style=\"text-align: center\"><strong>TERTULIAS DIAL\u00d3GICAS<\/strong><\/p>\n<\/blockquote>\nngg_shortcode_0_placeholder\n<blockquote>\n<p style=\"text-align: center\"><strong>GRUPOS INTERACTIVOS<\/strong><\/p>\n<\/blockquote>\nngg_shortcode_1_placeholder\n<p>&nbsp;<\/p>\n","protected":false},"excerpt":{"rendered":"<p>COMUNIDADES DE APRENDIZAJE &nbsp;En el C.E.I.P. Pedagogo Garc\u00eda Navarro se han venido desarrollando desde el curso 2013\/2014 experiencias participativas llevadas a cabo por medio del proyecto Comunidad de Aprendizaje que van consiguiendo, paulatinamente, transformar&#46;&#46;&#46;<\/p>\n","protected":false},"author":11931,"featured_media":0,"parent":0,"menu_order":0,"comment_status":"closed","ping_status":"closed","template":"","meta":{"ngg_post_thumbnail":0,"footnotes":"","_mc_calendar":[]},"aioseo_notices":[],"_links":{"self":[{"href":"https:\/\/blogsaverroes.juntadeandalucia.es\/ceippedagogogarcianavarro\/wp-json\/wp\/v2\/pages\/2467"}],"collection":[{"href":"https:\/\/blogsaverroes.juntadeandalucia.es\/ceippedagogogarcianavarro\/wp-json\/wp\/v2\/pages"}],"about":[{"href":"https:\/\/blogsaverroes.juntadeandalucia.es\/ceippedagogogarcianavarro\/wp-json\/wp\/v2\/types\/page"}],"author":[{"embeddable":true,"href":"https:\/\/blogsaverroes.juntadeandalucia.es\/ceippedagogogarcianavarro\/wp-json\/wp\/v2\/users\/11931"}],"replies":[{"embeddable":true,"href":"https:\/\/blogsaverroes.juntadeandalucia.es\/ceippedagogogarcianavarro\/wp-json\/wp\/v2\/comments?post=2467"}],"version-history":[{"count":4,"href":"https:\/\/blogsaverroes.juntadeandalucia.es\/ceippedagogogarcianavarro\/wp-json\/wp\/v2\/pages\/2467\/revisions"}],"predecessor-version":[{"id":3828,"href":"https:\/\/blogsaverroes.juntadeandalucia.es\/ceippedagogogarcianavarro\/wp-json\/wp\/v2\/pages\/2467\/revisions\/3828"}],"wp:attachment":[{"href":"https:\/\/blogsaverroes.juntadeandalucia.es\/ceippedagogogarcianavarro\/wp-json\/wp\/v2\/media?parent=2467"}],"curies":[{"name":"wp","href":"https:\/\/api.w.org\/{rel}","templated":true}]}}

<p style="text-align: center"><strong><u>COMUNIDADES DE APRENDIZAJE</u></strong></p>
<p>&nbsp;En el C.E.I.P. Pedagogo García Navarro se han venido desarrollando desde el curso 2013/2014 experiencias participativas llevadas a cabo por medio del proyecto Comunidad de Aprendizaje que van consiguiendo, paulatinamente, transformar la realidad socioeducativa de la escuela y su entorno, movilizando la aportación cultural y educativa de muchas personas implicadas en la mejora de la educación.<a href="https://blogsaverroes.juntadeandalucia.es/ceippedagogogarcianavarro/files/2024/11/WhatsApp-Image-2024-10-25-at-11.53.26.jpeg"><img loading="lazy" decoding="async" class="wp-image-3745 size-medium alignright" src="https://blogsaverroes.juntadeandalucia.es/ceippedagogogarcianavarro/files/2024/11/WhatsApp-Image-2024-10-25-at-11.53.26-300x225.jpeg" alt="" width="300" height="225" srcset="https://blogsaverroes.juntadeandalucia.es/ceippedagogogarcianavarro/files/2024/11/WhatsApp-Image-2024-10-25-at-11.53.26-300x225.jpeg 300w, https://blogsaverroes.juntadeandalucia.es/ceippedagogogarcianavarro/files/2024/11/WhatsApp-Image-2024-10-25-at-11.53.26-1024x768.jpeg 1024w, https://blogsaverroes.juntadeandalucia.es/ceippedagogogarcianavarro/files/2024/11/WhatsApp-Image-2024-10-25-at-11.53.26-768x576.jpeg 768w, https://blogsaverroes.juntadeandalucia.es/ceippedagogogarcianavarro/files/2024/11/WhatsApp-Image-2024-10-25-at-11.53.26-1536x1152.jpeg 1536w, https://blogsaverroes.juntadeandalucia.es/ceippedagogogarcianavarro/files/2024/11/WhatsApp-Image-2024-10-25-at-11.53.26.jpeg 1600w" sizes="(max-width: 300px) 100vw, 300px" /></a></p>
<p>&nbsp;Nuestra Comunidad de Aprendizaje es un proyecto de transformación que desde el centros educativo y a través de la utilización de ciertas herramientas, está focalizado en el éxito escolar y, en el cual, el proceso de enseñanza-aprendizaje no recae exclusivamente en manos del profesorado, sino que depende de la implicación conjunta del personal del centro educativo y de diferentes sectores: familias, asociaciones y voluntariado.</p>
<p>&nbsp;El proyecto educativo de nuestra escuela parte de prácticas exitosas que se han llevado a cabo en nuestra comunidad y que están sustentadas en sólidas teorías psicológicas, sociológicas, pedagógicas que se vienen poniendo en marcha en España en diversos centros educativos desde mediados de los años 90.</p>
<p>&nbsp;Se define una Comunidad de aprendizaje como “Un proyecto de transformación de centros educativos dirigidos a la superación del fracaso escolar y a la eliminación de conflictos”. En este proyecto se distingue por una apuesta por el aprendizaje dialógico mediante los grupos interactivos, donde el dialogo igualitario se convierte en un refuerzo común para lograr la igualdad educativa de todas las alumnas y alumnos.</p>
<p><a href="https://blogsaverroes.juntadeandalucia.es/ceippedagogogarcianavarro/files/2024/05/u├▒as2.jpg"><img loading="lazy" decoding="async" class="wp-image-3697 size-medium alignleft" src="https://blogsaverroes.juntadeandalucia.es/ceippedagogogarcianavarro/files/2024/05/u├▒as2-224x300.jpg" alt="" width="224" height="300" srcset="https://blogsaverroes.juntadeandalucia.es/ceippedagogogarcianavarro/files/2024/05/u├▒as2-224x300.jpg 224w, https://blogsaverroes.juntadeandalucia.es/ceippedagogogarcianavarro/files/2024/05/u├▒as2-766x1024.jpg 766w, https://blogsaverroes.juntadeandalucia.es/ceippedagogogarcianavarro/files/2024/05/u├▒as2-768x1027.jpg 768w, https://blogsaverroes.juntadeandalucia.es/ceippedagogogarcianavarro/files/2024/05/u├▒as2-1149x1536.jpg 1149w, https://blogsaverroes.juntadeandalucia.es/ceippedagogogarcianavarro/files/2024/05/u├▒as2.jpg 1197w" sizes="(max-width: 224px) 100vw, 224px" /></a>“La transformación de nuestra comunidad está orientada hacia el sueño de la escuela que queremos conseguir: “NUESTRA ESCUELA”.</p>
<p>&nbsp;Atendiendo a este lema, a partir de ahora, el aprendizaje escolar no va a recaer únicamente en manos del profesorado sino que vamos a intentar conseguir una educación de gran calidad apoyándonos y contando con la participación conjunta del alumnado, las familias, las asociaciones, el barrio, el voluntariado, ONG&#8230;es decir, la implicación de toda la Comunidad, de todos los agentes que participan en la educación de nuestros niños y niñas.</p>
<p>&nbsp;Una Comunidad de Aprendizaje no es sólo un proyecto de centro educativo, sino que también es un proyecto del entorno, que se desarrolla mediante una educación participativa de la comunidad y que se fundamenta en <strong>el aprendizaje dialógico </strong>siguiendo los principios de diálogo, comunicación y consenso igualitario. Todas las investigaciones demuestran que el proceso de aprendizaje de las niñas y los niños dependen de la coordinación entre todas las actividades que llevan a cabo en los diferentes espacios de sus vidas (clase, hogar y calle). Para la generación de un aprendizaje dialógico deben darse los siguientes principios:<a href="https://blogsaverroes.juntadeandalucia.es/ceippedagogogarcianavarro/files/2023/11/PHOTO-2023-11-22-10-50-26.jpg"><img loading="lazy" decoding="async" class="wp-image-3466 size-medium alignright" src="https://blogsaverroes.juntadeandalucia.es/ceippedagogogarcianavarro/files/2023/11/PHOTO-2023-11-22-10-50-26-300x225.jpg" alt="" width="300" height="225" srcset="https://blogsaverroes.juntadeandalucia.es/ceippedagogogarcianavarro/files/2023/11/PHOTO-2023-11-22-10-50-26-300x225.jpg 300w, https://blogsaverroes.juntadeandalucia.es/ceippedagogogarcianavarro/files/2023/11/PHOTO-2023-11-22-10-50-26-1024x768.jpg 1024w, https://blogsaverroes.juntadeandalucia.es/ceippedagogogarcianavarro/files/2023/11/PHOTO-2023-11-22-10-50-26-768x576.jpg 768w, https://blogsaverroes.juntadeandalucia.es/ceippedagogogarcianavarro/files/2023/11/PHOTO-2023-11-22-10-50-26-1536x1152.jpg 1536w, https://blogsaverroes.juntadeandalucia.es/ceippedagogogarcianavarro/files/2023/11/PHOTO-2023-11-22-10-50-26.jpg 1600w" sizes="(max-width: 300px) 100vw, 300px" /></a></p>
<ul>
<li><strong>El diálogo igualitario </strong>que parte de la premisa de que todas las personas que participamos en los procesos educativos deseamos lo mejor para nuestros/as hijos/as y para el alumnado en general, para ello es necesario que todos/as tengan las mismas oportunidades para intervenir en los procesos de reflexión y de toma de decisiones sobre temas educativos relevantes.</li>
<li><strong>La inteligencia cultural </strong>es una nueva concepción de la inteligencia que contempla la pluralidad de las inteligencias. El reconocimiento de la capacidad de aprendizaje y de la inteligencia de todas las personas, de cualquier lengua, cultura, barrio, etnia o edad, olvidándonos de nuestra supuesta superioridad cultural relacionada directamente con la inteligencia académica de la cultura occidental.</li>
<li><strong>Igualdad de las diferencias, </strong>el currículo no estará sesgado y los objetivos educativos deberán ser los mismo para todo el alumnado.</li>
<li><strong>La dimensión instrumental </strong>que asegure el dominio de las competencias básicas, por eso partimos de una propuesta de aprendizaje de máximos para todos y todas.</li>
<li>A través de las interacciones, de un <strong>currículo de máximos</strong>. La escuela debe ser un lugar donde se aprende sin discriminación ni segregación.</li>
<li><strong>La transformación, </strong>la mayoría de las desigualdades sociales y culturales no tienen origen en la escuela sino fuera de éstas, por lo que es necesaria la transformación del entorno convirtiéndolo en un aliado de la institución educativa y no en un enemigo.</li>
<li><strong>La solidaridad </strong>como valor educativo no se consigue sino es a través de la práctica solidaria. Aprovechando la diversidad para el enriquecimiento mutuo, formando personas abiertas y fraternales.</li>
</ul>
<p>&nbsp;El proyecto ofrece un marco global que da sentido a todas nuestras acciones cotidianas y diarias en nuestra comunidad en la incesante búsqueda de una educación de calidad.<a href="https://blogsaverroes.juntadeandalucia.es/ceippedagogogarcianavarro/files/2023/11/thumbnail_IMG_5156.jpg"><img loading="lazy" decoding="async" class="wp-image-3458 size-medium aligncenter" src="https://blogsaverroes.juntadeandalucia.es/ceippedagogogarcianavarro/files/2023/11/thumbnail_IMG_5156-300x225.jpg" alt="" width="300" height="225" srcset="https://blogsaverroes.juntadeandalucia.es/ceippedagogogarcianavarro/files/2023/11/thumbnail_IMG_5156-300x225.jpg 300w, https://blogsaverroes.juntadeandalucia.es/ceippedagogogarcianavarro/files/2023/11/thumbnail_IMG_5156.jpg 640w" sizes="(max-width: 300px) 100vw, 300px" /></a></p>
<p>&nbsp;Somos conscientes de las dificultades, sabemos que el grave problema de la exclusión social sobrepasa el ámbito educativo, pero también sabemos que la escuela tiene dos opciones claras: perpetuarla, a través del fracaso escolar, o ayudar a superarla. Nuestro centro se ha propuesto la segunda de las opciones y creemos que a través de la reflexión, del diálogo igualitario y la participación efectiva podemos ayudar a que la Barriada de las Palmeras, de la ciudad de Córdoba, inicie el proceso de transformación que todos y todas deseamos para conseguir nuestros sueños, <strong>“nuestra escuela”.</strong></p>
<p>En el siguiente <a href="https://view.genially.com/6347ccffde684b0019cc0f51/presentation-comunidades-de-aprendizaje">enlace</a> hay un genial Genially muy informativo 🙂</p>
<blockquote>
<p style="text-align: center"><strong>TERTULIAS DIALÓGICAS</strong></p>
</blockquote>
ngg_shortcode_0_placeholder
<blockquote>
<p style="text-align: center"><strong>GRUPOS INTERACTIVOS</strong></p>
</blockquote>
ngg_shortcode_1_placeholder
<p>&nbsp;</p>

<p>COMUNIDADES DE APRENDIZAJE &nbsp;En el C.E.I.P. Pedagogo García Navarro se han venido desarrollando desde el curso 2013/2014 experiencias participativas llevadas a cabo por medio del proyecto Comunidad de Aprendizaje que van consiguiendo, paulatinamente, transformar&#46;&#46;&#46;</p>
