{"id":8764,"date":"2024-06-18T11:22:10","date_gmt":"2024-06-18T09:22:10","guid":{"rendered":"https:\/\/blogsaverroes.juntadeandalucia.es\/ceipperezacevedo\/?page_id=8764"},"modified":"2024-06-18T12:20:24","modified_gmt":"2024-06-18T10:20:24","slug":"plan-de-bilinguismo","status":"publish","type":"page","link":"https:\/\/blogsaverroes.juntadeandalucia.es\/ceipperezacevedo\/plan-de-bilinguismo\/","title":{"rendered":"Plan de Biling\u00fcismo"},"content":{"rendered":"<p>Este programa concede especial relevancia a la competencia en comunicaci\u00f3n ling\u00fc\u00edstica, referida a la utilizaci\u00f3n del lenguaje como instrumento de comunicaci\u00f3n oral y escrita, tanto en la lengua espa\u00f1ola como en lengua extranjera, en nuestro caso en ingl\u00e9s. Asimismo, prev\u00e9 que determinados \u00e1mbitos, \u00e1reas o materias del curr\u00edculo sean impartidos en una lengua extranjera en educaci\u00f3n infantil y educaci\u00f3n primaria. En nuestro centro, actualmente en primaria, se trabaja en el \u00e1rea de Conocimiento del Medio.<\/p>\n<p>Contamos cada a\u00f1o con un auxiliar de conversaci\u00f3n nativo que realiza una labor important\u00edsima con nuestro alumnado,. El objetivo fundamental es el de la conversaci\u00f3n en ingl\u00e9s con la clase y aprender la cultura del pa\u00eds del auxiliar.<\/p>\n","protected":false},"excerpt":{"rendered":"<p>Este programa concede especial relevancia a la competencia en comunicaci\u00f3n ling\u00fc\u00edstica, referida a la utilizaci\u00f3n del lenguaje como instrumento de comunicaci\u00f3n oral y escrita, tanto en la lengua espa\u00f1ola como en lengua extranjera, en nuestro caso en ingl\u00e9s. Asimismo, prev\u00e9 que determinados \u00e1mbitos, \u00e1reas o materias del curr\u00edculo sean impartidos en una lengua extranjera en [&hellip;]<\/p>\n","protected":false},"author":5741,"featured_media":0,"parent":0,"menu_order":0,"comment_status":"closed","ping_status":"closed","template":"","meta":{"ngg_post_thumbnail":0,"footnotes":"","_mc_calendar":[]},"aioseo_notices":[],"_links":{"self":[{"href":"https:\/\/blogsaverroes.juntadeandalucia.es\/ceipperezacevedo\/wp-json\/wp\/v2\/pages\/8764"}],"collection":[{"href":"https:\/\/blogsaverroes.juntadeandalucia.es\/ceipperezacevedo\/wp-json\/wp\/v2\/pages"}],"about":[{"href":"https:\/\/blogsaverroes.juntadeandalucia.es\/ceipperezacevedo\/wp-json\/wp\/v2\/types\/page"}],"author":[{"embeddable":true,"href":"https:\/\/blogsaverroes.juntadeandalucia.es\/ceipperezacevedo\/wp-json\/wp\/v2\/users\/5741"}],"replies":[{"embeddable":true,"href":"https:\/\/blogsaverroes.juntadeandalucia.es\/ceipperezacevedo\/wp-json\/wp\/v2\/comments?post=8764"}],"version-history":[{"count":2,"href":"https:\/\/blogsaverroes.juntadeandalucia.es\/ceipperezacevedo\/wp-json\/wp\/v2\/pages\/8764\/revisions"}],"predecessor-version":[{"id":8781,"href":"https:\/\/blogsaverroes.juntadeandalucia.es\/ceipperezacevedo\/wp-json\/wp\/v2\/pages\/8764\/revisions\/8781"}],"wp:attachment":[{"href":"https:\/\/blogsaverroes.juntadeandalucia.es\/ceipperezacevedo\/wp-json\/wp\/v2\/media?parent=8764"}],"curies":[{"name":"wp","href":"https:\/\/api.w.org\/{rel}","templated":true}]}}

Plan de Bilingüismo

<p>Este programa concede especial relevancia a la competencia en comunicación lingüística, referida a la utilización del lenguaje como instrumento de comunicación oral y escrita, tanto en la lengua española como en lengua extranjera, en nuestro caso en inglés. Asimismo, prevé que determinados ámbitos, áreas o materias del currículo sean impartidos en una lengua extranjera en educación infantil y educación primaria. En nuestro centro, actualmente en primaria, se trabaja en el área de Conocimiento del Medio.</p>
<p>Contamos cada año con un auxiliar de conversación nativo que realiza una labor importantísima con nuestro alumnado,. El objetivo fundamental es el de la conversación en inglés con la clase y aprender la cultura del país del auxiliar.</p>

<p>Este programa concede especial relevancia a la competencia en comunicación lingüística, referida a la utilización del lenguaje como instrumento de comunicación oral y escrita, tanto en la lengua española como en lengua extranjera, en nuestro caso en inglés. Asimismo, prevé que determinados ámbitos, áreas o materias del currículo sean impartidos en una lengua extranjera en [&hellip;]</p>
