{"id":9093,"date":"2025-02-04T12:28:27","date_gmt":"2025-02-04T11:28:27","guid":{"rendered":"https:\/\/blogsaverroes.juntadeandalucia.es\/ceipperezacevedo\/?page_id=9093"},"modified":"2025-02-04T12:35:29","modified_gmt":"2025-02-04T11:35:29","slug":"dia-de-la-paz","status":"publish","type":"page","link":"https:\/\/blogsaverroes.juntadeandalucia.es\/ceipperezacevedo\/dia-de-la-paz\/","title":{"rendered":"D\u00cdA DE LA PAZ"},"content":{"rendered":"<h6 style=\"text-align: left\">&nbsp;El pasado 30 de Enero se celebr\u00f3 el D\u00eda de la Paz y nuestro cole realiz\u00f3 una Carrera Solidaria en la que particip\u00f3 toda nuestra Comunidad Educativa: alumnado, maestros, padres y madres.<\/h6>\n<p>&nbsp;<\/p>\n<h6><img loading=\"lazy\" decoding=\"async\" class=\"aligncenter size-full wp-image-9097\" src=\"https:\/\/blogsaverroes.juntadeandalucia.es\/ceipperezacevedo\/files\/2025\/02\/Foto-de-Mariah-SEMC-.jpg\" alt=\"El d\u00eda 30 de Enero se celebr\u00f3 el D\u00eda de la Paz y en nuestro cole hemos realizado una Carrera Solidaria en la que ha participado toda nuestra Comunidad Educativa: alumnado, maestros, padres y madres.\" width=\"900\" height=\"1600\" srcset=\"https:\/\/blogsaverroes.juntadeandalucia.es\/ceipperezacevedo\/files\/2025\/02\/Foto-de-Mariah-SEMC-.jpg 900w, https:\/\/blogsaverroes.juntadeandalucia.es\/ceipperezacevedo\/files\/2025\/02\/Foto-de-Mariah-SEMC--169x300.jpg 169w, https:\/\/blogsaverroes.juntadeandalucia.es\/ceipperezacevedo\/files\/2025\/02\/Foto-de-Mariah-SEMC--576x1024.jpg 576w, https:\/\/blogsaverroes.juntadeandalucia.es\/ceipperezacevedo\/files\/2025\/02\/Foto-de-Mariah-SEMC--768x1365.jpg 768w, https:\/\/blogsaverroes.juntadeandalucia.es\/ceipperezacevedo\/files\/2025\/02\/Foto-de-Mariah-SEMC--864x1536.jpg 864w\" sizes=\"(max-width: 900px) 100vw, 900px\" \/> <img loading=\"lazy\" decoding=\"async\" class=\"aligncenter size-full wp-image-9098\" src=\"https:\/\/blogsaverroes.juntadeandalucia.es\/ceipperezacevedo\/files\/2025\/02\/IMG-20250203-WA0091.jpg\" alt=\"\" width=\"1600\" height=\"1200\" srcset=\"https:\/\/blogsaverroes.juntadeandalucia.es\/ceipperezacevedo\/files\/2025\/02\/IMG-20250203-WA0091.jpg 1600w, https:\/\/blogsaverroes.juntadeandalucia.es\/ceipperezacevedo\/files\/2025\/02\/IMG-20250203-WA0091-300x225.jpg 300w, https:\/\/blogsaverroes.juntadeandalucia.es\/ceipperezacevedo\/files\/2025\/02\/IMG-20250203-WA0091-1024x768.jpg 1024w, https:\/\/blogsaverroes.juntadeandalucia.es\/ceipperezacevedo\/files\/2025\/02\/IMG-20250203-WA0091-768x576.jpg 768w, https:\/\/blogsaverroes.juntadeandalucia.es\/ceipperezacevedo\/files\/2025\/02\/IMG-20250203-WA0091-1536x1152.jpg 1536w\" sizes=\"(max-width: 1600px) 100vw, 1600px\" \/> <img loading=\"lazy\" decoding=\"async\" class=\"aligncenter size-full wp-image-9099\" src=\"https:\/\/blogsaverroes.juntadeandalucia.es\/ceipperezacevedo\/files\/2025\/02\/IMG-20250203-WA0092.jpg\" alt=\"\" width=\"1600\" height=\"1200\" srcset=\"https:\/\/blogsaverroes.juntadeandalucia.es\/ceipperezacevedo\/files\/2025\/02\/IMG-20250203-WA0092.jpg 1600w, https:\/\/blogsaverroes.juntadeandalucia.es\/ceipperezacevedo\/files\/2025\/02\/IMG-20250203-WA0092-300x225.jpg 300w, https:\/\/blogsaverroes.juntadeandalucia.es\/ceipperezacevedo\/files\/2025\/02\/IMG-20250203-WA0092-1024x768.jpg 1024w, https:\/\/blogsaverroes.juntadeandalucia.es\/ceipperezacevedo\/files\/2025\/02\/IMG-20250203-WA0092-768x576.jpg 768w, https:\/\/blogsaverroes.juntadeandalucia.es\/ceipperezacevedo\/files\/2025\/02\/IMG-20250203-WA0092-1536x1152.jpg 1536w\" sizes=\"(max-width: 1600px) 100vw, 1600px\" \/> <img loading=\"lazy\" decoding=\"async\" class=\"aligncenter size-full wp-image-9100\" src=\"https:\/\/blogsaverroes.juntadeandalucia.es\/ceipperezacevedo\/files\/2025\/02\/IMG-20250203-WA0093.jpg\" alt=\"\" width=\"1600\" height=\"1200\" srcset=\"https:\/\/blogsaverroes.juntadeandalucia.es\/ceipperezacevedo\/files\/2025\/02\/IMG-20250203-WA0093.jpg 1600w, https:\/\/blogsaverroes.juntadeandalucia.es\/ceipperezacevedo\/files\/2025\/02\/IMG-20250203-WA0093-300x225.jpg 300w, https:\/\/blogsaverroes.juntadeandalucia.es\/ceipperezacevedo\/files\/2025\/02\/IMG-20250203-WA0093-1024x768.jpg 1024w, https:\/\/blogsaverroes.juntadeandalucia.es\/ceipperezacevedo\/files\/2025\/02\/IMG-20250203-WA0093-768x576.jpg 768w, https:\/\/blogsaverroes.juntadeandalucia.es\/ceipperezacevedo\/files\/2025\/02\/IMG-20250203-WA0093-1536x1152.jpg 1536w\" sizes=\"(max-width: 1600px) 100vw, 1600px\" \/> <img loading=\"lazy\" decoding=\"async\" class=\"aligncenter size-full wp-image-9101\" src=\"https:\/\/blogsaverroes.juntadeandalucia.es\/ceipperezacevedo\/files\/2025\/02\/IMG-20250203-WA0096.jpg\" alt=\"\" width=\"4032\" height=\"3024\" srcset=\"https:\/\/blogsaverroes.juntadeandalucia.es\/ceipperezacevedo\/files\/2025\/02\/IMG-20250203-WA0096.jpg 4032w, https:\/\/blogsaverroes.juntadeandalucia.es\/ceipperezacevedo\/files\/2025\/02\/IMG-20250203-WA0096-300x225.jpg 300w, https:\/\/blogsaverroes.juntadeandalucia.es\/ceipperezacevedo\/files\/2025\/02\/IMG-20250203-WA0096-1024x768.jpg 1024w, https:\/\/blogsaverroes.juntadeandalucia.es\/ceipperezacevedo\/files\/2025\/02\/IMG-20250203-WA0096-768x576.jpg 768w, https:\/\/blogsaverroes.juntadeandalucia.es\/ceipperezacevedo\/files\/2025\/02\/IMG-20250203-WA0096-1536x1152.jpg 1536w, https:\/\/blogsaverroes.juntadeandalucia.es\/ceipperezacevedo\/files\/2025\/02\/IMG-20250203-WA0096-2048x1536.jpg 2048w\" sizes=\"(max-width: 4032px) 100vw, 4032px\" \/> <img loading=\"lazy\" decoding=\"async\" class=\"aligncenter size-full wp-image-9102\" src=\"https:\/\/blogsaverroes.juntadeandalucia.es\/ceipperezacevedo\/files\/2025\/02\/IMG-20250204-WA0000.jpg\" alt=\"\" width=\"4032\" height=\"3024\" srcset=\"https:\/\/blogsaverroes.juntadeandalucia.es\/ceipperezacevedo\/files\/2025\/02\/IMG-20250204-WA0000.jpg 1600w, https:\/\/blogsaverroes.juntadeandalucia.es\/ceipperezacevedo\/files\/2025\/02\/IMG-20250204-WA0000-300x225.jpg 300w, https:\/\/blogsaverroes.juntadeandalucia.es\/ceipperezacevedo\/files\/2025\/02\/IMG-20250204-WA0000-1024x768.jpg 1024w, https:\/\/blogsaverroes.juntadeandalucia.es\/ceipperezacevedo\/files\/2025\/02\/IMG-20250204-WA0000-768x576.jpg 768w, https:\/\/blogsaverroes.juntadeandalucia.es\/ceipperezacevedo\/files\/2025\/02\/IMG-20250204-WA0000-1536x1152.jpg 1536w, https:\/\/blogsaverroes.juntadeandalucia.es\/ceipperezacevedo\/files\/2025\/02\/IMG-20250204-WA0000-2048x1536.jpg 2048w\" sizes=\"(max-width: 4032px) 100vw, 4032px\" \/><\/h6>\n<div style=\"width: 848px;\" class=\"wp-video\"><!--[if lt IE 9]><script>document.createElement('video');<\/script><![endif]-->\n<video class=\"wp-video-shortcode\" id=\"video-9093-1\" width=\"848\" height=\"478\" preload=\"metadata\" controls=\"controls\"><source type=\"video\/mp4\" src=\"https:\/\/blogsaverroes.juntadeandalucia.es\/ceipperezacevedo\/files\/2025\/02\/VID-20250204-WA0001.mp4?_=1\" \/><a href=\"https:\/\/blogsaverroes.juntadeandalucia.es\/ceipperezacevedo\/files\/2025\/02\/VID-20250204-WA0001.mp4\">https:\/\/blogsaverroes.juntadeandalucia.es\/ceipperezacevedo\/files\/2025\/02\/VID-20250204-WA0001.mp4<\/a><\/video><\/div>\n","protected":false},"excerpt":{"rendered":"<p>&nbsp;El pasado 30 de Enero se celebr\u00f3 el D\u00eda de la Paz y nuestro cole realiz\u00f3 una Carrera Solidaria en la que particip\u00f3 toda nuestra Comunidad Educativa: alumnado, maestros, padres y madres. &nbsp;<\/p>\n","protected":false},"author":5741,"featured_media":0,"parent":0,"menu_order":0,"comment_status":"closed","ping_status":"closed","template":"","meta":{"ngg_post_thumbnail":0,"footnotes":"","_mc_calendar":[]},"aioseo_notices":[],"_links":{"self":[{"href":"https:\/\/blogsaverroes.juntadeandalucia.es\/ceipperezacevedo\/wp-json\/wp\/v2\/pages\/9093"}],"collection":[{"href":"https:\/\/blogsaverroes.juntadeandalucia.es\/ceipperezacevedo\/wp-json\/wp\/v2\/pages"}],"about":[{"href":"https:\/\/blogsaverroes.juntadeandalucia.es\/ceipperezacevedo\/wp-json\/wp\/v2\/types\/page"}],"author":[{"embeddable":true,"href":"https:\/\/blogsaverroes.juntadeandalucia.es\/ceipperezacevedo\/wp-json\/wp\/v2\/users\/5741"}],"replies":[{"embeddable":true,"href":"https:\/\/blogsaverroes.juntadeandalucia.es\/ceipperezacevedo\/wp-json\/wp\/v2\/comments?post=9093"}],"version-history":[{"count":3,"href":"https:\/\/blogsaverroes.juntadeandalucia.es\/ceipperezacevedo\/wp-json\/wp\/v2\/pages\/9093\/revisions"}],"predecessor-version":[{"id":9105,"href":"https:\/\/blogsaverroes.juntadeandalucia.es\/ceipperezacevedo\/wp-json\/wp\/v2\/pages\/9093\/revisions\/9105"}],"wp:attachment":[{"href":"https:\/\/blogsaverroes.juntadeandalucia.es\/ceipperezacevedo\/wp-json\/wp\/v2\/media?parent=9093"}],"curies":[{"name":"wp","href":"https:\/\/api.w.org\/{rel}","templated":true}]}}

DÍA DE LA PAZ

<h6 style="text-align: left">&nbsp;El pasado 30 de Enero se celebró el Día de la Paz y nuestro cole realizó una Carrera Solidaria en la que participó toda nuestra Comunidad Educativa: alumnado, maestros, padres y madres.</h6>
<p>&nbsp;</p>
<h6><img loading="lazy" decoding="async" class="aligncenter size-full wp-image-9097" src="https://blogsaverroes.juntadeandalucia.es/ceipperezacevedo/files/2025/02/Foto-de-Mariah-SEMC-.jpg" alt="El día 30 de Enero se celebró el Día de la Paz y en nuestro cole hemos realizado una Carrera Solidaria en la que ha participado toda nuestra Comunidad Educativa: alumnado, maestros, padres y madres." width="900" height="1600" srcset="https://blogsaverroes.juntadeandalucia.es/ceipperezacevedo/files/2025/02/Foto-de-Mariah-SEMC-.jpg 900w, https://blogsaverroes.juntadeandalucia.es/ceipperezacevedo/files/2025/02/Foto-de-Mariah-SEMC--169x300.jpg 169w, https://blogsaverroes.juntadeandalucia.es/ceipperezacevedo/files/2025/02/Foto-de-Mariah-SEMC--576x1024.jpg 576w, https://blogsaverroes.juntadeandalucia.es/ceipperezacevedo/files/2025/02/Foto-de-Mariah-SEMC--768x1365.jpg 768w, https://blogsaverroes.juntadeandalucia.es/ceipperezacevedo/files/2025/02/Foto-de-Mariah-SEMC--864x1536.jpg 864w" sizes="(max-width: 900px) 100vw, 900px" /> <img loading="lazy" decoding="async" class="aligncenter size-full wp-image-9098" src="https://blogsaverroes.juntadeandalucia.es/ceipperezacevedo/files/2025/02/IMG-20250203-WA0091.jpg" alt="" width="1600" height="1200" srcset="https://blogsaverroes.juntadeandalucia.es/ceipperezacevedo/files/2025/02/IMG-20250203-WA0091.jpg 1600w, https://blogsaverroes.juntadeandalucia.es/ceipperezacevedo/files/2025/02/IMG-20250203-WA0091-300x225.jpg 300w, https://blogsaverroes.juntadeandalucia.es/ceipperezacevedo/files/2025/02/IMG-20250203-WA0091-1024x768.jpg 1024w, https://blogsaverroes.juntadeandalucia.es/ceipperezacevedo/files/2025/02/IMG-20250203-WA0091-768x576.jpg 768w, https://blogsaverroes.juntadeandalucia.es/ceipperezacevedo/files/2025/02/IMG-20250203-WA0091-1536x1152.jpg 1536w" sizes="(max-width: 1600px) 100vw, 1600px" /> <img loading="lazy" decoding="async" class="aligncenter size-full wp-image-9099" src="https://blogsaverroes.juntadeandalucia.es/ceipperezacevedo/files/2025/02/IMG-20250203-WA0092.jpg" alt="" width="1600" height="1200" srcset="https://blogsaverroes.juntadeandalucia.es/ceipperezacevedo/files/2025/02/IMG-20250203-WA0092.jpg 1600w, https://blogsaverroes.juntadeandalucia.es/ceipperezacevedo/files/2025/02/IMG-20250203-WA0092-300x225.jpg 300w, https://blogsaverroes.juntadeandalucia.es/ceipperezacevedo/files/2025/02/IMG-20250203-WA0092-1024x768.jpg 1024w, https://blogsaverroes.juntadeandalucia.es/ceipperezacevedo/files/2025/02/IMG-20250203-WA0092-768x576.jpg 768w, https://blogsaverroes.juntadeandalucia.es/ceipperezacevedo/files/2025/02/IMG-20250203-WA0092-1536x1152.jpg 1536w" sizes="(max-width: 1600px) 100vw, 1600px" /> <img loading="lazy" decoding="async" class="aligncenter size-full wp-image-9100" src="https://blogsaverroes.juntadeandalucia.es/ceipperezacevedo/files/2025/02/IMG-20250203-WA0093.jpg" alt="" width="1600" height="1200" srcset="https://blogsaverroes.juntadeandalucia.es/ceipperezacevedo/files/2025/02/IMG-20250203-WA0093.jpg 1600w, https://blogsaverroes.juntadeandalucia.es/ceipperezacevedo/files/2025/02/IMG-20250203-WA0093-300x225.jpg 300w, https://blogsaverroes.juntadeandalucia.es/ceipperezacevedo/files/2025/02/IMG-20250203-WA0093-1024x768.jpg 1024w, https://blogsaverroes.juntadeandalucia.es/ceipperezacevedo/files/2025/02/IMG-20250203-WA0093-768x576.jpg 768w, https://blogsaverroes.juntadeandalucia.es/ceipperezacevedo/files/2025/02/IMG-20250203-WA0093-1536x1152.jpg 1536w" sizes="(max-width: 1600px) 100vw, 1600px" /> <img loading="lazy" decoding="async" class="aligncenter size-full wp-image-9101" src="https://blogsaverroes.juntadeandalucia.es/ceipperezacevedo/files/2025/02/IMG-20250203-WA0096.jpg" alt="" width="4032" height="3024" srcset="https://blogsaverroes.juntadeandalucia.es/ceipperezacevedo/files/2025/02/IMG-20250203-WA0096.jpg 4032w, https://blogsaverroes.juntadeandalucia.es/ceipperezacevedo/files/2025/02/IMG-20250203-WA0096-300x225.jpg 300w, https://blogsaverroes.juntadeandalucia.es/ceipperezacevedo/files/2025/02/IMG-20250203-WA0096-1024x768.jpg 1024w, https://blogsaverroes.juntadeandalucia.es/ceipperezacevedo/files/2025/02/IMG-20250203-WA0096-768x576.jpg 768w, https://blogsaverroes.juntadeandalucia.es/ceipperezacevedo/files/2025/02/IMG-20250203-WA0096-1536x1152.jpg 1536w, https://blogsaverroes.juntadeandalucia.es/ceipperezacevedo/files/2025/02/IMG-20250203-WA0096-2048x1536.jpg 2048w" sizes="(max-width: 4032px) 100vw, 4032px" /> <img loading="lazy" decoding="async" class="aligncenter size-full wp-image-9102" src="https://blogsaverroes.juntadeandalucia.es/ceipperezacevedo/files/2025/02/IMG-20250204-WA0000.jpg" alt="" width="4032" height="3024" srcset="https://blogsaverroes.juntadeandalucia.es/ceipperezacevedo/files/2025/02/IMG-20250204-WA0000.jpg 1600w, https://blogsaverroes.juntadeandalucia.es/ceipperezacevedo/files/2025/02/IMG-20250204-WA0000-300x225.jpg 300w, https://blogsaverroes.juntadeandalucia.es/ceipperezacevedo/files/2025/02/IMG-20250204-WA0000-1024x768.jpg 1024w, https://blogsaverroes.juntadeandalucia.es/ceipperezacevedo/files/2025/02/IMG-20250204-WA0000-768x576.jpg 768w, https://blogsaverroes.juntadeandalucia.es/ceipperezacevedo/files/2025/02/IMG-20250204-WA0000-1536x1152.jpg 1536w, https://blogsaverroes.juntadeandalucia.es/ceipperezacevedo/files/2025/02/IMG-20250204-WA0000-2048x1536.jpg 2048w" sizes="(max-width: 4032px) 100vw, 4032px" /></h6>
<div style="width: 848px;" class="wp-video"><!--[if lt IE 9]><script>document.createElement('video');</script><![endif]-->
<video class="wp-video-shortcode" id="video-9093-1" width="848" height="478" preload="metadata" controls="controls"><source type="video/mp4" src="https://blogsaverroes.juntadeandalucia.es/ceipperezacevedo/files/2025/02/VID-20250204-WA0001.mp4?_=1" /><a href="https://blogsaverroes.juntadeandalucia.es/ceipperezacevedo/files/2025/02/VID-20250204-WA0001.mp4">https://blogsaverroes.juntadeandalucia.es/ceipperezacevedo/files/2025/02/VID-20250204-WA0001.mp4</a></video></div>

<p>&nbsp;El pasado 30 de Enero se celebró el Día de la Paz y nuestro cole realizó una Carrera Solidaria en la que participó toda nuestra Comunidad Educativa: alumnado, maestros, padres y madres. &nbsp;</p>
