{"id":9120,"date":"2025-02-28T09:53:16","date_gmt":"2025-02-28T08:53:16","guid":{"rendered":"https:\/\/blogsaverroes.juntadeandalucia.es\/ceipperezacevedo\/?page_id=9120"},"modified":"2025-02-28T10:07:31","modified_gmt":"2025-02-28T09:07:31","slug":"dia-de-andalucia","status":"publish","type":"page","link":"https:\/\/blogsaverroes.juntadeandalucia.es\/ceipperezacevedo\/dia-de-andalucia\/","title":{"rendered":"D\u00cdA DE ANDALUC\u00cdA"},"content":{"rendered":"<p>El pasado <strong>26 de Febrero<\/strong> los alumnos y alumnas de nuestro centro celebraron el <strong>D\u00eda de Andaluc\u00eda<\/strong> con diversas actividades y, por supuesto, un <strong>desayuno andaluz<\/strong> en colaboraci\u00f3n con la <strong>AMPA Juli\u00e1n Contreras<\/strong>.<\/p>\n<p><img loading=\"lazy\" decoding=\"async\" class=\"wp-image-9125 size-medium alignleft\" src=\"https:\/\/blogsaverroes.juntadeandalucia.es\/ceipperezacevedo\/files\/2025\/02\/IMG-20250228-WA0000-300x225.jpg\" alt=\"\" width=\"300\" height=\"225\" srcset=\"https:\/\/blogsaverroes.juntadeandalucia.es\/ceipperezacevedo\/files\/2025\/02\/IMG-20250228-WA0000-300x225.jpg 300w, https:\/\/blogsaverroes.juntadeandalucia.es\/ceipperezacevedo\/files\/2025\/02\/IMG-20250228-WA0000-1024x768.jpg 1024w, https:\/\/blogsaverroes.juntadeandalucia.es\/ceipperezacevedo\/files\/2025\/02\/IMG-20250228-WA0000-768x576.jpg 768w, https:\/\/blogsaverroes.juntadeandalucia.es\/ceipperezacevedo\/files\/2025\/02\/IMG-20250228-WA0000-1536x1152.jpg 1536w, https:\/\/blogsaverroes.juntadeandalucia.es\/ceipperezacevedo\/files\/2025\/02\/IMG-20250228-WA0000.jpg 1600w\" sizes=\"(max-width: 300px) 100vw, 300px\" \/> <img loading=\"lazy\" decoding=\"async\" class=\"aligncenter wp-image-9126 size-medium\" src=\"https:\/\/blogsaverroes.juntadeandalucia.es\/ceipperezacevedo\/files\/2025\/02\/IMG-20250228-WA0001-300x225.jpg\" alt=\"\" width=\"300\" height=\"225\" srcset=\"https:\/\/blogsaverroes.juntadeandalucia.es\/ceipperezacevedo\/files\/2025\/02\/IMG-20250228-WA0001-300x225.jpg 300w, https:\/\/blogsaverroes.juntadeandalucia.es\/ceipperezacevedo\/files\/2025\/02\/IMG-20250228-WA0001-1024x768.jpg 1024w, https:\/\/blogsaverroes.juntadeandalucia.es\/ceipperezacevedo\/files\/2025\/02\/IMG-20250228-WA0001-768x576.jpg 768w, https:\/\/blogsaverroes.juntadeandalucia.es\/ceipperezacevedo\/files\/2025\/02\/IMG-20250228-WA0001-1536x1152.jpg 1536w, https:\/\/blogsaverroes.juntadeandalucia.es\/ceipperezacevedo\/files\/2025\/02\/IMG-20250228-WA0001.jpg 1600w\" sizes=\"(max-width: 300px) 100vw, 300px\" \/> <img loading=\"lazy\" decoding=\"async\" class=\"aligncenter wp-image-9127 size-large\" src=\"https:\/\/blogsaverroes.juntadeandalucia.es\/ceipperezacevedo\/files\/2025\/02\/IMG-20250228-WA0002-1024x768.jpg\" alt=\"\" width=\"1024\" height=\"768\" srcset=\"https:\/\/blogsaverroes.juntadeandalucia.es\/ceipperezacevedo\/files\/2025\/02\/IMG-20250228-WA0002-1024x768.jpg 1024w, https:\/\/blogsaverroes.juntadeandalucia.es\/ceipperezacevedo\/files\/2025\/02\/IMG-20250228-WA0002-300x225.jpg 300w, https:\/\/blogsaverroes.juntadeandalucia.es\/ceipperezacevedo\/files\/2025\/02\/IMG-20250228-WA0002-768x576.jpg 768w, https:\/\/blogsaverroes.juntadeandalucia.es\/ceipperezacevedo\/files\/2025\/02\/IMG-20250228-WA0002-1536x1152.jpg 1536w, https:\/\/blogsaverroes.juntadeandalucia.es\/ceipperezacevedo\/files\/2025\/02\/IMG-20250228-WA0002.jpg 1600w\" sizes=\"(max-width: 1024px) 100vw, 1024px\" \/><\/p>\n<p><img loading=\"lazy\" decoding=\"async\" class=\"wp-image-9128 size-medium alignleft\" src=\"https:\/\/blogsaverroes.juntadeandalucia.es\/ceipperezacevedo\/files\/2025\/02\/IMG-20250228-WA0005-226x300.jpg\" alt=\"\" width=\"226\" height=\"300\" srcset=\"https:\/\/blogsaverroes.juntadeandalucia.es\/ceipperezacevedo\/files\/2025\/02\/IMG-20250228-WA0005-226x300.jpg 226w, https:\/\/blogsaverroes.juntadeandalucia.es\/ceipperezacevedo\/files\/2025\/02\/IMG-20250228-WA0005-771x1024.jpg 771w, https:\/\/blogsaverroes.juntadeandalucia.es\/ceipperezacevedo\/files\/2025\/02\/IMG-20250228-WA0005-768x1021.jpg 768w, https:\/\/blogsaverroes.juntadeandalucia.es\/ceipperezacevedo\/files\/2025\/02\/IMG-20250228-WA0005-1156x1536.jpg 1156w, https:\/\/blogsaverroes.juntadeandalucia.es\/ceipperezacevedo\/files\/2025\/02\/IMG-20250228-WA0005.jpg 1204w\" sizes=\"(max-width: 226px) 100vw, 226px\" \/> <img loading=\"lazy\" decoding=\"async\" class=\"wp-image-9129 size-medium alignright\" src=\"https:\/\/blogsaverroes.juntadeandalucia.es\/ceipperezacevedo\/files\/2025\/02\/IMG-20250228-WA0004-225x300.jpg\" alt=\"\" width=\"225\" height=\"300\" srcset=\"https:\/\/blogsaverroes.juntadeandalucia.es\/ceipperezacevedo\/files\/2025\/02\/IMG-20250228-WA0004-225x300.jpg 225w, https:\/\/blogsaverroes.juntadeandalucia.es\/ceipperezacevedo\/files\/2025\/02\/IMG-20250228-WA0004-768x1024.jpg 768w, https:\/\/blogsaverroes.juntadeandalucia.es\/ceipperezacevedo\/files\/2025\/02\/IMG-20250228-WA0004-1152x1536.jpg 1152w, https:\/\/blogsaverroes.juntadeandalucia.es\/ceipperezacevedo\/files\/2025\/02\/IMG-20250228-WA0004.jpg 1200w\" sizes=\"(max-width: 225px) 100vw, 225px\" \/> <img loading=\"lazy\" decoding=\"async\" class=\"aligncenter wp-image-9130 size-medium\" src=\"https:\/\/blogsaverroes.juntadeandalucia.es\/ceipperezacevedo\/files\/2025\/02\/IMG-20250228-WA0003-225x300.jpg\" alt=\"\" width=\"225\" height=\"300\" srcset=\"https:\/\/blogsaverroes.juntadeandalucia.es\/ceipperezacevedo\/files\/2025\/02\/IMG-20250228-WA0003-225x300.jpg 225w, https:\/\/blogsaverroes.juntadeandalucia.es\/ceipperezacevedo\/files\/2025\/02\/IMG-20250228-WA0003-768x1024.jpg 768w, https:\/\/blogsaverroes.juntadeandalucia.es\/ceipperezacevedo\/files\/2025\/02\/IMG-20250228-WA0003-1152x1536.jpg 1152w, https:\/\/blogsaverroes.juntadeandalucia.es\/ceipperezacevedo\/files\/2025\/02\/IMG-20250228-WA0003.jpg 1200w\" sizes=\"(max-width: 225px) 100vw, 225px\" \/> <img loading=\"lazy\" decoding=\"async\" class=\"aligncenter size-full wp-image-9131\" src=\"https:\/\/blogsaverroes.juntadeandalucia.es\/ceipperezacevedo\/files\/2025\/02\/IMG-20250226-WA0011.jpg\" alt=\"\" width=\"1600\" height=\"1201\" srcset=\"https:\/\/blogsaverroes.juntadeandalucia.es\/ceipperezacevedo\/files\/2025\/02\/IMG-20250226-WA0011.jpg 1600w, https:\/\/blogsaverroes.juntadeandalucia.es\/ceipperezacevedo\/files\/2025\/02\/IMG-20250226-WA0011-300x225.jpg 300w, https:\/\/blogsaverroes.juntadeandalucia.es\/ceipperezacevedo\/files\/2025\/02\/IMG-20250226-WA0011-1024x769.jpg 1024w, https:\/\/blogsaverroes.juntadeandalucia.es\/ceipperezacevedo\/files\/2025\/02\/IMG-20250226-WA0011-768x576.jpg 768w, https:\/\/blogsaverroes.juntadeandalucia.es\/ceipperezacevedo\/files\/2025\/02\/IMG-20250226-WA0011-1536x1153.jpg 1536w\" sizes=\"(max-width: 1600px) 100vw, 1600px\" \/><\/p>\n","protected":false},"excerpt":{"rendered":"<p>El pasado 26 de Febrero los alumnos y alumnas de nuestro centro celebraron el D\u00eda de Andaluc\u00eda con diversas actividades y, por supuesto, un desayuno andaluz en colaboraci\u00f3n con la AMPA Juli\u00e1n Contreras.<\/p>\n","protected":false},"author":5741,"featured_media":0,"parent":0,"menu_order":0,"comment_status":"closed","ping_status":"closed","template":"","meta":{"ngg_post_thumbnail":0,"footnotes":"","_mc_calendar":[]},"aioseo_notices":[],"_links":{"self":[{"href":"https:\/\/blogsaverroes.juntadeandalucia.es\/ceipperezacevedo\/wp-json\/wp\/v2\/pages\/9120"}],"collection":[{"href":"https:\/\/blogsaverroes.juntadeandalucia.es\/ceipperezacevedo\/wp-json\/wp\/v2\/pages"}],"about":[{"href":"https:\/\/blogsaverroes.juntadeandalucia.es\/ceipperezacevedo\/wp-json\/wp\/v2\/types\/page"}],"author":[{"embeddable":true,"href":"https:\/\/blogsaverroes.juntadeandalucia.es\/ceipperezacevedo\/wp-json\/wp\/v2\/users\/5741"}],"replies":[{"embeddable":true,"href":"https:\/\/blogsaverroes.juntadeandalucia.es\/ceipperezacevedo\/wp-json\/wp\/v2\/comments?post=9120"}],"version-history":[{"count":3,"href":"https:\/\/blogsaverroes.juntadeandalucia.es\/ceipperezacevedo\/wp-json\/wp\/v2\/pages\/9120\/revisions"}],"predecessor-version":[{"id":9132,"href":"https:\/\/blogsaverroes.juntadeandalucia.es\/ceipperezacevedo\/wp-json\/wp\/v2\/pages\/9120\/revisions\/9132"}],"wp:attachment":[{"href":"https:\/\/blogsaverroes.juntadeandalucia.es\/ceipperezacevedo\/wp-json\/wp\/v2\/media?parent=9120"}],"curies":[{"name":"wp","href":"https:\/\/api.w.org\/{rel}","templated":true}]}}

DÍA DE ANDALUCÍA

<p>El pasado <strong>26 de Febrero</strong> los alumnos y alumnas de nuestro centro celebraron el <strong>Día de Andalucía</strong> con diversas actividades y, por supuesto, un <strong>desayuno andaluz</strong> en colaboración con la <strong>AMPA Julián Contreras</strong>.</p>
<p><img loading="lazy" decoding="async" class="wp-image-9125 size-medium alignleft" src="https://blogsaverroes.juntadeandalucia.es/ceipperezacevedo/files/2025/02/IMG-20250228-WA0000-300x225.jpg" alt="" width="300" height="225" srcset="https://blogsaverroes.juntadeandalucia.es/ceipperezacevedo/files/2025/02/IMG-20250228-WA0000-300x225.jpg 300w, https://blogsaverroes.juntadeandalucia.es/ceipperezacevedo/files/2025/02/IMG-20250228-WA0000-1024x768.jpg 1024w, https://blogsaverroes.juntadeandalucia.es/ceipperezacevedo/files/2025/02/IMG-20250228-WA0000-768x576.jpg 768w, https://blogsaverroes.juntadeandalucia.es/ceipperezacevedo/files/2025/02/IMG-20250228-WA0000-1536x1152.jpg 1536w, https://blogsaverroes.juntadeandalucia.es/ceipperezacevedo/files/2025/02/IMG-20250228-WA0000.jpg 1600w" sizes="(max-width: 300px) 100vw, 300px" /> <img loading="lazy" decoding="async" class="aligncenter wp-image-9126 size-medium" src="https://blogsaverroes.juntadeandalucia.es/ceipperezacevedo/files/2025/02/IMG-20250228-WA0001-300x225.jpg" alt="" width="300" height="225" srcset="https://blogsaverroes.juntadeandalucia.es/ceipperezacevedo/files/2025/02/IMG-20250228-WA0001-300x225.jpg 300w, https://blogsaverroes.juntadeandalucia.es/ceipperezacevedo/files/2025/02/IMG-20250228-WA0001-1024x768.jpg 1024w, https://blogsaverroes.juntadeandalucia.es/ceipperezacevedo/files/2025/02/IMG-20250228-WA0001-768x576.jpg 768w, https://blogsaverroes.juntadeandalucia.es/ceipperezacevedo/files/2025/02/IMG-20250228-WA0001-1536x1152.jpg 1536w, https://blogsaverroes.juntadeandalucia.es/ceipperezacevedo/files/2025/02/IMG-20250228-WA0001.jpg 1600w" sizes="(max-width: 300px) 100vw, 300px" /> <img loading="lazy" decoding="async" class="aligncenter wp-image-9127 size-large" src="https://blogsaverroes.juntadeandalucia.es/ceipperezacevedo/files/2025/02/IMG-20250228-WA0002-1024x768.jpg" alt="" width="1024" height="768" srcset="https://blogsaverroes.juntadeandalucia.es/ceipperezacevedo/files/2025/02/IMG-20250228-WA0002-1024x768.jpg 1024w, https://blogsaverroes.juntadeandalucia.es/ceipperezacevedo/files/2025/02/IMG-20250228-WA0002-300x225.jpg 300w, https://blogsaverroes.juntadeandalucia.es/ceipperezacevedo/files/2025/02/IMG-20250228-WA0002-768x576.jpg 768w, https://blogsaverroes.juntadeandalucia.es/ceipperezacevedo/files/2025/02/IMG-20250228-WA0002-1536x1152.jpg 1536w, https://blogsaverroes.juntadeandalucia.es/ceipperezacevedo/files/2025/02/IMG-20250228-WA0002.jpg 1600w" sizes="(max-width: 1024px) 100vw, 1024px" /></p>
<p><img loading="lazy" decoding="async" class="wp-image-9128 size-medium alignleft" src="https://blogsaverroes.juntadeandalucia.es/ceipperezacevedo/files/2025/02/IMG-20250228-WA0005-226x300.jpg" alt="" width="226" height="300" srcset="https://blogsaverroes.juntadeandalucia.es/ceipperezacevedo/files/2025/02/IMG-20250228-WA0005-226x300.jpg 226w, https://blogsaverroes.juntadeandalucia.es/ceipperezacevedo/files/2025/02/IMG-20250228-WA0005-771x1024.jpg 771w, https://blogsaverroes.juntadeandalucia.es/ceipperezacevedo/files/2025/02/IMG-20250228-WA0005-768x1021.jpg 768w, https://blogsaverroes.juntadeandalucia.es/ceipperezacevedo/files/2025/02/IMG-20250228-WA0005-1156x1536.jpg 1156w, https://blogsaverroes.juntadeandalucia.es/ceipperezacevedo/files/2025/02/IMG-20250228-WA0005.jpg 1204w" sizes="(max-width: 226px) 100vw, 226px" /> <img loading="lazy" decoding="async" class="wp-image-9129 size-medium alignright" src="https://blogsaverroes.juntadeandalucia.es/ceipperezacevedo/files/2025/02/IMG-20250228-WA0004-225x300.jpg" alt="" width="225" height="300" srcset="https://blogsaverroes.juntadeandalucia.es/ceipperezacevedo/files/2025/02/IMG-20250228-WA0004-225x300.jpg 225w, https://blogsaverroes.juntadeandalucia.es/ceipperezacevedo/files/2025/02/IMG-20250228-WA0004-768x1024.jpg 768w, https://blogsaverroes.juntadeandalucia.es/ceipperezacevedo/files/2025/02/IMG-20250228-WA0004-1152x1536.jpg 1152w, https://blogsaverroes.juntadeandalucia.es/ceipperezacevedo/files/2025/02/IMG-20250228-WA0004.jpg 1200w" sizes="(max-width: 225px) 100vw, 225px" /> <img loading="lazy" decoding="async" class="aligncenter wp-image-9130 size-medium" src="https://blogsaverroes.juntadeandalucia.es/ceipperezacevedo/files/2025/02/IMG-20250228-WA0003-225x300.jpg" alt="" width="225" height="300" srcset="https://blogsaverroes.juntadeandalucia.es/ceipperezacevedo/files/2025/02/IMG-20250228-WA0003-225x300.jpg 225w, https://blogsaverroes.juntadeandalucia.es/ceipperezacevedo/files/2025/02/IMG-20250228-WA0003-768x1024.jpg 768w, https://blogsaverroes.juntadeandalucia.es/ceipperezacevedo/files/2025/02/IMG-20250228-WA0003-1152x1536.jpg 1152w, https://blogsaverroes.juntadeandalucia.es/ceipperezacevedo/files/2025/02/IMG-20250228-WA0003.jpg 1200w" sizes="(max-width: 225px) 100vw, 225px" /> <img loading="lazy" decoding="async" class="aligncenter size-full wp-image-9131" src="https://blogsaverroes.juntadeandalucia.es/ceipperezacevedo/files/2025/02/IMG-20250226-WA0011.jpg" alt="" width="1600" height="1201" srcset="https://blogsaverroes.juntadeandalucia.es/ceipperezacevedo/files/2025/02/IMG-20250226-WA0011.jpg 1600w, https://blogsaverroes.juntadeandalucia.es/ceipperezacevedo/files/2025/02/IMG-20250226-WA0011-300x225.jpg 300w, https://blogsaverroes.juntadeandalucia.es/ceipperezacevedo/files/2025/02/IMG-20250226-WA0011-1024x769.jpg 1024w, https://blogsaverroes.juntadeandalucia.es/ceipperezacevedo/files/2025/02/IMG-20250226-WA0011-768x576.jpg 768w, https://blogsaverroes.juntadeandalucia.es/ceipperezacevedo/files/2025/02/IMG-20250226-WA0011-1536x1153.jpg 1536w" sizes="(max-width: 1600px) 100vw, 1600px" /></p>

<p>El pasado 26 de Febrero los alumnos y alumnas de nuestro centro celebraron el Día de Andalucía con diversas actividades y, por supuesto, un desayuno andaluz en colaboración con la AMPA Julián Contreras.</p>
