{"id":836,"date":"2020-12-18T08:37:22","date_gmt":"2020-12-18T07:37:22","guid":{"rendered":"https:\/\/blogsaverroes.juntadeandalucia.es\/pre\/plantilla-pencil\/?page_id=836"},"modified":"2026-01-09T17:19:40","modified_gmt":"2026-01-09T16:19:40","slug":"actividades-extraescolares","status":"publish","type":"page","link":"https:\/\/blogsaverroes.juntadeandalucia.es\/ceippintorcristobalruiz\/actividades-extraescolares\/","title":{"rendered":"Actividades extraescolares"},"content":{"rendered":"<p>Para la conciliaci\u00f3n de la vida laboral y familiar, nuestro centro desarrolla el <strong>PLAN DE APOYO A LAS FAMILIAS ANDALUZAS<\/strong>.<\/p>\n<p>Gracias a este Plan, m\u00e1s all\u00e1 de la jornada lectiva tradicional, nuestro centro es capaz de ofrecer al alumnado y sus familias una oferta de jornada escolar completa, de forma que encuentren las actividades que necesitan para completar su formaci\u00f3n y para utilizar de una manera educativa su tiempo libre.<\/p>\n<p><strong>ACTIVIDADES EXTRAESCOLARES<\/strong><\/p>\n<p>Las actividades extraescolares tienen un car\u00e1cter voluntario para el alumnado y en ning\u00fan caso forman parte del proceso de evaluaci\u00f3n del alumnado.<\/p>\n<p>Nuestro colegio mantiene abiertas sus instalaciones hasta las 18:00 horas con la finalidad de ofrecer actividades extraescolares que aborden aspectos formativos de inter\u00e9s para el alumnado: idiomas, tecnolog\u00edas de la informaci\u00f3n y comunicaci\u00f3n, talleres de teatro, cocina, actividades cient\u00edficas, actividades formativas y de ocio, deportivas, art\u00edsticas, etc.<\/p>\n<p>El horario es el siguiente:<\/p>\n<p style=\"text-align: center\"><a href=\"https:\/\/drive.google.com\/file\/d\/1iMImdqatZ-igtJ5V-0m32GmdM_CcKne3\/view?usp=sharing\"><img loading=\"lazy\" decoding=\"async\" class=\"aligncenter size-medium wp-image-1315\" src=\"https:\/\/blogsaverroes.juntadeandalucia.es\/ceippintorcristobalruiz\/files\/2026\/01\/HORARIO-PLAN-DE-APER-PROA-y-ESCUELAS-DEPORT-25.26-300x212.jpg\" alt=\"\" width=\"300\" height=\"212\"><\/a><\/p>\n<p><strong><em><u>ACTIVIDADES<\/u><\/em><\/strong><strong><em> <u>EXTRAESCOLARES<\/u><\/em><\/strong><\/p>\n<ul>\n<li><strong><em>PRECIO:<\/em><\/strong> Depender\u00e1 de la bonificaci\u00f3n recibida por la familia.<\/li>\n<\/ul>\n<table>\n<tbody>\n<tr>\n<td width=\"284\"><strong><em>\u2105 BONIFICACI\u00d3N<\/em><\/strong><\/td>\n<td width=\"283\"><strong><em>PRECIO MES COMPLETO<\/em><\/strong><\/td>\n<\/tr>\n<tr>\n<td width=\"284\"><em>0\u2105<\/em><\/td>\n<td width=\"283\"><em>17.51 \u20ac<\/em><\/td>\n<\/tr>\n<tr>\n<td width=\"284\"><em>10\u2105<\/em><\/td>\n<td width=\"283\"><em>15.76 \u20ac<\/em><\/td>\n<\/tr>\n<tr>\n<td width=\"284\"><em>18\u2105<\/em><\/td>\n<td width=\"283\"><em>14.36 \u20ac<\/em><\/td>\n<\/tr>\n<tr>\n<td width=\"284\"><em>26\u2105<\/em><\/td>\n<td width=\"283\"><em>12.96 \u20ac<\/em><\/td>\n<\/tr>\n<tr>\n<td width=\"284\"><em>34\u2105<\/em><\/td>\n<td width=\"283\"><em>11.56 \u20ac<\/em><\/td>\n<\/tr>\n<tr>\n<td width=\"284\"><em>42\u2105<\/em><\/td>\n<td width=\"283\"><em>10.16 \u20ac<\/em><\/td>\n<\/tr>\n<tr>\n<td width=\"284\"><em>50\u2105<\/em><\/td>\n<td width=\"283\"><em>8.76 \u20ac<\/em><\/td>\n<\/tr>\n<tr>\n<td width=\"284\"><em>100\u2105<\/em><\/td>\n<td width=\"283\"><em>0 \u20ac<\/em><\/td>\n<\/tr>\n<\/tbody>\n<\/table>\n","protected":false},"excerpt":{"rendered":"<p>Para la conciliaci\u00f3n de la vida laboral y familiar, nuestro centro desarrolla el PLAN DE APOYO A LAS FAMILIAS ANDALUZAS. Gracias a este Plan, m\u00e1s all\u00e1 de la jornada lectiva tradicional, nuestro centro es capaz de ofrecer al alumnado y sus familias una oferta de jornada escolar completa, de forma que encuentren las actividades que [&hellip;]<\/p>\n","protected":false},"author":7051,"featured_media":0,"parent":0,"menu_order":0,"comment_status":"closed","ping_status":"closed","template":"","meta":{"_et_pb_use_builder":"off","_et_pb_old_content":"","_et_gb_content_width":"","ngg_post_thumbnail":0,"footnotes":""},"aioseo_notices":[],"_links":{"self":[{"href":"https:\/\/blogsaverroes.juntadeandalucia.es\/ceippintorcristobalruiz\/wp-json\/wp\/v2\/pages\/836"}],"collection":[{"href":"https:\/\/blogsaverroes.juntadeandalucia.es\/ceippintorcristobalruiz\/wp-json\/wp\/v2\/pages"}],"about":[{"href":"https:\/\/blogsaverroes.juntadeandalucia.es\/ceippintorcristobalruiz\/wp-json\/wp\/v2\/types\/page"}],"author":[{"embeddable":true,"href":"https:\/\/blogsaverroes.juntadeandalucia.es\/ceippintorcristobalruiz\/wp-json\/wp\/v2\/users\/7051"}],"replies":[{"embeddable":true,"href":"https:\/\/blogsaverroes.juntadeandalucia.es\/ceippintorcristobalruiz\/wp-json\/wp\/v2\/comments?post=836"}],"version-history":[{"count":11,"href":"https:\/\/blogsaverroes.juntadeandalucia.es\/ceippintorcristobalruiz\/wp-json\/wp\/v2\/pages\/836\/revisions"}],"predecessor-version":[{"id":1316,"href":"https:\/\/blogsaverroes.juntadeandalucia.es\/ceippintorcristobalruiz\/wp-json\/wp\/v2\/pages\/836\/revisions\/1316"}],"wp:attachment":[{"href":"https:\/\/blogsaverroes.juntadeandalucia.es\/ceippintorcristobalruiz\/wp-json\/wp\/v2\/media?parent=836"}],"curies":[{"name":"wp","href":"https:\/\/api.w.org\/{rel}","templated":true}]}}

<p>Para la conciliación de la vida laboral y familiar, nuestro centro desarrolla el <strong>PLAN DE APOYO A LAS FAMILIAS ANDALUZAS</strong>.</p>
<p>Gracias a este Plan, más allá de la jornada lectiva tradicional, nuestro centro es capaz de ofrecer al alumnado y sus familias una oferta de jornada escolar completa, de forma que encuentren las actividades que necesitan para completar su formación y para utilizar de una manera educativa su tiempo libre.</p>
<p><strong>ACTIVIDADES EXTRAESCOLARES</strong></p>
<p>Las actividades extraescolares tienen un carácter voluntario para el alumnado y en ningún caso forman parte del proceso de evaluación del alumnado.</p>
<p>Nuestro colegio mantiene abiertas sus instalaciones hasta las 18:00 horas con la finalidad de ofrecer actividades extraescolares que aborden aspectos formativos de interés para el alumnado: idiomas, tecnologías de la información y comunicación, talleres de teatro, cocina, actividades científicas, actividades formativas y de ocio, deportivas, artísticas, etc.</p>
<p>El horario es el siguiente:</p>
<p style="text-align: center"><a href="https://drive.google.com/file/d/1iMImdqatZ-igtJ5V-0m32GmdM_CcKne3/view?usp=sharing"><img loading="lazy" decoding="async" class="aligncenter size-medium wp-image-1315" src="https://blogsaverroes.juntadeandalucia.es/ceippintorcristobalruiz/files/2026/01/HORARIO-PLAN-DE-APER-PROA-y-ESCUELAS-DEPORT-25.26-300x212.jpg" alt="" width="300" height="212"></a></p>
<p><strong><em><u>ACTIVIDADES</u></em></strong><strong><em> <u>EXTRAESCOLARES</u></em></strong></p>
<ul>
<li><strong><em>PRECIO:</em></strong> Dependerá de la bonificación recibida por la familia.</li>
</ul>
<table>
<tbody>
<tr>
<td width="284"><strong><em>℅ BONIFICACIÓN</em></strong></td>
<td width="283"><strong><em>PRECIO MES COMPLETO</em></strong></td>
</tr>
<tr>
<td width="284"><em>0℅</em></td>
<td width="283"><em>17.51 €</em></td>
</tr>
<tr>
<td width="284"><em>10℅</em></td>
<td width="283"><em>15.76 €</em></td>
</tr>
<tr>
<td width="284"><em>18℅</em></td>
<td width="283"><em>14.36 €</em></td>
</tr>
<tr>
<td width="284"><em>26℅</em></td>
<td width="283"><em>12.96 €</em></td>
</tr>
<tr>
<td width="284"><em>34℅</em></td>
<td width="283"><em>11.56 €</em></td>
</tr>
<tr>
<td width="284"><em>42℅</em></td>
<td width="283"><em>10.16 €</em></td>
</tr>
<tr>
<td width="284"><em>50℅</em></td>
<td width="283"><em>8.76 €</em></td>
</tr>
<tr>
<td width="284"><em>100℅</em></td>
<td width="283"><em>0 €</em></td>
</tr>
</tbody>
</table>

<p>Para la conciliación de la vida laboral y familiar, nuestro centro desarrolla el PLAN DE APOYO A LAS FAMILIAS ANDALUZAS. Gracias a este Plan, más allá de la jornada lectiva tradicional, nuestro centro es capaz de ofrecer al alumnado y sus familias una oferta de jornada escolar completa, de forma que encuentren las actividades que [&hellip;]</p>
