{"id":845,"date":"2020-12-18T08:40:01","date_gmt":"2020-12-18T07:40:01","guid":{"rendered":"https:\/\/blogsaverroes.juntadeandalucia.es\/pre\/plantilla-pencil\/?page_id=845"},"modified":"2024-09-12T08:51:51","modified_gmt":"2024-09-12T07:51:51","slug":"aula-matinal","status":"publish","type":"page","link":"https:\/\/blogsaverroes.juntadeandalucia.es\/ceippintorcristobalruiz\/aula-matinal\/","title":{"rendered":"Aula matinal"},"content":{"rendered":"<p>Para la conciliaci\u00f3n de la vida laboral y familiar, nuestro centro desarrolla el <strong>PLAN DE APOYO A LAS FAMILIAS ANDALUZAS.<\/strong><\/p>\n<p>Gracias a este Plan, m\u00e1s all\u00e1 de la jornada lectiva tradicional, nuestro centro es capaz de ofrecer al alumnado y sus familias una oferta de jornada escolar completa, de forma que encuentren las actividades que necesitan para completar su formaci\u00f3n y para utilizar de una manera educativa su tiempo libre.<\/p>\n<p><strong>AULA MATINAL<\/strong><\/p>\n<p>El aula matinal es un servicio de apoyo a las familias que consiste en la Atenci\u00f3n Educativa a los ni\u00f1os y ni\u00f1as de la Etapa de Educaci\u00f3n Infantil y Primaria, especialmente ideado para cubrir las necesidades de las familias en las que el padre y\/o madre tienen horarios de trabajos distintos a los de sus hijos\/as y no pueden atenderlos. Durante este per\u00edodo de tiempo monitores realizar\u00e1n actividades no regladas con el alumnado, del mismo modo ayudar\u00e1n a la ingesta del desayuno en dicha aula, posteriormente los monitores acompa\u00f1aran a los alumnos y alumnas a sus clases para que comiencen la jornada escolar.<\/p>\n<p>&nbsp;<\/p>\n<ul>\n<li><strong><em>HORARIO: <\/em><\/strong>Desde las 7:30h a las 9h de la ma\u00f1ana. Los alumnos y las alumnas tienen un horario de entrada flexible, adaptado a las necesidades de cada una de las familias.<\/li>\n<li><strong><em>EMPRESA:<\/em><\/strong> Actividades CPM<\/li>\n<li><strong><em>PRECIO:<\/em><\/strong> Depender\u00e1 de la bonificaci\u00f3n recibida por la familia.<\/li>\n<\/ul>\n<p><strong><em><u>AULA<\/u><\/em><\/strong><strong><em> <u>MATINAL<\/u><\/em><\/strong><\/p>\n<table style=\"width: 75.6947%;height: 207px\">\n<tbody>\n<tr style=\"height: 23px\">\n<td style=\"height: 23px;width: 35.1852%\" width=\"206\"><strong><em>\u2105 BONIFICACI\u00d3N<\/em><\/strong><\/td>\n<td style=\"height: 23px;width: 35.6902%\" width=\"210\"><strong><em>PRECIO MES COMPLETO<\/em><\/strong><\/td>\n<\/tr>\n<tr style=\"height: 23px\">\n<td style=\"height: 23px;width: 35.1852%\" width=\"206\"><em>0\u2105<\/em><\/td>\n<td style=\"height: 23px;width: 35.6902%\" width=\"210\"><em>17.51 \u20ac<\/em><\/td>\n<\/tr>\n<tr style=\"height: 23px\">\n<td style=\"height: 23px;width: 35.1852%\" width=\"206\"><em>10\u2105<\/em><\/td>\n<td style=\"height: 23px;width: 35.6902%\" width=\"210\"><em>15.76 \u20ac<\/em><\/td>\n<\/tr>\n<tr style=\"height: 23px\">\n<td style=\"height: 23px;width: 35.1852%\" width=\"206\"><em>18\u2105<\/em><\/td>\n<td style=\"height: 23px;width: 35.6902%\" width=\"210\"><em>14.36 \u20ac<\/em><\/td>\n<\/tr>\n<tr style=\"height: 23px\">\n<td style=\"height: 23px;width: 35.1852%\" width=\"206\"><em>26\u2105<\/em><\/td>\n<td style=\"height: 23px;width: 35.6902%\" width=\"210\"><em>12.96 \u20ac<\/em><\/td>\n<\/tr>\n<tr style=\"height: 23px\">\n<td style=\"height: 23px;width: 35.1852%\" width=\"206\"><em>34\u2105<\/em><\/td>\n<td style=\"height: 23px;width: 35.6902%\" width=\"210\"><em>11.56 \u20ac<\/em><\/td>\n<\/tr>\n<tr style=\"height: 23px\">\n<td style=\"height: 23px;width: 35.1852%\" width=\"206\"><em>42\u2105<\/em><\/td>\n<td style=\"height: 23px;width: 35.6902%\" width=\"210\"><em>10.16 \u20ac<\/em><\/td>\n<\/tr>\n<tr style=\"height: 23px\">\n<td style=\"height: 23px;width: 35.1852%\" width=\"206\"><em>50\u2105<\/em><\/td>\n<td style=\"height: 23px;width: 35.6902%\" width=\"210\"><em>8.76 \u20ac<\/em><\/td>\n<\/tr>\n<tr style=\"height: 23px\">\n<td style=\"height: 23px;width: 35.1852%\" width=\"206\"><em>100\u2105<\/em><\/td>\n<td style=\"height: 23px;width: 35.6902%\" width=\"210\"><em>0 \u20ac<\/em><\/td>\n<\/tr>\n<\/tbody>\n<\/table>\n<p>&nbsp;<\/p>\n<p>&nbsp;<\/p>\n","protected":false},"excerpt":{"rendered":"<p>Para la conciliaci\u00f3n de la vida laboral y familiar, nuestro centro desarrolla el PLAN DE APOYO A LAS FAMILIAS ANDALUZAS. Gracias a este Plan, m\u00e1s all\u00e1 de la jornada lectiva tradicional, nuestro centro es capaz de ofrecer al alumnado y sus familias una oferta de jornada escolar completa, de forma que encuentren las actividades que [&hellip;]<\/p>\n","protected":false},"author":7051,"featured_media":0,"parent":0,"menu_order":0,"comment_status":"closed","ping_status":"closed","template":"","meta":{"_et_pb_use_builder":"off","_et_pb_old_content":"","_et_gb_content_width":"","ngg_post_thumbnail":0,"footnotes":""},"aioseo_notices":[],"_links":{"self":[{"href":"https:\/\/blogsaverroes.juntadeandalucia.es\/ceippintorcristobalruiz\/wp-json\/wp\/v2\/pages\/845"}],"collection":[{"href":"https:\/\/blogsaverroes.juntadeandalucia.es\/ceippintorcristobalruiz\/wp-json\/wp\/v2\/pages"}],"about":[{"href":"https:\/\/blogsaverroes.juntadeandalucia.es\/ceippintorcristobalruiz\/wp-json\/wp\/v2\/types\/page"}],"author":[{"embeddable":true,"href":"https:\/\/blogsaverroes.juntadeandalucia.es\/ceippintorcristobalruiz\/wp-json\/wp\/v2\/users\/7051"}],"replies":[{"embeddable":true,"href":"https:\/\/blogsaverroes.juntadeandalucia.es\/ceippintorcristobalruiz\/wp-json\/wp\/v2\/comments?post=845"}],"version-history":[{"count":9,"href":"https:\/\/blogsaverroes.juntadeandalucia.es\/ceippintorcristobalruiz\/wp-json\/wp\/v2\/pages\/845\/revisions"}],"predecessor-version":[{"id":1276,"href":"https:\/\/blogsaverroes.juntadeandalucia.es\/ceippintorcristobalruiz\/wp-json\/wp\/v2\/pages\/845\/revisions\/1276"}],"wp:attachment":[{"href":"https:\/\/blogsaverroes.juntadeandalucia.es\/ceippintorcristobalruiz\/wp-json\/wp\/v2\/media?parent=845"}],"curies":[{"name":"wp","href":"https:\/\/api.w.org\/{rel}","templated":true}]}}