{"id":1084,"date":"2022-02-10T21:16:15","date_gmt":"2022-02-10T20:16:15","guid":{"rendered":"https:\/\/blogsaverroes.juntadeandalucia.es\/ceippoetamolleja\/?page_id=1084"},"modified":"2022-02-10T22:22:22","modified_gmt":"2022-02-10T21:22:22","slug":"programaciones","status":"publish","type":"page","link":"https:\/\/blogsaverroes.juntadeandalucia.es\/ceippoetamolleja\/programaciones\/","title":{"rendered":"Programaciones"},"content":{"rendered":"<p style=\"text-align: left\"><a href=\"https:\/\/drive.google.com\/drive\/folders\/1-F_hXFZjcYyTH4L0cA7WOhc_YX7NaTzr?usp=sharing\"><span style=\"font-family: comic sans ms, sans-serif;color: #008000\"><strong><span style=\"font-size: 36pt\">INFANTIL<\/span><\/strong><\/span><\/a><\/p>\n<p style=\"text-align: left\"><em><span style=\"font-family: comic sans ms, sans-serif;color: #333399\"><strong><span style=\"font-size: 36pt\">PRIMARIA<\/span><\/strong><\/span><\/em><\/p>\n<p style=\"text-align: center\"><a href=\"https:\/\/drive.google.com\/drive\/folders\/103hkFmablRELd4yQ8fQdDwTKpRTmNe24?usp=sharing\"><span style=\"font-family: comic sans ms, sans-serif;color: #00ccff\"><strong><span style=\"font-size: 36pt\">LENGUA<\/span><\/strong><\/span><\/a><\/p>\n<p style=\"text-align: center\"><a href=\"https:\/\/drive.google.com\/drive\/folders\/10bfbGyYyszaDIj53UJwRkO098twB7A7c?usp=sharing\"><span style=\"font-family: comic sans ms, sans-serif;color: #ff0000\"><strong><span style=\"font-size: 36pt\">MATEM\u00c1TICAS<\/span><\/strong><\/span><\/a><\/p>\n<p style=\"text-align: center\"><a href=\"https:\/\/drive.google.com\/drive\/folders\/103u5nOtIEXuDDf7TGIBrSdknvNrVkmbU?usp=sharing\"><span style=\"font-family: comic sans ms, sans-serif;color: #ff6600\"><strong><span style=\"font-size: 36pt\">INGL\u00c9S<\/span><\/strong><\/span><\/a><\/p>\n<p style=\"text-align: center\"><a href=\"https:\/\/drive.google.com\/drive\/folders\/1-OF6Q-S77PJZ-YCPOF9f4AvzbOYKDY-W?usp=sharing\"><span style=\"font-family: comic sans ms, sans-serif;color: #008000\"><strong><span style=\"font-size: 36pt\">CIENCIAS<\/span><\/strong><\/span><\/a><\/p>\n<p style=\"text-align: center\"><a href=\"https:\/\/drive.google.com\/drive\/folders\/10Cfdq1TKkwBORyUr18M6TXl34rDRJ4f5?usp=sharing\"><span style=\"font-family: comic sans ms, sans-serif;color: #800080\"><strong><span style=\"font-size: 36pt\">EDUCACI\u00d3N F\u00cdSICA<\/span><\/strong><\/span><\/a><\/p>\n<p style=\"text-align: center\"><a href=\"https:\/\/drive.google.com\/drive\/folders\/11ALSBXslfN13kh7Q6olUeWtEGtmE5pox?usp=sharing\"><span style=\"font-family: comic sans ms, sans-serif;color: #ff00ff\"><strong><span style=\"font-size: 36pt\">M\u00daSICA<\/span><\/strong><\/span><\/a><\/p>\n<p style=\"text-align: center\"><a href=\"https:\/\/drive.google.com\/drive\/folders\/10C2Uh2fJ6zLIuON-FmjDLYXJFJP7LpOT?usp=sharing\"><span style=\"font-family: comic sans ms, sans-serif;color: #ff6600\"><strong><span style=\"font-size: 36pt\">FRANC\u00c9S<\/span><\/strong><\/span><\/a><\/p>\n<p style=\"text-align: center\"><a href=\"https:\/\/drive.google.com\/drive\/folders\/11EjL8YDv0E0HE0RlpbwvjLC6AAluhBxc?usp=sharing\"><span style=\"font-family: comic sans ms, sans-serif;color: #cc99ff\"><strong><span style=\"font-size: 36pt\">PL\u00c1STICA<\/span><\/strong><\/span><\/a><\/p>\n<p style=\"text-align: center\"><a href=\"https:\/\/drive.google.com\/drive\/folders\/10EHSONs5h4KbQLKmXtkUjEEBiKWL7KKP?usp=sharing\"><span style=\"font-family: comic sans ms, sans-serif;color: #333399\"><strong><span style=\"font-size: 36pt\">CIUDADAN\u00cdA<\/span><\/strong><\/span><\/a><\/p>\n","protected":false},"excerpt":{"rendered":"<p>INFANTIL PRIMARIA LENGUA MATEM\u00c1TICAS INGL\u00c9S CIENCIAS EDUCACI\u00d3N F\u00cdSICA M\u00daSICA FRANC\u00c9S PL\u00c1STICA CIUDADAN\u00cdA<\/p>\n","protected":false},"author":13272,"featured_media":0,"parent":0,"menu_order":0,"comment_status":"closed","ping_status":"closed","template":"","meta":{"ngg_post_thumbnail":0,"footnotes":""},"aioseo_notices":[],"_links":{"self":[{"href":"https:\/\/blogsaverroes.juntadeandalucia.es\/ceippoetamolleja\/wp-json\/wp\/v2\/pages\/1084"}],"collection":[{"href":"https:\/\/blogsaverroes.juntadeandalucia.es\/ceippoetamolleja\/wp-json\/wp\/v2\/pages"}],"about":[{"href":"https:\/\/blogsaverroes.juntadeandalucia.es\/ceippoetamolleja\/wp-json\/wp\/v2\/types\/page"}],"author":[{"embeddable":true,"href":"https:\/\/blogsaverroes.juntadeandalucia.es\/ceippoetamolleja\/wp-json\/wp\/v2\/users\/13272"}],"replies":[{"embeddable":true,"href":"https:\/\/blogsaverroes.juntadeandalucia.es\/ceippoetamolleja\/wp-json\/wp\/v2\/comments?post=1084"}],"version-history":[{"count":13,"href":"https:\/\/blogsaverroes.juntadeandalucia.es\/ceippoetamolleja\/wp-json\/wp\/v2\/pages\/1084\/revisions"}],"predecessor-version":[{"id":1099,"href":"https:\/\/blogsaverroes.juntadeandalucia.es\/ceippoetamolleja\/wp-json\/wp\/v2\/pages\/1084\/revisions\/1099"}],"wp:attachment":[{"href":"https:\/\/blogsaverroes.juntadeandalucia.es\/ceippoetamolleja\/wp-json\/wp\/v2\/media?parent=1084"}],"curies":[{"name":"wp","href":"https:\/\/api.w.org\/{rel}","templated":true}]}}