{"id":1376,"date":"2023-05-27T08:29:14","date_gmt":"2023-05-27T07:29:14","guid":{"rendered":"https:\/\/blogsaverroes.juntadeandalucia.es\/ceippoetamolleja\/?page_id=1376"},"modified":"2024-05-22T12:33:53","modified_gmt":"2024-05-22T11:33:53","slug":"fondo-social-europeo","status":"publish","type":"page","link":"https:\/\/blogsaverroes.juntadeandalucia.es\/ceippoetamolleja\/fondo-social-europeo\/","title":{"rendered":"Fondo Social Europeo"},"content":{"rendered":"<p style=\"text-align: center\"><span style=\"font-size: 18pt;font-family: 'comic sans ms', sans-serif;color: #0000ff\">NUESTRO CENTRO CUENTA CON LA AYUDA DEL PONDO SOCIAL EUROPEO (FSE) INVIRTIENDO EN DIVERSOS ASPECTOS Y \u00c1MBITOS EDUCATIVOS.<\/span><\/p>\n<p><a href=\"https:\/\/blogsaverroes.juntadeandalucia.es\/ceippoetamolleja\/files\/2024\/05\/doc10689820240522111752.pdf\">doc10689820240522111752<\/a> <img loading=\"lazy\" decoding=\"async\" class=\" wp-image-1529 alignright\" src=\"https:\/\/blogsaverroes.juntadeandalucia.es\/ceippoetamolleja\/files\/2024\/05\/doc10689820240522111752_page-0001-212x300.jpg\" alt=\"\" width=\"584\" height=\"826\" srcset=\"https:\/\/blogsaverroes.juntadeandalucia.es\/ceippoetamolleja\/files\/2024\/05\/doc10689820240522111752_page-0001-212x300.jpg 212w, https:\/\/blogsaverroes.juntadeandalucia.es\/ceippoetamolleja\/files\/2024\/05\/doc10689820240522111752_page-0001-724x1024.jpg 724w, https:\/\/blogsaverroes.juntadeandalucia.es\/ceippoetamolleja\/files\/2024\/05\/doc10689820240522111752_page-0001-768x1086.jpg 768w, https:\/\/blogsaverroes.juntadeandalucia.es\/ceippoetamolleja\/files\/2024\/05\/doc10689820240522111752_page-0001-1086x1536.jpg 1086w, https:\/\/blogsaverroes.juntadeandalucia.es\/ceippoetamolleja\/files\/2024\/05\/doc10689820240522111752_page-0001.jpg 1240w\" sizes=\"(max-width: 584px) 100vw, 584px\" \/><\/p>\n<p>&nbsp;<\/p>\n<p><span style=\"color: #000000\">Dentro del Programa&nbsp; del Fondo Social Europeo en Andaluc\u00eda y concretamente en nuestro centro son susceptibles de cofinanciaci\u00f3n las siguientes actuaciones:<\/span><\/p>\n<ul>\n<li><span style=\"color: #000000\">Las acciones formativas programadas y desarrolladas,, conducentes a reducir el abandono educativo y a mejorar los resultados de los alumnos y alumnas&nbsp; con Necesidades Espec\u00edficas de Apoyo Educativo <strong>(NEAE)<\/strong> atendidas por el profesorado de Pedagog\u00eda Terap\u00e9utica <strong>(PT).<\/strong><\/span><\/li>\n<li><span style=\"color: #000000\">El Programa de Refuerzo Educativo , Orientaci\u00f3n y Apoyo Escolar (PROA Andaluc\u00eda). <strong>El PROA<\/strong> se concibe&nbsp; como un conjunto de actuaciones dirigidas a mejorar la adquisici\u00f3n de las competencias clave y la motivaci\u00f3n del alumnado con necesidades espec\u00edficas de apoyo educativo por precisar acciones de car\u00e1cter compensatorio<\/span><\/li>\n<li><span style=\"color: #000000\"><strong>El auxiliar de conversaci\u00f3n&nbsp;<\/strong><b>asiste al profesor titular y act\u00faa como asistente en la ense\u00f1anza de su idioma<\/b>. Sus funciones espec\u00edficas van fundamentalmente encaminadas a reforzar las destrezas orales del alumnado.<\/span><\/li>\n<li>La cofinanciaci\u00f3n del Fondo Social Europeo en acciones programadas y desarrolladas a reducir abandono escolar como el Mecanismo para la Recuperaci\u00f3n y Resilencia donde se encuentra las <strong>Unidades de Acompa\u00f1amiento y Orientaci\u00f3n Familiar del Alumnado<\/strong> educativamente vulnerable.<\/li>\n<\/ul>\n","protected":false},"excerpt":{"rendered":"<p>NUESTRO CENTRO CUENTA CON LA AYUDA DEL PONDO SOCIAL EUROPEO (FSE) INVIRTIENDO EN DIVERSOS ASPECTOS Y \u00c1MBITOS EDUCATIVOS. doc10689820240522111752 &nbsp; Dentro del Programa&nbsp; del Fondo Social Europeo en Andaluc\u00eda y concretamente en nuestro centro&#46;&#46;&#46;<\/p>\n","protected":false},"author":13272,"featured_media":1529,"parent":0,"menu_order":0,"comment_status":"closed","ping_status":"closed","template":"","meta":{"ngg_post_thumbnail":0,"footnotes":""},"aioseo_notices":[],"_links":{"self":[{"href":"https:\/\/blogsaverroes.juntadeandalucia.es\/ceippoetamolleja\/wp-json\/wp\/v2\/pages\/1376"}],"collection":[{"href":"https:\/\/blogsaverroes.juntadeandalucia.es\/ceippoetamolleja\/wp-json\/wp\/v2\/pages"}],"about":[{"href":"https:\/\/blogsaverroes.juntadeandalucia.es\/ceippoetamolleja\/wp-json\/wp\/v2\/types\/page"}],"author":[{"embeddable":true,"href":"https:\/\/blogsaverroes.juntadeandalucia.es\/ceippoetamolleja\/wp-json\/wp\/v2\/users\/13272"}],"replies":[{"embeddable":true,"href":"https:\/\/blogsaverroes.juntadeandalucia.es\/ceippoetamolleja\/wp-json\/wp\/v2\/comments?post=1376"}],"version-history":[{"count":5,"href":"https:\/\/blogsaverroes.juntadeandalucia.es\/ceippoetamolleja\/wp-json\/wp\/v2\/pages\/1376\/revisions"}],"predecessor-version":[{"id":1531,"href":"https:\/\/blogsaverroes.juntadeandalucia.es\/ceippoetamolleja\/wp-json\/wp\/v2\/pages\/1376\/revisions\/1531"}],"wp:featuredmedia":[{"embeddable":true,"href":"https:\/\/blogsaverroes.juntadeandalucia.es\/ceippoetamolleja\/wp-json\/wp\/v2\/media\/1529"}],"wp:attachment":[{"href":"https:\/\/blogsaverroes.juntadeandalucia.es\/ceippoetamolleja\/wp-json\/wp\/v2\/media?parent=1376"}],"curies":[{"name":"wp","href":"https:\/\/api.w.org\/{rel}","templated":true}]}}

<p style="text-align: center"><span style="font-size: 18pt;font-family: 'comic sans ms', sans-serif;color: #0000ff">NUESTRO CENTRO CUENTA CON LA AYUDA DEL PONDO SOCIAL EUROPEO (FSE) INVIRTIENDO EN DIVERSOS ASPECTOS Y ÁMBITOS EDUCATIVOS.</span></p>
<p><a href="https://blogsaverroes.juntadeandalucia.es/ceippoetamolleja/files/2024/05/doc10689820240522111752.pdf">doc10689820240522111752</a> <img loading="lazy" decoding="async" class=" wp-image-1529 alignright" src="https://blogsaverroes.juntadeandalucia.es/ceippoetamolleja/files/2024/05/doc10689820240522111752_page-0001-212x300.jpg" alt="" width="584" height="826" srcset="https://blogsaverroes.juntadeandalucia.es/ceippoetamolleja/files/2024/05/doc10689820240522111752_page-0001-212x300.jpg 212w, https://blogsaverroes.juntadeandalucia.es/ceippoetamolleja/files/2024/05/doc10689820240522111752_page-0001-724x1024.jpg 724w, https://blogsaverroes.juntadeandalucia.es/ceippoetamolleja/files/2024/05/doc10689820240522111752_page-0001-768x1086.jpg 768w, https://blogsaverroes.juntadeandalucia.es/ceippoetamolleja/files/2024/05/doc10689820240522111752_page-0001-1086x1536.jpg 1086w, https://blogsaverroes.juntadeandalucia.es/ceippoetamolleja/files/2024/05/doc10689820240522111752_page-0001.jpg 1240w" sizes="(max-width: 584px) 100vw, 584px" /></p>
<p>&nbsp;</p>
<p><span style="color: #000000">Dentro del Programa&nbsp; del Fondo Social Europeo en Andalucía y concretamente en nuestro centro son susceptibles de cofinanciación las siguientes actuaciones:</span></p>
<ul>
<li><span style="color: #000000">Las acciones formativas programadas y desarrolladas,, conducentes a reducir el abandono educativo y a mejorar los resultados de los alumnos y alumnas&nbsp; con Necesidades Específicas de Apoyo Educativo <strong>(NEAE)</strong> atendidas por el profesorado de Pedagogía Terapéutica <strong>(PT).</strong></span></li>
<li><span style="color: #000000">El Programa de Refuerzo Educativo , Orientación y Apoyo Escolar (PROA Andalucía). <strong>El PROA</strong> se concibe&nbsp; como un conjunto de actuaciones dirigidas a mejorar la adquisición de las competencias clave y la motivación del alumnado con necesidades específicas de apoyo educativo por precisar acciones de carácter compensatorio</span></li>
<li><span style="color: #000000"><strong>El auxiliar de conversación&nbsp;</strong><b>asiste al profesor titular y actúa como asistente en la enseñanza de su idioma</b>. Sus funciones específicas van fundamentalmente encaminadas a reforzar las destrezas orales del alumnado.</span></li>
<li>La cofinanciación del Fondo Social Europeo en acciones programadas y desarrolladas a reducir abandono escolar como el Mecanismo para la Recuperación y Resilencia donde se encuentra las <strong>Unidades de Acompañamiento y Orientación Familiar del Alumnado</strong> educativamente vulnerable.</li>
</ul>

<p>NUESTRO CENTRO CUENTA CON LA AYUDA DEL PONDO SOCIAL EUROPEO (FSE) INVIRTIENDO EN DIVERSOS ASPECTOS Y ÁMBITOS EDUCATIVOS. doc10689820240522111752 &nbsp; Dentro del Programa&nbsp; del Fondo Social Europeo en Andalucía y concretamente en nuestro centro&#46;&#46;&#46;</p>
