{"id":586,"date":"2021-07-12T22:27:19","date_gmt":"2021-07-12T21:27:19","guid":{"rendered":"https:\/\/blogsaverroes.juntadeandalucia.es\/ceippoetamolleja\/?page_id=586"},"modified":"2022-10-30T23:03:11","modified_gmt":"2022-10-30T22:03:11","slug":"proyecto-de-gestion","status":"publish","type":"page","link":"https:\/\/blogsaverroes.juntadeandalucia.es\/ceippoetamolleja\/proyecto-de-gestion\/","title":{"rendered":"Proyecto de Gesti\u00f3n"},"content":{"rendered":"<h3 style=\"text-align: center\"><span style=\"font-family: georgia, palatino, serif\">&nbsp;El proyecto de gesti\u00f3n de las escuelas infantiles de segundo ciclo, de los colegios de educaci\u00f3n primaria, de los colegios de educaci\u00f3n infantil y primaria y de los centros p\u00fablicos espec\u00edficos de educaci\u00f3n especial recoge la ordenaci\u00f3n y utilizaci\u00f3n de los recursos de nuestro centro tanto materiales como humanos.<\/span><\/h3>\n<p dir=\"ltr\" style=\"text-align: center\"><span style=\"font-family: georgia, palatino, serif\">&nbsp;HAZ CLIC PARA VER EL DOCUMENTO<\/span><\/p>\n<h1 style=\"text-align: center\"><a href=\"https:\/\/drive.google.com\/file\/d\/1DFDzrPt3DtnlbjWL2J_jEsfEk42xfwr9\/view?usp=sharing\"><span style=\"font-family: georgia, palatino, serif\">Proyecto de Gesti\u00f3n<\/span><\/a><\/h1>\n","protected":false},"excerpt":{"rendered":"<p>&nbsp;El proyecto de gesti\u00f3n de las escuelas infantiles de segundo ciclo, de los colegios de educaci\u00f3n primaria, de los colegios de educaci\u00f3n infantil y primaria y de los centros p\u00fablicos espec\u00edficos de educaci\u00f3n especial&#46;&#46;&#46;<\/p>\n","protected":false},"author":13272,"featured_media":0,"parent":0,"menu_order":0,"comment_status":"closed","ping_status":"closed","template":"","meta":{"ngg_post_thumbnail":0,"footnotes":""},"aioseo_notices":[],"_links":{"self":[{"href":"https:\/\/blogsaverroes.juntadeandalucia.es\/ceippoetamolleja\/wp-json\/wp\/v2\/pages\/586"}],"collection":[{"href":"https:\/\/blogsaverroes.juntadeandalucia.es\/ceippoetamolleja\/wp-json\/wp\/v2\/pages"}],"about":[{"href":"https:\/\/blogsaverroes.juntadeandalucia.es\/ceippoetamolleja\/wp-json\/wp\/v2\/types\/page"}],"author":[{"embeddable":true,"href":"https:\/\/blogsaverroes.juntadeandalucia.es\/ceippoetamolleja\/wp-json\/wp\/v2\/users\/13272"}],"replies":[{"embeddable":true,"href":"https:\/\/blogsaverroes.juntadeandalucia.es\/ceippoetamolleja\/wp-json\/wp\/v2\/comments?post=586"}],"version-history":[{"count":4,"href":"https:\/\/blogsaverroes.juntadeandalucia.es\/ceippoetamolleja\/wp-json\/wp\/v2\/pages\/586\/revisions"}],"predecessor-version":[{"id":759,"href":"https:\/\/blogsaverroes.juntadeandalucia.es\/ceippoetamolleja\/wp-json\/wp\/v2\/pages\/586\/revisions\/759"}],"wp:attachment":[{"href":"https:\/\/blogsaverroes.juntadeandalucia.es\/ceippoetamolleja\/wp-json\/wp\/v2\/media?parent=586"}],"curies":[{"name":"wp","href":"https:\/\/api.w.org\/{rel}","templated":true}]}}