{"id":930,"date":"2021-09-18T12:27:41","date_gmt":"2021-09-18T11:27:41","guid":{"rendered":"https:\/\/blogsaverroes.juntadeandalucia.es\/ceippoetamolleja\/?page_id=930"},"modified":"2025-10-06T12:53:55","modified_gmt":"2025-10-06T11:53:55","slug":"biblioteca","status":"publish","type":"page","link":"https:\/\/blogsaverroes.juntadeandalucia.es\/ceippoetamolleja\/biblioteca\/","title":{"rendered":"Biblioteca"},"content":{"rendered":"<h3 style=\"text-align: center\" data-start=\"188\" data-end=\"243\">\ud83d\udcda \u00a1Descubre el Blog de Nuestra Biblioteca Escolar!<\/h3>\n<p style=\"text-align: center\" data-start=\"245\" data-end=\"295\">Queridas familias, alumnado y comunidad educativa:<\/p>\n<p style=\"text-align: center\" data-start=\"297\" data-end=\"518\">Nos complace presentaros el <strong data-start=\"325\" data-end=\"398\">blog de la Biblioteca del Colegio Poeta Molleja de Educaci\u00f3n Primaria<\/strong>, un espacio creado con mucha ilusi\u00f3n para fomentar el gusto por la lectura, la creatividad y el aprendizaje compartido.<\/p>\n<p style=\"text-align: center\" data-start=\"520\" data-end=\"836\">En este rinc\u00f3n literario encontrar\u00e9is toda la informaci\u00f3n relacionada con nuestra biblioteca:<br data-start=\"613\" data-end=\"616\">\u2728 <strong data-start=\"618\" data-end=\"656\">Normas y horario de funcionamiento<\/strong><br data-start=\"656\" data-end=\"659\">\ud83c\udfc6 <strong data-start=\"662\" data-end=\"698\">Concursos y actividades lectoras<\/strong><br data-start=\"698\" data-end=\"701\">\ud83d\udcd6 <strong data-start=\"704\" data-end=\"733\">Recomendaciones de libros<\/strong><br data-start=\"733\" data-end=\"736\">\ud83d\udcf0 <strong data-start=\"739\" data-end=\"763\">Noticias y novedades<\/strong><br data-start=\"763\" data-end=\"766\">\ud83d\udc2d \u00a1Y las divertidas aventuras de nuestra querida mascota, <em data-start=\"825\" data-end=\"833\" data-is-only-node=\"\">Pirul\u00ed<\/em>!<\/p>\n<p style=\"text-align: center\" data-start=\"838\" data-end=\"1114\">El blog est\u00e1 pensado para que toda la comunidad educativa participe: el alumnado podr\u00e1 compartir sus lecturas favoritas, las familias descubrir\u00e1n recursos para disfrutar de la lectura en casa, y el profesorado propondr\u00e1 actividades para seguir aprendiendo de manera divertida.<\/p>\n<p style=\"text-align: center\" data-start=\"1116\" data-end=\"1254\"><a href=\"https:\/\/sites.google.com\/view\/piruleetamolleja\/inicio?authuser=0\">\ud83d\udc49 <strong data-start=\"1119\" data-end=\"1174\">Visita el blog de la biblioteca haciendo clic aqu\u00ed:<\/strong><\/a><\/p>\n","protected":false},"excerpt":{"rendered":"<p>\ud83d\udcda \u00a1Descubre el Blog de Nuestra Biblioteca Escolar! Queridas familias, alumnado y comunidad educativa: Nos complace presentaros el blog de la Biblioteca del Colegio Poeta Molleja de Educaci\u00f3n Primaria, un espacio creado con mucha&#46;&#46;&#46;<\/p>\n","protected":false},"author":13272,"featured_media":0,"parent":0,"menu_order":0,"comment_status":"closed","ping_status":"closed","template":"","meta":{"ngg_post_thumbnail":0,"footnotes":""},"aioseo_notices":[],"_links":{"self":[{"href":"https:\/\/blogsaverroes.juntadeandalucia.es\/ceippoetamolleja\/wp-json\/wp\/v2\/pages\/930"}],"collection":[{"href":"https:\/\/blogsaverroes.juntadeandalucia.es\/ceippoetamolleja\/wp-json\/wp\/v2\/pages"}],"about":[{"href":"https:\/\/blogsaverroes.juntadeandalucia.es\/ceippoetamolleja\/wp-json\/wp\/v2\/types\/page"}],"author":[{"embeddable":true,"href":"https:\/\/blogsaverroes.juntadeandalucia.es\/ceippoetamolleja\/wp-json\/wp\/v2\/users\/13272"}],"replies":[{"embeddable":true,"href":"https:\/\/blogsaverroes.juntadeandalucia.es\/ceippoetamolleja\/wp-json\/wp\/v2\/comments?post=930"}],"version-history":[{"count":3,"href":"https:\/\/blogsaverroes.juntadeandalucia.es\/ceippoetamolleja\/wp-json\/wp\/v2\/pages\/930\/revisions"}],"predecessor-version":[{"id":1665,"href":"https:\/\/blogsaverroes.juntadeandalucia.es\/ceippoetamolleja\/wp-json\/wp\/v2\/pages\/930\/revisions\/1665"}],"wp:attachment":[{"href":"https:\/\/blogsaverroes.juntadeandalucia.es\/ceippoetamolleja\/wp-json\/wp\/v2\/media?parent=930"}],"curies":[{"name":"wp","href":"https:\/\/api.w.org\/{rel}","templated":true}]}}