{"id":1374,"date":"2020-03-14T18:23:44","date_gmt":"2020-03-14T17:23:44","guid":{"rendered":"https:\/\/ceipprincipefelipe.net\/portal\/?page_id=28"},"modified":"2024-01-29T18:53:16","modified_gmt":"2024-01-29T17:53:16","slug":"el-centro-2","status":"publish","type":"page","link":"https:\/\/blogsaverroes.juntadeandalucia.es\/ceipprincipefelipemotril\/el-centro-2\/","title":{"rendered":"El Centro"},"content":{"rendered":"\r\n<h2 class=\"wp-block-heading\"><strong>Datos del centro<\/strong><\/h2>\r\n\r\n\r\n\r\n<p><strong>Domicilio<\/strong>: c\/ Principado de Asturias, 1 18600 MOTRIL<\/p>\r\n\r\n\r\n\r\n<p><strong>Tel\u00e9fono<\/strong>: 958649546<\/p>\r\n\r\n\r\n\r\n<p><strong>M\u00f3vil<\/strong>: 671565851<\/p>\r\n\r\n\r\n\r\n<p><strong>correo-e<\/strong>: 18007034.edu@juntadeandalucia.es<\/p>\r\n\r\n\r\n\r\n<p><span style=\"font-size: 20pt\">Unidades<\/span><\/p>\r\n\r\n\r\n\r\n<p>El centro consta de:<\/p>\r\n\r\n\r\n\r\n<ul>\r\n<li>2 l\u00edneas de Educaci\u00f3n Infantil<\/li>\r\n<li>2 l\u00edneas de Educaci\u00f3n Primaria completas. (L\u00ednea 3 en 3\u00ba de Ed. Primaria)<\/li>\r\n<li>2 unidades de Pedagog\u00eda Terap\u00e9utica<\/li>\r\n<li>1 unidad TEA<\/li>\r\n<li>1 unidad de Audici\u00f3n y Lenguaje<\/li>\r\n<\/ul>\r\n\r\n\r\n\r\n<h2 class=\"wp-block-heading\">Instalaciones<\/h2>\r\n\r\n\r\n\r\n<div class=\"wp-block-image\">\r\n<figure class=\"alignleft size-large\"><img loading=\"lazy\" decoding=\"async\" width=\"250\" height=\"190\" class=\"wp-image-29\" src=\"https:\/\/blogsaverroes.juntadeandalucia.es\/ceipprincipefelipemotril\/files\/2020\/03\/planoc.jpg\" alt=\"\"><\/figure>\r\n<\/div>\r\n\r\n\r\n\r\n<p>El recinto de nuestro centro es bastante amplio, tiene dos edificios -en rojo-, un edificio principal y otro m\u00e1s peque\u00f1ito, cercado en su alrededor, as\u00ed como dos pistas polideportivas y bastantes metros cuadrados para el esparcimiento. De igual manera acoge una casa &#8211; en amarillo- para el conserje, aunque \u00e9ste no realiza las funciones a tiempo total pues es un empleado del Ayuntamiento que ejerce m\u00e1s bien las labores de guarda, vigilancia y arreglo de peque\u00f1os desperfectos.<\/p>\r\n\r\n\r\n\r\n<div class=\"wp-block-image\">\r\n<figure class=\"alignright size-large\"><img decoding=\"async\" class=\"wp-image-30\" src=\"https:\/\/blogsaverroes.juntadeandalucia.es\/ceipprincipefelipemotril\/files\/2020\/03\/edifi1.jpg\" alt=\"\"><\/figure>\r\n<\/div>\r\n\r\n\r\n\r\n<p>El edificio principal es el que acoge a la mayor\u00eda de alumnos y alumnas as\u00ed como la mayor\u00eda de dependencias. Est\u00e1 orientado de Norte a Sur y techado con una estructura de cristal, que hace de los d\u00edas de calor un autentico infierno. Se distribuye en tres plantas con dos secciones cada una, unidas por un pasillo. Actualmente todas sus aulas est\u00e1n ocupadas, incluidas la biblioteca, la sala de profesores y el laboratorio.&nbsp;<\/p>\r\n\r\n\r\n\r\n<div class=\"wp-block-image\">\r\n<figure class=\"alignleft size-large\"><img decoding=\"async\" class=\"wp-image-31\" src=\"https:\/\/blogsaverroes.juntadeandalucia.es\/ceipprincipefelipemotril\/files\/2020\/03\/edifi2.jpg\" alt=\"\"><\/figure>\r\n<\/div>\r\n\r\n\r\n\r\n<p>El edificio peque\u00f1o tiene dos aulas y servicios para alumnos, alumnas y profesores\/as, as\u00ed como un peque\u00f1o almac\u00e9n. Es utilizado por los alumnos m\u00e1s peque\u00f1os de Educaci\u00f3n Infantil, es decir, los de tres a\u00f1os. Esta vallado, lo que facilita el control de los alumnos y alumnas as\u00ed como la separaci\u00f3n f\u00edsica a la hora de la convivencia durante el recreo.<\/p>\r\n\r\n\r\n\r\n<div class=\"wp-block-group is-layout-flow wp-block-group-is-layout-flow\">\r\n<div class=\"wp-block-group is-layout-flow wp-block-group-is-layout-flow\">\r\n<div class=\"wp-block-group is-layout-flow wp-block-group-is-layout-flow\">\r\n<h2 class=\"wp-block-heading\">&nbsp;<\/h2>\r\n<h2>Transporte Escolar<\/h2>\r\n<\/div>\r\n<\/div>\r\n<\/div>\r\n\r\n\r\n\r\n<p>Durante el presente curso nuestro centro recibe 33 alumnos y alumnas que proceden de localidades anejas a Motril y que son transportados todas las ma\u00f1anas al cuidado de un monitor escolar de la empresa transportes<\/p>\r\n\r\n\r\n\r\n<p>Proceden de los anejos de Los Tablones, La Garnatilla, Pueblo Nuevo (tambi\u00e9n conocido por Puntal\u00f3n), Las Ventillas y otros cortijos cercanos a estas poblaciones. El itinerario con las paradas y el n\u00famero de alumnos y alumnas que recoge en cada una de ellas es el siguiente.<\/p>\r\n\r\n\r\n\r\n<p>Llegan a las 9 h. de la ma\u00f1ana y se marchan a las 2 de la tarde. En la llegada y en la salida son acompa\u00f1ados por nuestro monitor. Tardan alrededor de media hora en realizar el trayecto de ocho kms.<\/p>\r\n","protected":false},"excerpt":{"rendered":"<p>Datos del centro Domicilio: c\/ Principado de Asturias, 1 18600 MOTRIL Tel\u00e9fono: 958649546 M\u00f3vil: 671565851 correo-e: 18007034.edu@juntadeandalucia.es Unidades El centro consta de: 2 l\u00edneas de Educaci\u00f3n Infantil 2 l\u00edneas de Educaci\u00f3n Primaria completas. (L\u00ednea 3 en 3\u00ba de Ed. Primaria) 2 unidades de Pedagog\u00eda Terap\u00e9utica 1 unidad TEA 1 unidad de Audici\u00f3n y Lenguaje Instalaciones [&hellip;]<\/p>\n","protected":false},"author":19076,"featured_media":0,"parent":0,"menu_order":0,"comment_status":"closed","ping_status":"closed","template":"","meta":{"_et_pb_use_builder":"","_et_pb_old_content":"","_et_gb_content_width":"","ngg_post_thumbnail":0,"footnotes":""},"aioseo_notices":[],"_links":{"self":[{"href":"https:\/\/blogsaverroes.juntadeandalucia.es\/ceipprincipefelipemotril\/wp-json\/wp\/v2\/pages\/1374"}],"collection":[{"href":"https:\/\/blogsaverroes.juntadeandalucia.es\/ceipprincipefelipemotril\/wp-json\/wp\/v2\/pages"}],"about":[{"href":"https:\/\/blogsaverroes.juntadeandalucia.es\/ceipprincipefelipemotril\/wp-json\/wp\/v2\/types\/page"}],"author":[{"embeddable":true,"href":"https:\/\/blogsaverroes.juntadeandalucia.es\/ceipprincipefelipemotril\/wp-json\/wp\/v2\/users\/19076"}],"replies":[{"embeddable":true,"href":"https:\/\/blogsaverroes.juntadeandalucia.es\/ceipprincipefelipemotril\/wp-json\/wp\/v2\/comments?post=1374"}],"version-history":[{"count":4,"href":"https:\/\/blogsaverroes.juntadeandalucia.es\/ceipprincipefelipemotril\/wp-json\/wp\/v2\/pages\/1374\/revisions"}],"predecessor-version":[{"id":1536,"href":"https:\/\/blogsaverroes.juntadeandalucia.es\/ceipprincipefelipemotril\/wp-json\/wp\/v2\/pages\/1374\/revisions\/1536"}],"wp:attachment":[{"href":"https:\/\/blogsaverroes.juntadeandalucia.es\/ceipprincipefelipemotril\/wp-json\/wp\/v2\/media?parent=1374"}],"curies":[{"name":"wp","href":"https:\/\/api.w.org\/{rel}","templated":true}]}}

<h2 class="wp-block-heading"><strong>Datos del centro</strong></h2>



<p><strong>Domicilio</strong>: c/ Principado de Asturias, 1 18600 MOTRIL</p>



<p><strong>Teléfono</strong>: 958649546</p>



<p><strong>Móvil</strong>: 671565851</p>



<p><strong>correo-e</strong>: 18007034.edu@juntadeandalucia.es</p>



<p><span style="font-size: 20pt">Unidades</span></p>



<p>El centro consta de:</p>



<ul>
<li>2 líneas de Educación Infantil</li>
<li>2 líneas de Educación Primaria completas. (Línea 3 en 3º de Ed. Primaria)</li>
<li>2 unidades de Pedagogía Terapéutica</li>
<li>1 unidad TEA</li>
<li>1 unidad de Audición y Lenguaje</li>
</ul>



<h2 class="wp-block-heading">Instalaciones</h2>



<div class="wp-block-image">
<figure class="alignleft size-large"><img loading="lazy" decoding="async" width="250" height="190" class="wp-image-29" src="https://blogsaverroes.juntadeandalucia.es/ceipprincipefelipemotril/files/2020/03/planoc.jpg" alt=""></figure>
</div>



<p>El recinto de nuestro centro es bastante amplio, tiene dos edificios -en rojo-, un edificio principal y otro más pequeñito, cercado en su alrededor, así como dos pistas polideportivas y bastantes metros cuadrados para el esparcimiento. De igual manera acoge una casa &#8211; en amarillo- para el conserje, aunque éste no realiza las funciones a tiempo total pues es un empleado del Ayuntamiento que ejerce más bien las labores de guarda, vigilancia y arreglo de pequeños desperfectos.</p>



<div class="wp-block-image">
<figure class="alignright size-large"><img decoding="async" class="wp-image-30" src="https://blogsaverroes.juntadeandalucia.es/ceipprincipefelipemotril/files/2020/03/edifi1.jpg" alt=""></figure>
</div>



<p>El edificio principal es el que acoge a la mayoría de alumnos y alumnas así como la mayoría de dependencias. Está orientado de Norte a Sur y techado con una estructura de cristal, que hace de los días de calor un autentico infierno. Se distribuye en tres plantas con dos secciones cada una, unidas por un pasillo. Actualmente todas sus aulas están ocupadas, incluidas la biblioteca, la sala de profesores y el laboratorio.&nbsp;</p>



<div class="wp-block-image">
<figure class="alignleft size-large"><img decoding="async" class="wp-image-31" src="https://blogsaverroes.juntadeandalucia.es/ceipprincipefelipemotril/files/2020/03/edifi2.jpg" alt=""></figure>
</div>



<p>El edificio pequeño tiene dos aulas y servicios para alumnos, alumnas y profesores/as, así como un pequeño almacén. Es utilizado por los alumnos más pequeños de Educación Infantil, es decir, los de tres años. Esta vallado, lo que facilita el control de los alumnos y alumnas así como la separación física a la hora de la convivencia durante el recreo.</p>



<div class="wp-block-group is-layout-flow wp-block-group-is-layout-flow">
<div class="wp-block-group is-layout-flow wp-block-group-is-layout-flow">
<div class="wp-block-group is-layout-flow wp-block-group-is-layout-flow">
<h2 class="wp-block-heading">&nbsp;</h2>
<h2>Transporte Escolar</h2>
</div>
</div>
</div>



<p>Durante el presente curso nuestro centro recibe 33 alumnos y alumnas que proceden de localidades anejas a Motril y que son transportados todas las mañanas al cuidado de un monitor escolar de la empresa transportes</p>



<p>Proceden de los anejos de Los Tablones, La Garnatilla, Pueblo Nuevo (también conocido por Puntalón), Las Ventillas y otros cortijos cercanos a estas poblaciones. El itinerario con las paradas y el número de alumnos y alumnas que recoge en cada una de ellas es el siguiente.</p>



<p>Llegan a las 9 h. de la mañana y se marchan a las 2 de la tarde. En la llegada y en la salida son acompañados por nuestro monitor. Tardan alrededor de media hora en realizar el trayecto de ocho kms.</p>

<p>Datos del centro Domicilio: c/ Principado de Asturias, 1 18600 MOTRIL Teléfono: 958649546 Móvil: 671565851 correo-e: 18007034.edu@juntadeandalucia.es Unidades El centro consta de: 2 líneas de Educación Infantil 2 líneas de Educación Primaria completas. (Línea 3 en 3º de Ed. Primaria) 2 unidades de Pedagogía Terapéutica 1 unidad TEA 1 unidad de Audición y Lenguaje Instalaciones [&hellip;]</p>
