{"id":1377,"date":"2020-03-14T20:02:08","date_gmt":"2020-03-14T19:02:08","guid":{"rendered":"https:\/\/ceipprincipefelipe.net\/portal\/?page_id=51"},"modified":"2024-01-28T20:25:29","modified_gmt":"2024-01-28T19:25:29","slug":"normativa","status":"publish","type":"page","link":"https:\/\/blogsaverroes.juntadeandalucia.es\/ceipprincipefelipemotril\/normativa\/","title":{"rendered":"Normativa"},"content":{"rendered":"\r\n<h2 class=\"wp-block-heading\">Normativa Estatal<\/h2>\r\n\r\n\r\n\r\n<ul>\r\n<li><a href=\"http:\/\/www.juntadeandalucia.es\/educacion\/portals\/web\/ced\/normativa\/-\/normativas\/detalle\/ley-organica-8-2013-de-9-de-diciembre-para-la-mejora-de-la-calidad-educativa-boe-10-12-2013\">Ley Org\u00e1nica 8\/2013, de 9 de diciembre, para la mejora de la calidad educativa. (BOE 10-12-2013) <\/a><\/li>\r\n<li><a href=\"http:\/\/www.juntadeandalucia.es\/educacion\/portals\/web\/ced\/normativa\/-\/normativas\/detalle\/real-decreto-ley-5-2016-de-9-de-diciembre-de-medidas-urgentes-para-la-ampliacion-del-calendario-de-implantacion-de-la\">Real Decreto-ley 5\/2016, de 9 de diciembre, de medidas urgentes para la ampliaci\u00f3n del calendario de implantaci\u00f3n de la Ley Org\u00e1nica 8\/2013, de 9 de diciembre, para la mejora de la calidad educativa.<\/a><\/li>\r\n<li><a href=\"http:\/\/www.juntadeandalucia.es\/educacion\/portals\/web\/ced\/normativa\/-\/normativas\/detalle\/ley-organica-3-2018-de-5-de-diciembre-de-proteccion-de-datos-personales-y-garantia-de-los-derechos-digitales-12q3ewpin9g7z\">Ley Org\u00e1nica 3\/2018, de 5 de diciembre, de Protecci\u00f3n de Datos Personales y garant\u00eda de los derechos digitales. <\/a><\/li>\r\n<li><a href=\"http:\/\/www.juntadeandalucia.es\/educacion\/portals\/web\/ced\/normativa\/-\/normativas\/detalle\/orden-ecd-686-2014-de-23-de-abril-por-la-que-se-establece-el-curriculo-de-la-educacion-primaria\">Orden ECD\/686\/2014, de 23 de abril, por la que se establece el curr\u00edculo de la Educaci\u00f3n Primaria para el \u00e1mbito de gesti\u00f3n del Ministerio de Educaci\u00f3n, Cultura y Deporte y se regula su implantaci\u00f3n, as\u00ed como la evaluaci\u00f3n y determinados aspectos organizativos de la etapa. (BOE 1-5-2014) <\/a><\/li>\r\n<\/ul>\r\n\r\n\r\n\r\n<h2 class=\"wp-block-heading\">Normativa Comunitaria<\/h2>\r\n\r\n\r\n\r\n<ul>\r\n<li><a href=\"http:\/\/www.juntadeandalucia.es\/educacion\/portals\/web\/inspeccion-educativa\/normativa\">Acceso a Normativva en la Consejer\u00eda Educaci\u00f3n<\/a><\/li>\r\n<li><a href=\"https:\/\/www.edudactica.es\/normas\/ordenes\/Orden 5-8-2008 Curriculo Infantil.pdf\" target=\"_blank\" rel=\"noreferrer noopener\">Orden de 5-8-2008,<\/a> por la que se desarrolla el Curr\u00edculo correspondiente a la Educaci\u00f3n Infantil en Andaluc\u00eda. (BOJA 26-8-2008)<\/li>\r\n<li><a href=\"https:\/\/www.edudactica.es\/normas\/decretos\/Decreto 328-2010 ROC Colegios.pdf\" target=\"_blank\" rel=\"noreferrer noopener\">DECRETO 328\/2010, de 13 de julio,<\/a> por el que se aprueba el Reglamento Org\u00e1nico de las escuelas infantiles de segundo grado, de los colegios de educaci\u00f3n primaria, de los colegios de educaci\u00f3n infantil y primaria, y de los centros p\u00fablicos espec\u00edficos de educaci\u00f3n especial. (BOJA de 16-07-2010)<\/li>\r\n<li><a href=\"https:\/\/www.edudactica.es\/normas\/ordenes\/Orden 20-8-2010 Organiza Colegios.pdf\" target=\"_blank\" rel=\"noreferrer noopener\">ORDEN de 20 de agosto de 2010,<\/a> por la que se regula la organizaci\u00f3n y el funcionamiento . (BOJA de 30-08-2010)<\/li>\r\n<li><a href=\"https:\/\/www.edudactica.es\/normas\/instruc\/Aclarac ROC CEIP.pdf\" target=\"_blank\" rel=\"noreferrer noopener\">ACLARACIONES en torno al Reglamento Org\u00e1nico<\/a> de las Escuelas Infantiles de segundo ciclo, de los Colegios de Educaci\u00f3n Primaria, de los Colegios de Educaci\u00f3n Infantil y Primaria y de los Centros P\u00fablicos Espec\u00edficos de Educaci\u00f3n Especial, aprobado por el Decreto 328\/2010, de 13 de julio, y a la Orden de 20 de agosto de 2010.<\/li>\r\n<li><a href=\"https:\/\/www.edudactica.es\/normas\/decretos\/Decreto 328-2010 Errores ROC Primaria.pdf\" target=\"_blank\" rel=\"noreferrer noopener\">CORRECCI\u00d3N de errores al Decreto 328\/2010, de 13 de julio,<\/a> por el que se aprueba el Reglamento Org\u00e1nico de las escuelas infantiles de segundo ciclo, de los colegios de educaci\u00f3n primaria, de los colegios de educaci\u00f3n infantil y primaria y de los centros p\u00fablicos espec\u00edficos de educaci\u00f3n especial. (BOJA de 05-11-2010)<\/li>\r\n<li><a href=\"https:\/\/www.edudactica.es\/normas\/instruc\/Instruc 3-9-2018 Flexibilizacion Infantil.pdf\" target=\"_blank\" rel=\"noreferrer noopener\">Instrucci\u00f3n 11\/2018, de 3 de septiembre,<\/a> de la Direcci\u00f3n General de Ordenaci\u00f3n Educativa, sobre el establecimiento y la aplicaci\u00f3n del horario flexible en el segundo ciclo de Educaci\u00f3n Infantil al principio del curso escolar.<\/li>\r\n<li><a href=\"https:\/\/www.edudactica.es\/normas\/decretos\/Decreto 97-2015 Curriculo Primaria.pdf\" target=\"_blank\" rel=\"noreferrer noopener\">Decreto 97\/2015, de 3 de marzo,<\/a> por el que se establece la ordenaci\u00f3n y el curr\u00edculo de la Educaci\u00f3n Primaria en la Comunidad Aut\u00f3noma de Andaluc\u00eda. (BOJA de 13-03-2015)<\/li>\r\n<li><a href=\"https:\/\/www.edudactica.es\/normas\/ordenes\/Orden 17-3-2015 Curriculo Andaluz Primaria.pdf\" target=\"_blank\" rel=\"noreferrer noopener\">Orden de 17 de marzo de 2015,<\/a> por la que se desarrolla el curr\u00edculo correspondiente a la Educaci\u00f3n Primaria en Andaluc\u00eda. Anexo I. Curr\u00edculos de \u00c1reas: <a href=\"https:\/\/www.edudactica.es\/normas\/ordenes\/Orden 17-3-2015 Ciencias Naturales.pdf\" target=\"_blank\" rel=\"noreferrer noopener\">\u00c1rea de Ciencias Naturales.<\/a> &#8211; <a href=\"https:\/\/www.edudactica.es\/normas\/ordenes\/Orden 17-3-2015 Ciencias Sociales.pdf\" target=\"_blank\" rel=\"noreferrer noopener\">\u00c1rea de Ciencias Sociales.<\/a> &#8211; <a href=\"https:\/\/www.edudactica.es\/normas\/ordenes\/Orden 17-3-2015 Lengua y Literatura.pdf\" target=\"_blank\" rel=\"noreferrer noopener\">\u00c1rea de Lengua y Literatura.<\/a> &#8211; <a href=\"https:\/\/www.edudactica.es\/normas\/ordenes\/Orden 17-3-2015 Matematicas.pdf\" target=\"_blank\" rel=\"noreferrer noopener\">\u00c1rea de Matem\u00e1ticas.<\/a> &#8211; <a href=\"https:\/\/www.edudactica.es\/normas\/ordenes\/Orden 17-3-2015 Lengua Extranjera.pdf\" target=\"_blank\" rel=\"noreferrer noopener\">\u00c1rea de 1\u00aa Lengua Extranjera.<\/a> &#8211; <a href=\"https:\/\/www.edudactica.es\/normas\/ordenes\/Orden 17-3-2015 Ed Fisica.pdf\" target=\"_blank\" rel=\"noreferrer noopener\">\u00c1rea de Educaci\u00f3n F\u00edsica.<\/a> &#8211; <a href=\"https:\/\/www.edudactica.es\/normas\/ordenes\/Orden 17-3-2015 Educacion Artistica.pdf\" target=\"_blank\" rel=\"noreferrer noopener\">\u00c1rea de Educaci\u00f3n Art\u00edstica.<\/a> &#8211; <a href=\"https:\/\/www.edudactica.es\/normas\/ordenes\/Orden 17-3-2015 Segunda Lengua Extranjera.pdf\" target=\"_blank\" rel=\"noreferrer noopener\">\u00c1rea de 2\u00aa Lengua Extranjera.<\/a> &#8211; <a href=\"https:\/\/www.edudactica.es\/normas\/ordenes\/Orden 17-3-2015 Ed Ciudadania.pdf\" target=\"_blank\" rel=\"noreferrer noopener\">\u00c1rea de Educaci\u00f3n para la Ciudadan\u00eda.<\/a> &#8211; <a href=\"https:\/\/www.edudactica.es\/normas\/ordenes\/Orden 17-3-2015 Cultura Digital.pdf\" target=\"_blank\" rel=\"noreferrer noopener\">\u00c1rea de Cultura y Pr\u00e1ctica Digital.<\/a> &#8211; <a href=\"https:\/\/www.edudactica.es\/normas\/ordenes\/Orden 17-3-2015 Valores Sociales y Civicos.pdf\" target=\"_blank\" rel=\"noreferrer noopener\">\u00c1rea de Valores Sociales y C\u00edvicos.<\/a> Anexo II. Horario: <a href=\"https:\/\/www.edudactica.es\/normas\/ordenes\/Orden 17-3-2015 Anexo II Horario Primaria.pdf\" target=\"_blank\" rel=\"noreferrer noopener\">Horario para Educaci\u00f3n Primaria.<\/a><\/li>\r\n<li><a href=\"https:\/\/www.edudactica.es\/normas\/ordenes\/Orden 17-3-2015 Correccion de Errores.pdf\" target=\"_blank\" rel=\"noreferrer noopener\">Correcci\u00f3n de errores de la Orden de 17 de marzo de 2015,<\/a> por la que se desarrolla el curr\u00edculo correspondiente a la Educaci\u00f3n Primaria en Andaluc\u00eda. (BOJA de 29-10-2015)<\/li>\r\n<\/ul>\r\n\r\n\r\n\r\n<p>&nbsp;<\/p>\r\n","protected":false},"excerpt":{"rendered":"<p>Normativa Estatal Ley Org\u00e1nica 8\/2013, de 9 de diciembre, para la mejora de la calidad educativa. (BOE 10-12-2013) Real Decreto-ley 5\/2016, de 9 de diciembre, de medidas urgentes para la ampliaci\u00f3n del calendario de implantaci\u00f3n de la Ley Org\u00e1nica 8\/2013, de 9 de diciembre, para la mejora de la calidad educativa. Ley Org\u00e1nica 3\/2018, de [&hellip;]<\/p>\n","protected":false},"author":19076,"featured_media":0,"parent":0,"menu_order":0,"comment_status":"closed","ping_status":"closed","template":"","meta":{"_et_pb_use_builder":"","_et_pb_old_content":"","_et_gb_content_width":"","ngg_post_thumbnail":0,"footnotes":""},"aioseo_notices":[],"_links":{"self":[{"href":"https:\/\/blogsaverroes.juntadeandalucia.es\/ceipprincipefelipemotril\/wp-json\/wp\/v2\/pages\/1377"}],"collection":[{"href":"https:\/\/blogsaverroes.juntadeandalucia.es\/ceipprincipefelipemotril\/wp-json\/wp\/v2\/pages"}],"about":[{"href":"https:\/\/blogsaverroes.juntadeandalucia.es\/ceipprincipefelipemotril\/wp-json\/wp\/v2\/types\/page"}],"author":[{"embeddable":true,"href":"https:\/\/blogsaverroes.juntadeandalucia.es\/ceipprincipefelipemotril\/wp-json\/wp\/v2\/users\/19076"}],"replies":[{"embeddable":true,"href":"https:\/\/blogsaverroes.juntadeandalucia.es\/ceipprincipefelipemotril\/wp-json\/wp\/v2\/comments?post=1377"}],"version-history":[{"count":1,"href":"https:\/\/blogsaverroes.juntadeandalucia.es\/ceipprincipefelipemotril\/wp-json\/wp\/v2\/pages\/1377\/revisions"}],"predecessor-version":[{"id":1498,"href":"https:\/\/blogsaverroes.juntadeandalucia.es\/ceipprincipefelipemotril\/wp-json\/wp\/v2\/pages\/1377\/revisions\/1498"}],"wp:attachment":[{"href":"https:\/\/blogsaverroes.juntadeandalucia.es\/ceipprincipefelipemotril\/wp-json\/wp\/v2\/media?parent=1377"}],"curies":[{"name":"wp","href":"https:\/\/api.w.org\/{rel}","templated":true}]}}

<h2 class="wp-block-heading">Normativa Estatal</h2>



<ul>
<li><a href="http://www.juntadeandalucia.es/educacion/portals/web/ced/normativa/-/normativas/detalle/ley-organica-8-2013-de-9-de-diciembre-para-la-mejora-de-la-calidad-educativa-boe-10-12-2013">Ley Orgánica 8/2013, de 9 de diciembre, para la mejora de la calidad educativa. (BOE 10-12-2013) </a></li>
<li><a href="http://www.juntadeandalucia.es/educacion/portals/web/ced/normativa/-/normativas/detalle/real-decreto-ley-5-2016-de-9-de-diciembre-de-medidas-urgentes-para-la-ampliacion-del-calendario-de-implantacion-de-la">Real Decreto-ley 5/2016, de 9 de diciembre, de medidas urgentes para la ampliación del calendario de implantación de la Ley Orgánica 8/2013, de 9 de diciembre, para la mejora de la calidad educativa.</a></li>
<li><a href="http://www.juntadeandalucia.es/educacion/portals/web/ced/normativa/-/normativas/detalle/ley-organica-3-2018-de-5-de-diciembre-de-proteccion-de-datos-personales-y-garantia-de-los-derechos-digitales-12q3ewpin9g7z">Ley Orgánica 3/2018, de 5 de diciembre, de Protección de Datos Personales y garantía de los derechos digitales. </a></li>
<li><a href="http://www.juntadeandalucia.es/educacion/portals/web/ced/normativa/-/normativas/detalle/orden-ecd-686-2014-de-23-de-abril-por-la-que-se-establece-el-curriculo-de-la-educacion-primaria">Orden ECD/686/2014, de 23 de abril, por la que se establece el currículo de la Educación Primaria para el ámbito de gestión del Ministerio de Educación, Cultura y Deporte y se regula su implantación, así como la evaluación y determinados aspectos organizativos de la etapa. (BOE 1-5-2014) </a></li>
</ul>



<h2 class="wp-block-heading">Normativa Comunitaria</h2>



<ul>
<li><a href="http://www.juntadeandalucia.es/educacion/portals/web/inspeccion-educativa/normativa">Acceso a Normativva en la Consejería Educación</a></li>
<li><a href="https://www.edudactica.es/normas/ordenes/Orden 5-8-2008 Curriculo Infantil.pdf" target="_blank" rel="noreferrer noopener">Orden de 5-8-2008,</a> por la que se desarrolla el Currículo correspondiente a la Educación Infantil en Andalucía. (BOJA 26-8-2008)</li>
<li><a href="https://www.edudactica.es/normas/decretos/Decreto 328-2010 ROC Colegios.pdf" target="_blank" rel="noreferrer noopener">DECRETO 328/2010, de 13 de julio,</a> por el que se aprueba el Reglamento Orgánico de las escuelas infantiles de segundo grado, de los colegios de educación primaria, de los colegios de educación infantil y primaria, y de los centros públicos específicos de educación especial. (BOJA de 16-07-2010)</li>
<li><a href="https://www.edudactica.es/normas/ordenes/Orden 20-8-2010 Organiza Colegios.pdf" target="_blank" rel="noreferrer noopener">ORDEN de 20 de agosto de 2010,</a> por la que se regula la organización y el funcionamiento . (BOJA de 30-08-2010)</li>
<li><a href="https://www.edudactica.es/normas/instruc/Aclarac ROC CEIP.pdf" target="_blank" rel="noreferrer noopener">ACLARACIONES en torno al Reglamento Orgánico</a> de las Escuelas Infantiles de segundo ciclo, de los Colegios de Educación Primaria, de los Colegios de Educación Infantil y Primaria y de los Centros Públicos Específicos de Educación Especial, aprobado por el Decreto 328/2010, de 13 de julio, y a la Orden de 20 de agosto de 2010.</li>
<li><a href="https://www.edudactica.es/normas/decretos/Decreto 328-2010 Errores ROC Primaria.pdf" target="_blank" rel="noreferrer noopener">CORRECCIÓN de errores al Decreto 328/2010, de 13 de julio,</a> por el que se aprueba el Reglamento Orgánico de las escuelas infantiles de segundo ciclo, de los colegios de educación primaria, de los colegios de educación infantil y primaria y de los centros públicos específicos de educación especial. (BOJA de 05-11-2010)</li>
<li><a href="https://www.edudactica.es/normas/instruc/Instruc 3-9-2018 Flexibilizacion Infantil.pdf" target="_blank" rel="noreferrer noopener">Instrucción 11/2018, de 3 de septiembre,</a> de la Dirección General de Ordenación Educativa, sobre el establecimiento y la aplicación del horario flexible en el segundo ciclo de Educación Infantil al principio del curso escolar.</li>
<li><a href="https://www.edudactica.es/normas/decretos/Decreto 97-2015 Curriculo Primaria.pdf" target="_blank" rel="noreferrer noopener">Decreto 97/2015, de 3 de marzo,</a> por el que se establece la ordenación y el currículo de la Educación Primaria en la Comunidad Autónoma de Andalucía. (BOJA de 13-03-2015)</li>
<li><a href="https://www.edudactica.es/normas/ordenes/Orden 17-3-2015 Curriculo Andaluz Primaria.pdf" target="_blank" rel="noreferrer noopener">Orden de 17 de marzo de 2015,</a> por la que se desarrolla el currículo correspondiente a la Educación Primaria en Andalucía. Anexo I. Currículos de Áreas: <a href="https://www.edudactica.es/normas/ordenes/Orden 17-3-2015 Ciencias Naturales.pdf" target="_blank" rel="noreferrer noopener">Área de Ciencias Naturales.</a> &#8211; <a href="https://www.edudactica.es/normas/ordenes/Orden 17-3-2015 Ciencias Sociales.pdf" target="_blank" rel="noreferrer noopener">Área de Ciencias Sociales.</a> &#8211; <a href="https://www.edudactica.es/normas/ordenes/Orden 17-3-2015 Lengua y Literatura.pdf" target="_blank" rel="noreferrer noopener">Área de Lengua y Literatura.</a> &#8211; <a href="https://www.edudactica.es/normas/ordenes/Orden 17-3-2015 Matematicas.pdf" target="_blank" rel="noreferrer noopener">Área de Matemáticas.</a> &#8211; <a href="https://www.edudactica.es/normas/ordenes/Orden 17-3-2015 Lengua Extranjera.pdf" target="_blank" rel="noreferrer noopener">Área de 1ª Lengua Extranjera.</a> &#8211; <a href="https://www.edudactica.es/normas/ordenes/Orden 17-3-2015 Ed Fisica.pdf" target="_blank" rel="noreferrer noopener">Área de Educación Física.</a> &#8211; <a href="https://www.edudactica.es/normas/ordenes/Orden 17-3-2015 Educacion Artistica.pdf" target="_blank" rel="noreferrer noopener">Área de Educación Artística.</a> &#8211; <a href="https://www.edudactica.es/normas/ordenes/Orden 17-3-2015 Segunda Lengua Extranjera.pdf" target="_blank" rel="noreferrer noopener">Área de 2ª Lengua Extranjera.</a> &#8211; <a href="https://www.edudactica.es/normas/ordenes/Orden 17-3-2015 Ed Ciudadania.pdf" target="_blank" rel="noreferrer noopener">Área de Educación para la Ciudadanía.</a> &#8211; <a href="https://www.edudactica.es/normas/ordenes/Orden 17-3-2015 Cultura Digital.pdf" target="_blank" rel="noreferrer noopener">Área de Cultura y Práctica Digital.</a> &#8211; <a href="https://www.edudactica.es/normas/ordenes/Orden 17-3-2015 Valores Sociales y Civicos.pdf" target="_blank" rel="noreferrer noopener">Área de Valores Sociales y Cívicos.</a> Anexo II. Horario: <a href="https://www.edudactica.es/normas/ordenes/Orden 17-3-2015 Anexo II Horario Primaria.pdf" target="_blank" rel="noreferrer noopener">Horario para Educación Primaria.</a></li>
<li><a href="https://www.edudactica.es/normas/ordenes/Orden 17-3-2015 Correccion de Errores.pdf" target="_blank" rel="noreferrer noopener">Corrección de errores de la Orden de 17 de marzo de 2015,</a> por la que se desarrolla el currículo correspondiente a la Educación Primaria en Andalucía. (BOJA de 29-10-2015)</li>
</ul>



<p>&nbsp;</p>

<p>Normativa Estatal Ley Orgánica 8/2013, de 9 de diciembre, para la mejora de la calidad educativa. (BOE 10-12-2013) Real Decreto-ley 5/2016, de 9 de diciembre, de medidas urgentes para la ampliación del calendario de implantación de la Ley Orgánica 8/2013, de 9 de diciembre, para la mejora de la calidad educativa. Ley Orgánica 3/2018, de [&hellip;]</p>
