{"id":113,"date":"2015-03-16T08:06:00","date_gmt":"2015-03-16T08:06:00","guid":{"rendered":"http:\/\/blogsaverroes.juntadeandalucia.es\/pre\/ceip\/?page_id=113"},"modified":"2020-04-24T18:30:33","modified_gmt":"2020-04-24T18:30:33","slug":"biblioteca","status":"publish","type":"page","link":"https:\/\/blogsaverroes.juntadeandalucia.es\/ceipptiernogalvangr\/biblioteca\/","title":{"rendered":"Biblioteca"},"content":{"rendered":"<p>\u00abEmpezamos en este nuevo Blog donde espero que todos y todas podamos participar\u00bb, de esta manera presenta Amalia, responsable de la Biblioteca Escolar del CEIP Profesor Tierno Galv\u00e1n, la nueva bit\u00e1cora que servir\u00e1 para difundir recursos y tambi\u00e9n actividades desarrolladas en torno a este importante espacio.<!--more--><\/p>\n<p>Para empezar comenzaba facilitando el enlace del corto que hemos visto todos en el cole, Fantastic Fliyng Books Mr. Morris Lessmore<\/p>\n<p>Se completa con interesantes secciones. Una de ellas sobre el confinamiento con una completa Gu\u00eda para salir a la calle; Cuentos narrados (Valores) con enlace a la preciosa historia de \u2018El cazo de Lorenzo\u2019, Libros para leer online con varios t\u00edtulos ya incluidos (Lola Pimienta y el secuestrador de perros, El misterio de la casa del terror, La piedra de los mil colores).<\/p>\n<p>Tambi\u00e9n se pueden ver divertidos cuentos narrados por Ruth Galindo, bibliotecaria de H\u00edjar (Las Gabias), otro mont\u00f3n de libros para primeros lectores (en PDF), un apartado para las actividades relacionadas con el D\u00eda del libro en casa en el que se ha incorporado el v\u00eddeo editado con motivo de esta celebraci\u00f3n en el que se ve a muchos de nuestro alumnado y maestros disfrutando del acto de leer. El lema elegido para esta ocasi\u00f3n ha sido: \u00abSi quieres aventura, ap\u00fantate a la lectura\u00bb<\/p>\n<p>Para visitar el blog solo ten\u00e9is que pulsar en el siguiente enlace: <a href=\"https:\/\/bibliotecatierno.blogspot.com\/\" target=\"_blank\" rel=\"noopener noreferrer\">LA BIBLIOTECA DE MI COLE<\/a><\/p>\n<p><iframe loading=\"lazy\" width=\"500\" height=\"281\" src=\"https:\/\/www.youtube.com\/embed\/N_rrGePF_zM?feature=oembed&#038;wmode=opaque\" frameborder=\"0\" allowfullscreen><\/iframe><\/p>\n<p>Informaci\u00f3n sobre su uso, horarios, prestamos, etc&#8230;<\/p>\n<p><a title=\"Bibliotecas escolares\" href=\"http:\/\/www.juntadeandalucia.es\/educacion\/webportal\/web\/lecturas-y-bibliotecas-escolares\/bibliotecas-escolares\" target=\"_blank\" rel=\"noopener noreferrer\">Enlace al portal sobre las Bibliotecas Escolares.<\/a><\/p>\n","protected":false},"excerpt":{"rendered":"<p>\u00abEmpezamos en este nuevo Blog donde espero que todos y todas podamos participar\u00bb, de esta manera presenta Amalia, responsable de la Biblioteca Escolar del CEIP Profesor Tierno Galv\u00e1n, la nueva bit\u00e1cora que servir\u00e1 para&#46;&#46;&#46;<\/p>\n","protected":false},"author":1,"featured_media":2565,"parent":0,"menu_order":0,"comment_status":"open","ping_status":"open","template":"page-templates\/child-menu.php","meta":{"ngg_post_thumbnail":0,"footnotes":"","_mc_calendar":[]},"aioseo_notices":[],"_links":{"self":[{"href":"https:\/\/blogsaverroes.juntadeandalucia.es\/ceipptiernogalvangr\/wp-json\/wp\/v2\/pages\/113"}],"collection":[{"href":"https:\/\/blogsaverroes.juntadeandalucia.es\/ceipptiernogalvangr\/wp-json\/wp\/v2\/pages"}],"about":[{"href":"https:\/\/blogsaverroes.juntadeandalucia.es\/ceipptiernogalvangr\/wp-json\/wp\/v2\/types\/page"}],"author":[{"embeddable":true,"href":"https:\/\/blogsaverroes.juntadeandalucia.es\/ceipptiernogalvangr\/wp-json\/wp\/v2\/users\/1"}],"replies":[{"embeddable":true,"href":"https:\/\/blogsaverroes.juntadeandalucia.es\/ceipptiernogalvangr\/wp-json\/wp\/v2\/comments?post=113"}],"version-history":[{"count":8,"href":"https:\/\/blogsaverroes.juntadeandalucia.es\/ceipptiernogalvangr\/wp-json\/wp\/v2\/pages\/113\/revisions"}],"predecessor-version":[{"id":2578,"href":"https:\/\/blogsaverroes.juntadeandalucia.es\/ceipptiernogalvangr\/wp-json\/wp\/v2\/pages\/113\/revisions\/2578"}],"wp:featuredmedia":[{"embeddable":true,"href":"https:\/\/blogsaverroes.juntadeandalucia.es\/ceipptiernogalvangr\/wp-json\/wp\/v2\/media\/2565"}],"wp:attachment":[{"href":"https:\/\/blogsaverroes.juntadeandalucia.es\/ceipptiernogalvangr\/wp-json\/wp\/v2\/media?parent=113"}],"curies":[{"name":"wp","href":"https:\/\/api.w.org\/{rel}","templated":true}]}}

<p>«Empezamos en este nuevo Blog donde espero que todos y todas podamos participar», de esta manera presenta Amalia, responsable de la Biblioteca Escolar del CEIP Profesor Tierno Galván, la nueva bitácora que servirá para difundir recursos y también actividades desarrolladas en torno a este importante espacio.<!--more--></p>
<p>Para empezar comenzaba facilitando el enlace del corto que hemos visto todos en el cole, Fantastic Fliyng Books Mr. Morris Lessmore</p>
<p>Se completa con interesantes secciones. Una de ellas sobre el confinamiento con una completa Guía para salir a la calle; Cuentos narrados (Valores) con enlace a la preciosa historia de ‘El cazo de Lorenzo’, Libros para leer online con varios títulos ya incluidos (Lola Pimienta y el secuestrador de perros, El misterio de la casa del terror, La piedra de los mil colores).</p>
<p>También se pueden ver divertidos cuentos narrados por Ruth Galindo, bibliotecaria de Híjar (Las Gabias), otro montón de libros para primeros lectores (en PDF), un apartado para las actividades relacionadas con el Día del libro en casa en el que se ha incorporado el vídeo editado con motivo de esta celebración en el que se ve a muchos de nuestro alumnado y maestros disfrutando del acto de leer. El lema elegido para esta ocasión ha sido: «Si quieres aventura, apúntate a la lectura»</p>
<p>Para visitar el blog solo tenéis que pulsar en el siguiente enlace: <a href="https://bibliotecatierno.blogspot.com/" target="_blank" rel="noopener noreferrer">LA BIBLIOTECA DE MI COLE</a></p>
<p><iframe loading="lazy" width="500" height="281" src="https://www.youtube.com/embed/N_rrGePF_zM?feature=oembed&#038;wmode=opaque" frameborder="0" allowfullscreen></iframe></p>
<p>Información sobre su uso, horarios, prestamos, etc&#8230;</p>
<p><a title="Bibliotecas escolares" href="http://www.juntadeandalucia.es/educacion/webportal/web/lecturas-y-bibliotecas-escolares/bibliotecas-escolares" target="_blank" rel="noopener noreferrer">Enlace al portal sobre las Bibliotecas Escolares.</a></p>

<p>«Empezamos en este nuevo Blog donde espero que todos y todas podamos participar», de esta manera presenta Amalia, responsable de la Biblioteca Escolar del CEIP Profesor Tierno Galván, la nueva bitácora que servirá para&#46;&#46;&#46;</p>
