{"id":80,"date":"2015-03-16T06:57:36","date_gmt":"2015-03-16T06:57:36","guid":{"rendered":"http:\/\/blogsaverroes.juntadeandalucia.es\/pre\/ceip\/?page_id=80"},"modified":"2022-12-05T09:51:20","modified_gmt":"2022-12-05T09:51:20","slug":"curso-escolar","status":"publish","type":"page","link":"https:\/\/blogsaverroes.juntadeandalucia.es\/ceipptiernogalvangr\/curso-escolar\/","title":{"rendered":"CURSO ESCOLAR"},"content":{"rendered":"<p style=\"text-align: justify\">&nbsp;&nbsp;&nbsp;<\/p>\n<h1 style=\"text-align: center\"><span style=\"color: #ff0000\">CURSO ESCOLAR 2022-2023&nbsp;<\/span> &nbsp;<\/h1>\n<p>&nbsp; &nbsp; &nbsp;Comenzamos el curso 2022-2023, y parece ser, que vamos a estar un poco m\u00e1s relajados.<\/p>\n<p style=\"text-align: justify\">&nbsp;&nbsp;&nbsp;&nbsp; La situaci\u00f3n que venimos viviendo desde hace dos a\u00f1os&nbsp; parece estar m\u00e1s controlada, no ha desaparecido,&nbsp; por lo que&nbsp; debemos continuar <strong>con algunas medidas preventivas<\/strong> y estar muy atentos a cualquier cambio en la incidencia de contagios (nuestro \u00abcovid\u00bb vino para quedarse).<\/p>\n<p style=\"text-align: justify\">&nbsp; &nbsp; Contamos con VUESTRA COLABORACI\u00d3N como siempre, para que este nuevo curso se desarrolle con la mayor normalidad posible. Toda la Comunidad Educativa (profesorado, familias, alumnado e Instituciones)&nbsp; debemos asumir nuestra RESPONSABILIDAD para que esto sea as\u00ed.<\/p>\n<p style=\"text-align: justify\">&nbsp; &nbsp; &nbsp;Afrontamos el nuevo curso con <strong>compromiso, profesionalidad, trabajo e ilusi\u00f3n<\/strong>.<\/p>\n<h2 style=\"text-align: center\"><span style=\"color: #000080\">\u00a1LO PRIMERO, NUESTROS ALUMNOS Y ALUMNAS!<\/span><\/h2>\n<h1 style=\"text-align: center\"><span style=\"color: #ff0000\">CURSO ESCOLAR 2021-2022&nbsp;<\/span> &nbsp;<\/h1>\n<p>Ha llegado el momento de comenzar el nuevo curso 2021-2022.<\/p>\n<h3 style=\"text-align: center\">&nbsp;&nbsp;&nbsp;&nbsp; \u00a1Un nuevo curso que va a ser muy similar al curso anterior!<\/h3>\n<p style=\"text-align: justify\">&nbsp;&nbsp;&nbsp;&nbsp; La situaci\u00f3n que estamos viviendo sigue condicionando nuestro d\u00eda a d\u00eda, y aunque parece estar m\u00e1s controlada, no ha desaparecido por lo que&nbsp; debemos continuar <strong>con todas las medidas preventivas<\/strong> que establecimos el curso pasado.<\/p>\n<p style=\"text-align: justify\">&nbsp;&nbsp;&nbsp;&nbsp; Queremos que nuestra vuelta al cole siga siendo SEGURA para garantizar la PRESENCIALIDAD durante todo el periodo lectivo. Sabemos, <strong>porque nos lo hab\u00e9is demostrado<\/strong>, &nbsp;que contamos con VUESTRA COLABORACI\u00d3N. Toda la Comunidad Educativa (profesorado, familias, alumnado e Instituciones)&nbsp; debemos asumir nuestra RESPONSABILIDAD para que todo se desarrolle con la normalidad que la situaci\u00f3n nos permita.<\/p>\n<p style=\"text-align: justify\">&nbsp;&nbsp;&nbsp;&nbsp; Como siempre, desde el centro afrontamos el nuevo curso con <strong>compromiso, profesionalidad, trabajo e ilusi\u00f3n<\/strong>.<\/p>\n<h2 style=\"text-align: center\"><strong>\u00a1NUESTROS ALUMNOS Y ALUMNAS, SON LO PRIMERO!<\/strong><\/h2>\n<h1 style=\"text-align: justify\">&nbsp;<\/h1>\n<h1 style=\"text-align: center\"><span style=\"color: #ff0000\">CURSO ESCOLAR 2020-2021<\/span><\/h1>\n<p>&nbsp; &nbsp;Comenzamos un nuevo curso escolar, <strong>2020-2021<\/strong>, marcado por la incertidumbre y el temor a las consecuencias de la Pandemia que estamos viviendo. Para preparar nuestro centro, durante este verano se ha estado elaborando un Plan preventivo de actuaci\u00f3n.<\/p>\n<p>&nbsp; Este Plan de Contingencia ha sido elaborado por la Comisi\u00f3n Espec\u00edfica COVID-19, regulada por las Instrucciones 6 de julio de la Viceconsejer\u00eda de Educaci\u00f3n y Deporte relativas a la organizaci\u00f3n de los centros docentes para el curso escolar 2020\/2021, motivada por la crisis sanitaria del COVID-19,<strong>&nbsp;<\/strong>seg\u00fan modelo homologado facilitado por la Consejer\u00eda de Educaci\u00f3n y Deporte.<\/p>\n<p>&nbsp;&nbsp;&nbsp;&nbsp; Este documento incluye recomendaciones y directrices en relaci\u00f3n a las medidas de prevenci\u00f3n e higiene frente a la Covid-19 para las actividades e instalaciones del centro, durante el presente curso, las cuales podr\u00e1n ser actualizadas cuando los cambios de la situaci\u00f3n epidemiol\u00f3gica as\u00ed lo requieran.<\/p>\n<p>&nbsp;&nbsp;&nbsp;&nbsp; La adopci\u00f3n y seguimiento de las medidas contempladas tiene como objetivo contribuir a que docentes y personal del centro, alumnado y familias afronten esta apertura de los centros en el curso actual de forma segura y contribuya a reducir el riesgo de contagios, resultando fundamental la asunci\u00f3n individual y colectiva de responsabilidades.<\/p>\n<p style=\"text-align: justify\"><strong>&nbsp;&nbsp;&nbsp; <\/strong>El Objeto concreto de este documento es establecer una serie&nbsp; de medidas y recomendaciones de prevenci\u00f3n, protecci\u00f3n, vigilancia y promoci\u00f3n de la salud , cuyo prop\u00f3sito es eliminar y\/o reducir y limitar las posibilidades de transmisi\u00f3n del virus SARS-CoV-2.<\/p>\n<p style=\"text-align: justify\">&nbsp;&nbsp;&nbsp;&nbsp; Con el fin de crear entornos escolares seguros y saludables se establecen las siguientes&nbsp; medidas generales de prevenci\u00f3n, higiene y promoci\u00f3n de la salud:<\/p>\n<p style=\"text-align: justify\"><strong>1)&nbsp;&nbsp;&nbsp;&nbsp; Higiene frecuente de las manos con agua y jab\u00f3n o gel hidroalcoh\u00f3lico.<\/strong><\/p>\n<p style=\"text-align: justify\"><strong>2)&nbsp;&nbsp;&nbsp; Cubrirse la nariz y la boca con un pa\u00f1uelo al toser y estornudar, y desecharlo a un cubo de basura con bolsa interior. Si no se dispone de pa\u00f1uelo emplear la parte interna del codo para no contaminar las manos.<\/strong><\/p>\n<p style=\"text-align: justify\"><strong>3)&nbsp;&nbsp;&nbsp;&nbsp; No tocarse los ojos, la nariz o la boca, con las manos.<\/strong><\/p>\n<p style=\"text-align: justify\"><strong>4)&nbsp; Mantener distanciamiento f\u00edsico de 1,5 metros siempre que sea posible.<\/strong><\/p>\n<p style=\"text-align: justify\"><strong>5) Uso obligatorio de mascarillas homologadas a partir de 1\u00ba de Primaria y para el alumnado menor de 6 a\u00f1os siempre que se desplace por el centro fuera de su aula.<\/strong><\/p>\n","protected":false},"excerpt":{"rendered":"<p>&nbsp;&nbsp;&nbsp; CURSO ESCOLAR 2022-2023&nbsp; &nbsp; &nbsp; &nbsp; &nbsp;Comenzamos el curso 2022-2023, y parece ser, que vamos a estar un poco m\u00e1s relajados. &nbsp;&nbsp;&nbsp;&nbsp; La situaci\u00f3n que venimos viviendo desde hace dos a\u00f1os&nbsp; parece estar&#46;&#46;&#46;<\/p>\n","protected":false},"author":1,"featured_media":0,"parent":0,"menu_order":0,"comment_status":"open","ping_status":"open","template":"page-templates\/child-menu.php","meta":{"ngg_post_thumbnail":0,"footnotes":"","_mc_calendar":[]},"aioseo_notices":[],"_links":{"self":[{"href":"https:\/\/blogsaverroes.juntadeandalucia.es\/ceipptiernogalvangr\/wp-json\/wp\/v2\/pages\/80"}],"collection":[{"href":"https:\/\/blogsaverroes.juntadeandalucia.es\/ceipptiernogalvangr\/wp-json\/wp\/v2\/pages"}],"about":[{"href":"https:\/\/blogsaverroes.juntadeandalucia.es\/ceipptiernogalvangr\/wp-json\/wp\/v2\/types\/page"}],"author":[{"embeddable":true,"href":"https:\/\/blogsaverroes.juntadeandalucia.es\/ceipptiernogalvangr\/wp-json\/wp\/v2\/users\/1"}],"replies":[{"embeddable":true,"href":"https:\/\/blogsaverroes.juntadeandalucia.es\/ceipptiernogalvangr\/wp-json\/wp\/v2\/comments?post=80"}],"version-history":[{"count":6,"href":"https:\/\/blogsaverroes.juntadeandalucia.es\/ceipptiernogalvangr\/wp-json\/wp\/v2\/pages\/80\/revisions"}],"predecessor-version":[{"id":4230,"href":"https:\/\/blogsaverroes.juntadeandalucia.es\/ceipptiernogalvangr\/wp-json\/wp\/v2\/pages\/80\/revisions\/4230"}],"wp:attachment":[{"href":"https:\/\/blogsaverroes.juntadeandalucia.es\/ceipptiernogalvangr\/wp-json\/wp\/v2\/media?parent=80"}],"curies":[{"name":"wp","href":"https:\/\/api.w.org\/{rel}","templated":true}]}}

<p style="text-align: justify">&nbsp;&nbsp;&nbsp;</p>
<h1 style="text-align: center"><span style="color: #ff0000">CURSO ESCOLAR 2022-2023&nbsp;</span> &nbsp;</h1>
<p>&nbsp; &nbsp; &nbsp;Comenzamos el curso 2022-2023, y parece ser, que vamos a estar un poco más relajados.</p>
<p style="text-align: justify">&nbsp;&nbsp;&nbsp;&nbsp; La situación que venimos viviendo desde hace dos años&nbsp; parece estar más controlada, no ha desaparecido,&nbsp; por lo que&nbsp; debemos continuar <strong>con algunas medidas preventivas</strong> y estar muy atentos a cualquier cambio en la incidencia de contagios (nuestro «covid» vino para quedarse).</p>
<p style="text-align: justify">&nbsp; &nbsp; Contamos con VUESTRA COLABORACIÓN como siempre, para que este nuevo curso se desarrolle con la mayor normalidad posible. Toda la Comunidad Educativa (profesorado, familias, alumnado e Instituciones)&nbsp; debemos asumir nuestra RESPONSABILIDAD para que esto sea así.</p>
<p style="text-align: justify">&nbsp; &nbsp; &nbsp;Afrontamos el nuevo curso con <strong>compromiso, profesionalidad, trabajo e ilusión</strong>.</p>
<h2 style="text-align: center"><span style="color: #000080">¡LO PRIMERO, NUESTROS ALUMNOS Y ALUMNAS!</span></h2>
<h1 style="text-align: center"><span style="color: #ff0000">CURSO ESCOLAR 2021-2022&nbsp;</span> &nbsp;</h1>
<p>Ha llegado el momento de comenzar el nuevo curso 2021-2022.</p>
<h3 style="text-align: center">&nbsp;&nbsp;&nbsp;&nbsp; ¡Un nuevo curso que va a ser muy similar al curso anterior!</h3>
<p style="text-align: justify">&nbsp;&nbsp;&nbsp;&nbsp; La situación que estamos viviendo sigue condicionando nuestro día a día, y aunque parece estar más controlada, no ha desaparecido por lo que&nbsp; debemos continuar <strong>con todas las medidas preventivas</strong> que establecimos el curso pasado.</p>
<p style="text-align: justify">&nbsp;&nbsp;&nbsp;&nbsp; Queremos que nuestra vuelta al cole siga siendo SEGURA para garantizar la PRESENCIALIDAD durante todo el periodo lectivo. Sabemos, <strong>porque nos lo habéis demostrado</strong>, &nbsp;que contamos con VUESTRA COLABORACIÓN. Toda la Comunidad Educativa (profesorado, familias, alumnado e Instituciones)&nbsp; debemos asumir nuestra RESPONSABILIDAD para que todo se desarrolle con la normalidad que la situación nos permita.</p>
<p style="text-align: justify">&nbsp;&nbsp;&nbsp;&nbsp; Como siempre, desde el centro afrontamos el nuevo curso con <strong>compromiso, profesionalidad, trabajo e ilusión</strong>.</p>
<h2 style="text-align: center"><strong>¡NUESTROS ALUMNOS Y ALUMNAS, SON LO PRIMERO!</strong></h2>
<h1 style="text-align: justify">&nbsp;</h1>
<h1 style="text-align: center"><span style="color: #ff0000">CURSO ESCOLAR 2020-2021</span></h1>
<p>&nbsp; &nbsp;Comenzamos un nuevo curso escolar, <strong>2020-2021</strong>, marcado por la incertidumbre y el temor a las consecuencias de la Pandemia que estamos viviendo. Para preparar nuestro centro, durante este verano se ha estado elaborando un Plan preventivo de actuación.</p>
<p>&nbsp; Este Plan de Contingencia ha sido elaborado por la Comisión Específica COVID-19, regulada por las Instrucciones 6 de julio de la Viceconsejería de Educación y Deporte relativas a la organización de los centros docentes para el curso escolar 2020/2021, motivada por la crisis sanitaria del COVID-19,<strong>&nbsp;</strong>según modelo homologado facilitado por la Consejería de Educación y Deporte.</p>
<p>&nbsp;&nbsp;&nbsp;&nbsp; Este documento incluye recomendaciones y directrices en relación a las medidas de prevención e higiene frente a la Covid-19 para las actividades e instalaciones del centro, durante el presente curso, las cuales podrán ser actualizadas cuando los cambios de la situación epidemiológica así lo requieran.</p>
<p>&nbsp;&nbsp;&nbsp;&nbsp; La adopción y seguimiento de las medidas contempladas tiene como objetivo contribuir a que docentes y personal del centro, alumnado y familias afronten esta apertura de los centros en el curso actual de forma segura y contribuya a reducir el riesgo de contagios, resultando fundamental la asunción individual y colectiva de responsabilidades.</p>
<p style="text-align: justify"><strong>&nbsp;&nbsp;&nbsp; </strong>El Objeto concreto de este documento es establecer una serie&nbsp; de medidas y recomendaciones de prevención, protección, vigilancia y promoción de la salud , cuyo propósito es eliminar y/o reducir y limitar las posibilidades de transmisión del virus SARS-CoV-2.</p>
<p style="text-align: justify">&nbsp;&nbsp;&nbsp;&nbsp; Con el fin de crear entornos escolares seguros y saludables se establecen las siguientes&nbsp; medidas generales de prevención, higiene y promoción de la salud:</p>
<p style="text-align: justify"><strong>1)&nbsp;&nbsp;&nbsp;&nbsp; Higiene frecuente de las manos con agua y jabón o gel hidroalcohólico.</strong></p>
<p style="text-align: justify"><strong>2)&nbsp;&nbsp;&nbsp; Cubrirse la nariz y la boca con un pañuelo al toser y estornudar, y desecharlo a un cubo de basura con bolsa interior. Si no se dispone de pañuelo emplear la parte interna del codo para no contaminar las manos.</strong></p>
<p style="text-align: justify"><strong>3)&nbsp;&nbsp;&nbsp;&nbsp; No tocarse los ojos, la nariz o la boca, con las manos.</strong></p>
<p style="text-align: justify"><strong>4)&nbsp; Mantener distanciamiento físico de 1,5 metros siempre que sea posible.</strong></p>
<p style="text-align: justify"><strong>5) Uso obligatorio de mascarillas homologadas a partir de 1º de Primaria y para el alumnado menor de 6 años siempre que se desplace por el centro fuera de su aula.</strong></p>

<p>&nbsp;&nbsp;&nbsp; CURSO ESCOLAR 2022-2023&nbsp; &nbsp; &nbsp; &nbsp; &nbsp;Comenzamos el curso 2022-2023, y parece ser, que vamos a estar un poco más relajados. &nbsp;&nbsp;&nbsp;&nbsp; La situación que venimos viviendo desde hace dos años&nbsp; parece estar&#46;&#46;&#46;</p>
