{"id":82,"date":"2015-03-16T06:59:55","date_gmt":"2015-03-16T06:59:55","guid":{"rendered":"http:\/\/blogsaverroes.juntadeandalucia.es\/pre\/ceip\/?page_id=82"},"modified":"2021-03-16T12:20:36","modified_gmt":"2021-03-16T12:20:36","slug":"horarios","status":"publish","type":"page","link":"https:\/\/blogsaverroes.juntadeandalucia.es\/ceipptiernogalvangr\/horarios\/","title":{"rendered":"HORARIOS"},"content":{"rendered":"<p><img loading=\"lazy\" decoding=\"async\" class=\"wp-image-3164  aligncenter\" src=\"https:\/\/blogsaverroes.juntadeandalucia.es\/ceipptiernogalvangr\/files\/2021\/03\/RELOJ-1-293x300.jpg\" alt=\"\" width=\"254\" height=\"260\" srcset=\"https:\/\/blogsaverroes.juntadeandalucia.es\/ceipptiernogalvangr\/files\/2021\/03\/RELOJ-1-293x300.jpg 293w, https:\/\/blogsaverroes.juntadeandalucia.es\/ceipptiernogalvangr\/files\/2021\/03\/RELOJ-1-1000x1024.jpg 1000w, https:\/\/blogsaverroes.juntadeandalucia.es\/ceipptiernogalvangr\/files\/2021\/03\/RELOJ-1-768x787.jpg 768w, https:\/\/blogsaverroes.juntadeandalucia.es\/ceipptiernogalvangr\/files\/2021\/03\/RELOJ-1.jpg 1269w\" sizes=\"(max-width: 254px) 100vw, 254px\" \/><\/p>\n<h1 style=\"text-align: center\"><span style=\"color: #800000\"><strong>EL HORARIO DE NUESTRO CENTRO<\/strong><\/span><\/h1>\n<p>&nbsp; &nbsp; &nbsp;De acuerdo con el D<strong>ecreto 301\/2009, de 14 de julio<\/strong>, por el que se regula el calendario y la jornada escolar en los centros docentes, a excepci\u00f3n de los universitarios, el horario general de apertura del centro ser\u00e1:<\/p>\n<p><strong>Lunes de 7:30 a 19:30 horas.<\/strong><\/p>\n<p><strong>Martes a jueves de 7:30 a 18:00 horas<\/strong><\/p>\n<p><strong>Viernes de 7:30 a 16:00 horas.<\/strong><\/p>\n<p>Este horario se desglosa de la siguiente manera:<\/p>\n<ul>\n<li><strong><span style=\"color: #800000\">Aula Matinal<\/span><\/strong> de 7:30 a 9:00 horas.<\/li>\n<li><strong><span style=\"color: #0000ff\">Jornada lectiva<\/span><\/strong> del alumnado de 9:00 a 14:00 horas (cinco ma\u00f1anas sin tarde)<\/li>\n<li><span style=\"color: #003300\"><strong>Comedor<\/strong><\/span> escolar de 14:00 a 16:00 horas.<\/li>\n<li>Programas de <strong><span style=\"color: #800080\">apoyo escolar y actividades extraescolares<\/span><\/strong>, de lunes a jueves, de 16:00 a 18:00 horas.<\/li>\n<li>A disposici\u00f3n de la Comunidad Educativa, previa solicitud y aceptaci\u00f3n de las condiciones establecidas en el proyecto de gesti\u00f3n, de lunes a jueves, de 16:00 a 19:30 horas. <strong><br \/>\n<\/strong><\/li>\n<\/ul>\n","protected":false},"excerpt":{"rendered":"<p>EL HORARIO DE NUESTRO CENTRO &nbsp; &nbsp; &nbsp;De acuerdo con el Decreto 301\/2009, de 14 de julio, por el que se regula el calendario y la jornada escolar en los centros docentes, a excepci\u00f3n&#46;&#46;&#46;<\/p>\n","protected":false},"author":1,"featured_media":0,"parent":0,"menu_order":0,"comment_status":"open","ping_status":"open","template":"page-templates\/child-menu.php","meta":{"ngg_post_thumbnail":0,"footnotes":"","_mc_calendar":[]},"aioseo_notices":[],"_links":{"self":[{"href":"https:\/\/blogsaverroes.juntadeandalucia.es\/ceipptiernogalvangr\/wp-json\/wp\/v2\/pages\/82"}],"collection":[{"href":"https:\/\/blogsaverroes.juntadeandalucia.es\/ceipptiernogalvangr\/wp-json\/wp\/v2\/pages"}],"about":[{"href":"https:\/\/blogsaverroes.juntadeandalucia.es\/ceipptiernogalvangr\/wp-json\/wp\/v2\/types\/page"}],"author":[{"embeddable":true,"href":"https:\/\/blogsaverroes.juntadeandalucia.es\/ceipptiernogalvangr\/wp-json\/wp\/v2\/users\/1"}],"replies":[{"embeddable":true,"href":"https:\/\/blogsaverroes.juntadeandalucia.es\/ceipptiernogalvangr\/wp-json\/wp\/v2\/comments?post=82"}],"version-history":[{"count":6,"href":"https:\/\/blogsaverroes.juntadeandalucia.es\/ceipptiernogalvangr\/wp-json\/wp\/v2\/pages\/82\/revisions"}],"predecessor-version":[{"id":3171,"href":"https:\/\/blogsaverroes.juntadeandalucia.es\/ceipptiernogalvangr\/wp-json\/wp\/v2\/pages\/82\/revisions\/3171"}],"wp:attachment":[{"href":"https:\/\/blogsaverroes.juntadeandalucia.es\/ceipptiernogalvangr\/wp-json\/wp\/v2\/media?parent=82"}],"curies":[{"name":"wp","href":"https:\/\/api.w.org\/{rel}","templated":true}]}}

<p><img loading="lazy" decoding="async" class="wp-image-3164  aligncenter" src="https://blogsaverroes.juntadeandalucia.es/ceipptiernogalvangr/files/2021/03/RELOJ-1-293x300.jpg" alt="" width="254" height="260" srcset="https://blogsaverroes.juntadeandalucia.es/ceipptiernogalvangr/files/2021/03/RELOJ-1-293x300.jpg 293w, https://blogsaverroes.juntadeandalucia.es/ceipptiernogalvangr/files/2021/03/RELOJ-1-1000x1024.jpg 1000w, https://blogsaverroes.juntadeandalucia.es/ceipptiernogalvangr/files/2021/03/RELOJ-1-768x787.jpg 768w, https://blogsaverroes.juntadeandalucia.es/ceipptiernogalvangr/files/2021/03/RELOJ-1.jpg 1269w" sizes="(max-width: 254px) 100vw, 254px" /></p>
<h1 style="text-align: center"><span style="color: #800000"><strong>EL HORARIO DE NUESTRO CENTRO</strong></span></h1>
<p>&nbsp; &nbsp; &nbsp;De acuerdo con el D<strong>ecreto 301/2009, de 14 de julio</strong>, por el que se regula el calendario y la jornada escolar en los centros docentes, a excepción de los universitarios, el horario general de apertura del centro será:</p>
<p><strong>Lunes de 7:30 a 19:30 horas.</strong></p>
<p><strong>Martes a jueves de 7:30 a 18:00 horas</strong></p>
<p><strong>Viernes de 7:30 a 16:00 horas.</strong></p>
<p>Este horario se desglosa de la siguiente manera:</p>
<ul>
<li><strong><span style="color: #800000">Aula Matinal</span></strong> de 7:30 a 9:00 horas.</li>
<li><strong><span style="color: #0000ff">Jornada lectiva</span></strong> del alumnado de 9:00 a 14:00 horas (cinco mañanas sin tarde)</li>
<li><span style="color: #003300"><strong>Comedor</strong></span> escolar de 14:00 a 16:00 horas.</li>
<li>Programas de <strong><span style="color: #800080">apoyo escolar y actividades extraescolares</span></strong>, de lunes a jueves, de 16:00 a 18:00 horas.</li>
<li>A disposición de la Comunidad Educativa, previa solicitud y aceptación de las condiciones establecidas en el proyecto de gestión, de lunes a jueves, de 16:00 a 19:30 horas. <strong><br />
</strong></li>
</ul>

<p>EL HORARIO DE NUESTRO CENTRO &nbsp; &nbsp; &nbsp;De acuerdo con el Decreto 301/2009, de 14 de julio, por el que se regula el calendario y la jornada escolar en los centros docentes, a excepción&#46;&#46;&#46;</p>
