{"id":99,"date":"2015-03-16T07:22:54","date_gmt":"2015-03-16T07:22:54","guid":{"rendered":"http:\/\/blogsaverroes.juntadeandalucia.es\/pre\/ceip\/?page_id=99"},"modified":"2021-09-10T10:20:03","modified_gmt":"2021-09-10T10:20:03","slug":"comedor-escolar","status":"publish","type":"page","link":"https:\/\/blogsaverroes.juntadeandalucia.es\/ceipptiernogalvangr\/comedor-escolar\/","title":{"rendered":"COMEDOR ESCOLAR"},"content":{"rendered":"<h2 style=\"text-align: center\"><span style=\"color: #ff0000\">SERVICIO DE COMEDOR ESCOLAR<\/span><\/h2>\n<p style=\"text-align: left\">&nbsp; &nbsp; Los comedores escolares son un servicio complementario que resulta de gran utilidad a padres y madres para ayudarles a conciliar la vida laboral y familiar. Tienen una duraci\u00f3n de hasta dos horas desde que acaba la jornada escolar de la ma\u00f1ana, es decir, de 14.00 a 16.00 horas.<\/p>\n<p style=\"text-align: left\">&nbsp; &nbsp; Los comedores son adem\u00e1s una pieza importante en todas las medidas dirigidas a mejorar los h\u00e1bitos alimenticios de los ni\u00f1os y ni\u00f1as y prevenir problemas de salud como la obesidad.<\/p>\n<p style=\"text-align: left\">&nbsp; &nbsp; &nbsp;Los comedores escolares de los centros p\u00fablicos andaluces promueven una alimentaci\u00f3n saludable que est\u00e1 supervisada por nutricionistas y que, entre otros aspectos, se caracteriza por:<br \/>\n<img loading=\"lazy\" decoding=\"async\" class=\" wp-image-2830 alignleft\" src=\"https:\/\/blogsaverroes.juntadeandalucia.es\/ceipptiernogalvangr\/files\/2020\/11\/comedor-265x300.jpg\" alt=\"\" width=\"136\" height=\"154\" srcset=\"https:\/\/blogsaverroes.juntadeandalucia.es\/ceipptiernogalvangr\/files\/2020\/11\/comedor-265x300.jpg 265w, https:\/\/blogsaverroes.juntadeandalucia.es\/ceipptiernogalvangr\/files\/2020\/11\/comedor-21x24.jpg 21w, https:\/\/blogsaverroes.juntadeandalucia.es\/ceipptiernogalvangr\/files\/2020\/11\/comedor-32x36.jpg 32w, https:\/\/blogsaverroes.juntadeandalucia.es\/ceipptiernogalvangr\/files\/2020\/11\/comedor-42x48.jpg 42w, https:\/\/blogsaverroes.juntadeandalucia.es\/ceipptiernogalvangr\/files\/2020\/11\/comedor.jpg 300w\" sizes=\"(max-width: 136px) 100vw, 136px\" \/><\/p>\n<ul style=\"list-style-type: disc\">\n<li style=\"text-align: left\">Una mayor proporci\u00f3n de verdura en los men\u00fas<\/li>\n<li style=\"text-align: left\">Fruta fresca como postre al menos cuatro d\u00edas a la semana<\/li>\n<li style=\"text-align: left\">Uso de aceite de oliva virgen extra<\/li>\n<li style=\"text-align: left\">M\u00e1s pescado que carne, que debe ser magra<\/li>\n<li style=\"text-align: left\">Prohibici\u00f3n de los alimentos precocinados y limitaci\u00f3n de los fritos<\/li>\n<li style=\"text-align: left\">Apuesta por la dieta mediterr\u00e1nea y los productos ecol\u00f3gicos.<\/li>\n<\/ul>\n<p>&nbsp; &nbsp; &nbsp; &nbsp;A partir del 1 de diciembre de 2020, la empresa adjudicataria del servicio de comedor escolar ser\u00e1 COMERTEL del Grupo ARAMARK. Publicamos la carta de presentaci\u00f3n de la&nbsp; nueva empresa, donde est\u00e1n recogidas las nuevas condiciones del servicio de comedor, la forma de justificar las ausencias, el proceso para darse de baja del servicio, \u2026<\/p>\n<p><a title=\"CARTA DE PRESENTACI\u00d3N\" href=\"https:\/\/drive.google.com\/file\/d\/1-iTj9YMwgRNICnEGwAhHCAWG80tu1lWU\/view?usp=sharing\" target=\"_blank\" rel=\"noopener noreferrer\"><strong>CARTA DE PRESENTACI\u00d3N PARA LAS FAMILIAS<\/strong><\/a><\/p>\n<p style=\"text-align: left\">&nbsp;<\/p>\n<h2 style=\"text-align: center\"><span style=\"color: #ff0000\"><strong>NORMATIVA<\/strong><\/span><\/h2>\n<h2 style=\"text-align: center\"><span style=\"color: #ff0000\"><strong>MEN\u00daS CURSO 21-22<\/strong><\/span><\/h2>\n<h4><span style=\"color: #000080\">MES DE SEPTIEMBRE 2021<\/span><\/h4>\n<p style=\"text-align: center\">[googleapps domain=\u00bbdrive\u00bb dir=\u00bbfile\/d\/1x8u2lEAUsEuF6MG0g26rx4xtBzBnxQeS\/preview\u00bb query=\u00bb\u00bb width=\u00bb640&#8243; height=\u00bb480&#8243; \/]<\/p>\n","protected":false},"excerpt":{"rendered":"<p>SERVICIO DE COMEDOR ESCOLAR &nbsp; &nbsp; Los comedores escolares son un servicio complementario que resulta de gran utilidad a padres y madres para ayudarles a conciliar la vida laboral y familiar. Tienen una duraci\u00f3n&#46;&#46;&#46;<\/p>\n","protected":false},"author":1,"featured_media":0,"parent":0,"menu_order":0,"comment_status":"open","ping_status":"open","template":"page-templates\/child-menu.php","meta":{"ngg_post_thumbnail":0,"footnotes":"","_mc_calendar":[]},"aioseo_notices":[],"_links":{"self":[{"href":"https:\/\/blogsaverroes.juntadeandalucia.es\/ceipptiernogalvangr\/wp-json\/wp\/v2\/pages\/99"}],"collection":[{"href":"https:\/\/blogsaverroes.juntadeandalucia.es\/ceipptiernogalvangr\/wp-json\/wp\/v2\/pages"}],"about":[{"href":"https:\/\/blogsaverroes.juntadeandalucia.es\/ceipptiernogalvangr\/wp-json\/wp\/v2\/types\/page"}],"author":[{"embeddable":true,"href":"https:\/\/blogsaverroes.juntadeandalucia.es\/ceipptiernogalvangr\/wp-json\/wp\/v2\/users\/1"}],"replies":[{"embeddable":true,"href":"https:\/\/blogsaverroes.juntadeandalucia.es\/ceipptiernogalvangr\/wp-json\/wp\/v2\/comments?post=99"}],"version-history":[{"count":11,"href":"https:\/\/blogsaverroes.juntadeandalucia.es\/ceipptiernogalvangr\/wp-json\/wp\/v2\/pages\/99\/revisions"}],"predecessor-version":[{"id":3490,"href":"https:\/\/blogsaverroes.juntadeandalucia.es\/ceipptiernogalvangr\/wp-json\/wp\/v2\/pages\/99\/revisions\/3490"}],"wp:attachment":[{"href":"https:\/\/blogsaverroes.juntadeandalucia.es\/ceipptiernogalvangr\/wp-json\/wp\/v2\/media?parent=99"}],"curies":[{"name":"wp","href":"https:\/\/api.w.org\/{rel}","templated":true}]}}