{"id":2948,"date":"2021-05-21T19:30:24","date_gmt":"2021-05-21T17:30:24","guid":{"rendered":"https:\/\/blogsaverroes.juntadeandalucia.es\/ceippuertadealcala\/?page_id=2948"},"modified":"2025-09-16T16:55:46","modified_gmt":"2025-09-16T14:55:46","slug":"nuestro-equipo","status":"publish","type":"page","link":"https:\/\/blogsaverroes.juntadeandalucia.es\/ceippuertadealcala\/nuestro-equipo\/","title":{"rendered":"NUESTRO EQUIPO"},"content":{"rendered":"<h1><a href=\"https:\/\/blogsaverroes.juntadeandalucia.es\/ceippuertadealcala\/files\/2025\/09\/Curso-25-26.jpg\"><img fetchpriority=\"high\" decoding=\"async\" class=\"aligncenter size-full wp-image-4385\" src=\"https:\/\/blogsaverroes.juntadeandalucia.es\/ceippuertadealcala\/files\/2025\/09\/Curso-25-26.jpg\" alt=\"\" width=\"1080\" height=\"1080\" srcset=\"https:\/\/blogsaverroes.juntadeandalucia.es\/ceippuertadealcala\/files\/2025\/09\/Curso-25-26.jpg 1080w, https:\/\/blogsaverroes.juntadeandalucia.es\/ceippuertadealcala\/files\/2025\/09\/Curso-25-26-300x300.jpg 300w, https:\/\/blogsaverroes.juntadeandalucia.es\/ceippuertadealcala\/files\/2025\/09\/Curso-25-26-1024x1024.jpg 1024w, https:\/\/blogsaverroes.juntadeandalucia.es\/ceippuertadealcala\/files\/2025\/09\/Curso-25-26-150x150.jpg 150w, https:\/\/blogsaverroes.juntadeandalucia.es\/ceippuertadealcala\/files\/2025\/09\/Curso-25-26-768x768.jpg 768w, https:\/\/blogsaverroes.juntadeandalucia.es\/ceippuertadealcala\/files\/2025\/09\/Curso-25-26-100x100.jpg 100w\" sizes=\"(max-width: 767px) 89vw, (max-width: 1000px) 54vw, (max-width: 1071px) 543px, 580px\" \/><\/a><\/h1>\n<h1><strong><span style=\"color: #3366ff\">NUESTRO EQUIPO DIRECTIVO<\/span><\/strong><\/h1>\n<p><strong>DIRECCI\u00d3N:<\/strong>&nbsp;Raquel Loqui\u00f1o Pacheco<\/p>\n<p><strong>JEFATURA:<\/strong>&nbsp;Ana Rosa Moreno Cervilla<\/p>\n<p><b>SECRETAR\u00cdA:&nbsp;<\/b>Teresa M\u00aa Rela\u00f1o Gallardo<\/p>\n<p>&nbsp;<\/p>\n<h1><strong><span style=\"color: #3366ff\"> <span style=\"color: #339966\">NU<\/span><\/span><span style=\"color: #339966\">ESTRO CLAUSTRO&nbsp;<\/span> &nbsp;<\/strong> &nbsp;<\/h1>\n<h2><strong><span style=\"color: #ff6600\">EQUIPO DE INFANTIL&nbsp;<\/span> &nbsp;<\/strong> &nbsp; &nbsp; &nbsp; &nbsp; &nbsp; &nbsp; &nbsp; &nbsp; &nbsp; &nbsp; &nbsp; &nbsp;<\/h2>\n<p><strong>TUTOR 3 A\u00d1OS:<\/strong> Mercedes S\u00e1nchez Fern\u00e1ndez<\/p>\n<p><strong>TUTORA 4 A\u00d1OS:<\/strong>&nbsp; Manuel Carmona Gonz\u00e1lez<\/p>\n<p><strong>TUTORA 5 A\u00d1OS :<\/strong> Sheila Canca Obispo<\/p>\n<h2><strong><span style=\"color: #ff6600\">EQUIPO DE PRIMARIA&nbsp;<\/span> <\/strong>&nbsp; &nbsp; &nbsp; &nbsp; &nbsp; &nbsp; &nbsp; &nbsp; &nbsp; &nbsp; &nbsp; &nbsp; &nbsp; &nbsp; &nbsp;&nbsp;<\/h2>\n<p>&nbsp;<strong>TUTORA 1\u00ba A: <\/strong> <span style=\"font-size: 1rem\">M\u00aa del \u00c1guila Rodr\u00edguez Ben\u00edtez&nbsp; &nbsp; &nbsp; &nbsp;<\/span><\/p>\n<p><strong>TUTORAS 2\u00ba A: <\/strong><span style=\"font-size: 1rem\">M\u00aa Rosario L\u00e9rida Rodr\u00edguez<\/span><\/p>\n<p><strong>TURORAS 3\u00ba: <\/strong><span style=\"font-size: 1rem\">Alborada Araujo Gil y T<\/span><span style=\"font-size: 1rem\">eresa M\u00aa Rela\u00f1o Gallardo<\/span><\/p>\n<p><strong>TUTORAS 4\u00ba: <\/strong><span style=\"font-size: 1rem\">M\u00aa Luisa Espinosa Mart\u00edn y<\/span><span style=\"font-size: 1rem\">Tamara Del R\u00edo Mu\u00f1oz<\/span><\/p>\n<p><strong>TUTORA 5\u00ba: <\/strong><span style=\"font-size: 1rem\">&nbsp;I<\/span><span style=\"font-size: 1rem\">nmaculada Utrilla Sierra y&nbsp;Ar\u00e1nzazu Ponce Cepas&nbsp; <\/span><\/p>\n<p><strong>TUTORAS 6\u00ba: <\/strong><span style=\"font-size: 1rem\">&nbsp;Ana Rosa Moreno Cervilla y M\u00aa Dolores Mora Fern\u00e1ndez<\/span><\/p>\n<p><strong>C.A.R. PRIMARIA:&nbsp;<\/strong>Yanira Cardoso Bonilla<\/p>\n<h2><strong><span style=\"color: #ff6600\">ESPECIALIDADES<\/span><\/strong><\/h2>\n<p><strong>INGL\u00c9S: <\/strong>Gema Jurado Mar\u00edn y Ar\u00e1nzazu Ponce Cepas<\/p>\n<p><strong>FRANC\u00c9S:&nbsp;<\/strong>M\u00aa Dolores Mora Fern\u00e1ndez<\/p>\n<p><strong>M\u00daSICA:&nbsp;<\/strong>Tamara Del R\u00edo Mu\u00f1oz<\/p>\n<p><strong>EDUCACI\u00d3N F\u00cdSICA:&nbsp;<\/strong>Inmaculada Utrilla Sierra y Cristina Fern\u00e1ndez Garc\u00eda<\/p>\n<p><strong>PEDAGOG\u00cdA TERAP\u00c9UTICA:&nbsp;<\/strong>Francisco Javier Yuste P\u00e9rez<\/p>\n<p><strong>AUDICI\u00d3N Y LENGUAJE:&nbsp;<\/strong>Esther Reina de Besa<\/p>\n<p><strong>RELIGION: <\/strong>Aurora Uribe Mart\u00ednez<\/p>\n<h2><strong><span style=\"color: #ff6600\">PERSONAL DE ADMINISTRACI\u00d3N Y SERVICIOS (P.A.S.)<\/span><\/strong><\/h2>\n<p><strong>MONITORA: <\/strong>Jacinta Lobato Moreno<\/p>\n<p><strong>CONSERJE:&nbsp;<\/strong>Jes\u00fas Rubio \u00c1lvarez<\/p>\n<p><strong>P.E.T.I.:&nbsp;<\/strong>Mar\u00eda Dom\u00ednguez L\u00f3pez<\/p>\n<p>&nbsp;<\/p>\n<p>&nbsp;<\/p>\n<p><strong>&nbsp; &nbsp; &nbsp; &nbsp; &nbsp; &nbsp; &nbsp; &nbsp; &nbsp; &nbsp; &nbsp; &nbsp; &nbsp;&nbsp;<\/strong><\/p>\n<p>&nbsp; &nbsp; &nbsp; &nbsp; &nbsp; &nbsp; &nbsp; &nbsp; &nbsp; &nbsp; &nbsp; &nbsp; &nbsp; &nbsp; &nbsp; &nbsp; &nbsp; &nbsp; &nbsp; &nbsp; &nbsp; &nbsp; &nbsp; &nbsp; &nbsp; &nbsp; &nbsp; &nbsp; &nbsp; &nbsp; &nbsp; &nbsp; &nbsp; &nbsp; &nbsp; &nbsp; &nbsp; &nbsp; &nbsp; &nbsp; &nbsp; &nbsp; &nbsp; &nbsp; &nbsp; &nbsp; &nbsp; &nbsp; &nbsp; &nbsp; &nbsp; &nbsp; &nbsp; &nbsp; &nbsp; &nbsp; &nbsp; &nbsp; &nbsp; &nbsp; &nbsp; &nbsp; &nbsp;<\/p>\n<p>&nbsp;<\/p>\n","protected":false},"excerpt":{"rendered":"<p>NUESTRO EQUIPO DIRECTIVO DIRECCI\u00d3N:&nbsp;Raquel Loqui\u00f1o Pacheco JEFATURA:&nbsp;Ana Rosa Moreno Cervilla SECRETAR\u00cdA:&nbsp;Teresa M\u00aa Rela\u00f1o Gallardo &nbsp; NUESTRO CLAUSTRO&nbsp; &nbsp; &nbsp; EQUIPO DE INFANTIL&nbsp; &nbsp; &nbsp; &nbsp; &nbsp; &nbsp; &nbsp; &nbsp; &nbsp; &nbsp; &nbsp; &nbsp; &nbsp; &nbsp; TUTOR 3 A\u00d1OS: Mercedes S\u00e1nchez Fern\u00e1ndez TUTORA 4 A\u00d1OS:&nbsp; Manuel Carmona Gonz\u00e1lez TUTORA 5 A\u00d1OS : Sheila Canca Obispo EQUIPO &hellip; <\/p>\n<p class=\"link-more\"><a href=\"https:\/\/blogsaverroes.juntadeandalucia.es\/ceippuertadealcala\/nuestro-equipo\/\" class=\"more-link\">Continuar leyendo<span class=\"screen-reader-text\"> \u00abNUESTRO EQUIPO\u00bb<\/span><\/a><\/p>\n","protected":false},"author":10628,"featured_media":0,"parent":0,"menu_order":0,"comment_status":"closed","ping_status":"closed","template":"","meta":{"ngg_post_thumbnail":0,"footnotes":"","_mc_calendar":[]},"aioseo_notices":[],"_links":{"self":[{"href":"https:\/\/blogsaverroes.juntadeandalucia.es\/ceippuertadealcala\/wp-json\/wp\/v2\/pages\/2948"}],"collection":[{"href":"https:\/\/blogsaverroes.juntadeandalucia.es\/ceippuertadealcala\/wp-json\/wp\/v2\/pages"}],"about":[{"href":"https:\/\/blogsaverroes.juntadeandalucia.es\/ceippuertadealcala\/wp-json\/wp\/v2\/types\/page"}],"author":[{"embeddable":true,"href":"https:\/\/blogsaverroes.juntadeandalucia.es\/ceippuertadealcala\/wp-json\/wp\/v2\/users\/10628"}],"replies":[{"embeddable":true,"href":"https:\/\/blogsaverroes.juntadeandalucia.es\/ceippuertadealcala\/wp-json\/wp\/v2\/comments?post=2948"}],"version-history":[{"count":33,"href":"https:\/\/blogsaverroes.juntadeandalucia.es\/ceippuertadealcala\/wp-json\/wp\/v2\/pages\/2948\/revisions"}],"predecessor-version":[{"id":4386,"href":"https:\/\/blogsaverroes.juntadeandalucia.es\/ceippuertadealcala\/wp-json\/wp\/v2\/pages\/2948\/revisions\/4386"}],"wp:attachment":[{"href":"https:\/\/blogsaverroes.juntadeandalucia.es\/ceippuertadealcala\/wp-json\/wp\/v2\/media?parent=2948"}],"curies":[{"name":"wp","href":"https:\/\/api.w.org\/{rel}","templated":true}]}}