{"id":3075,"date":"2021-06-10T17:11:39","date_gmt":"2021-06-10T15:11:39","guid":{"rendered":"https:\/\/blogsaverroes.juntadeandalucia.es\/ceippuertadealcala\/?page_id=3075"},"modified":"2022-12-07T10:29:30","modified_gmt":"2022-12-07T09:29:30","slug":"direccion-y-horario","status":"publish","type":"page","link":"https:\/\/blogsaverroes.juntadeandalucia.es\/ceippuertadealcala\/direccion-y-horario\/","title":{"rendered":"Direcci\u00f3n y horario"},"content":{"rendered":"<h2 style=\"text-align: center\"><span style=\"color: #00ccff\">Datos del centro<\/span><\/h2>\n<h6 style=\"text-align: center\"><span style=\"color: #00ccff\">CEIP PUERTA DE ALCAL\u00c1<\/span><\/h6>\n<p><strong>Direcci\u00f3n:<span style=\"color: #808080\">&nbsp;<\/span><span style=\"color: #808080\">Avda. Escultora La Roldana, s\/n. 41500 Alcal\u00e1 de Guada\u00edra (Sevilla)<\/span><\/strong><\/p>\n<p><strong>Tel\u00e9fono:<span style=\"color: #808080\">&nbsp;<\/span><span style=\"color: #808080\">955 624 512<\/span><\/strong><\/p>\n<p><strong>Tel\u00e9fono Secretar\u00eda\/Jefatura:&nbsp;<span style=\"color: #808080\">647 755 565<\/span><\/strong><\/p>\n<p><strong>Fax: <span style=\"color: #808080\">955 624 773<\/span><\/strong><\/p>\n<p><strong>E-mail:<\/strong> <strong><span style=\"color: #808080\">&nbsp;41011403.edu@juntadeandalucia.es<\/span><\/strong><\/p>\n<p><strong>Web: <span style=\"color: #808080\"><a href=\"http:\/\/blogsaverroes.juntadeandalucia.es\/ceippuertadealcala\/\">blogsaverroes.juntadeandalucia.es\/ceippuertadealcala\/<\/a><\/span><\/strong><\/p>\n<p><strong>E-mail A.M.P.A.:&nbsp;<a href=\"ampapuertalcala1@gmail.com\"><span style=\"color: #808080\">ampapuertalcala1@gmail.co<\/span><\/a><span style=\"color: #808080\">m<\/span><\/strong><\/p>\n<p>&nbsp;<\/p>\n<div class=\"themify_builder_row module_row tb_s1e4180 clearfix\">\n<div class=\"row_inner col_align_top tf_box tf_w tf_rel\">\n<div class=\"module_column tb-column col-full tb_rceo181 tf_box last\">\n<div class=\"tb-column-inner tf_box tf_w\">\n<div class=\"module module-text tb_ve7l985\">\n<div class=\"tb_text_wrap\">\n<h1 style=\"text-align: center\"><span style=\"color: #008000\">HORARIOS<\/span><\/h1>\n<\/div>\n<\/div>\n<\/div>\n<\/div>\n<\/div>\n<\/div>\n<div class=\"themify_builder_row module_row tb_92zk530 clearfix\">\n<div class=\"row_inner col_align_top tf_box tf_w tf_rel\">\n<div class=\"module_column tb-column col2-1 first tb_nvju530 tf_box\">\n<div class=\"tb-column-inner tf_box tf_w\">\n<div class=\"module module-text tb_wwvd531\">\n<div class=\"tb_text_wrap\">\n<ul>\n<li><strong>Direcci\u00f3n:&nbsp;<\/strong>martes, mi\u00e9rcoles y jueves de 9&#8217;00 a 10&#8217;00 . Lunes de 10&#8217;30 a 11&#8217;00<\/li>\n<li><strong>Jefatura de estudios:&nbsp;<\/strong>viernes de 9&#8217;00 a 10&#8217;30<\/li>\n<li><strong>Secretar\u00eda:&nbsp;<\/strong>de lunes de 9&#8217;00 a 10&#8217;00<\/li>\n<li><strong>Horario Lectivo:&nbsp;<\/strong>de 9:00 a 14:00.<\/li>\n<li><strong>Aula Matinal<\/strong>: de 7:30 a 9:00<\/li>\n<li><strong>Comedor Escolar:&nbsp;<\/strong>de 14:00 a 16:00.<\/li>\n<li><strong>Actividades Extraescolares:&nbsp;<\/strong>de lunes a jueves de 16:00 a 18:00.<\/li>\n<li><strong>Escuelas Deportivas:&nbsp;<\/strong>de lunes a jueves de 16.00 a 18.00.<\/li>\n<\/ul>\n<\/div>\n<\/div>\n<\/div>\n<\/div>\n<div class=\"module_column tb-column col2-1 last tb_00u0531 tf_box\">\n<div class=\"tb-column-inner tf_box tf_w\">\n<div class=\"module module-text tb_jrn8531\">\n<div class=\"tb_text_wrap\">&nbsp;<\/div>\n<\/div>\n<\/div>\n<\/div>\n<\/div>\n<\/div>\n","protected":false},"excerpt":{"rendered":"<p>Datos del centro CEIP PUERTA DE ALCAL\u00c1 Direcci\u00f3n:&nbsp;Avda. Escultora La Roldana, s\/n. 41500 Alcal\u00e1 de Guada\u00edra (Sevilla) Tel\u00e9fono:&nbsp;955 624 512 Tel\u00e9fono Secretar\u00eda\/Jefatura:&nbsp;647 755 565 Fax: 955 624 773 E-mail: &nbsp;41011403.edu@juntadeandalucia.es Web: blogsaverroes.juntadeandalucia.es\/ceippuertadealcala\/ E-mail A.M.P.A.:&nbsp;ampapuertalcala1@gmail.com &nbsp; HORARIOS Direcci\u00f3n:&nbsp;martes, mi\u00e9rcoles y jueves de 9&#8217;00 a 10&#8217;00 . Lunes de 10&#8217;30 a 11&#8217;00 Jefatura de estudios:&nbsp;viernes de 9&#8217;00 &hellip; <\/p>\n<p class=\"link-more\"><a href=\"https:\/\/blogsaverroes.juntadeandalucia.es\/ceippuertadealcala\/direccion-y-horario\/\" class=\"more-link\">Continuar leyendo<span class=\"screen-reader-text\"> \u00abDirecci\u00f3n y horario\u00bb<\/span><\/a><\/p>\n","protected":false},"author":10628,"featured_media":0,"parent":0,"menu_order":0,"comment_status":"closed","ping_status":"closed","template":"","meta":{"ngg_post_thumbnail":0,"footnotes":"","_mc_calendar":[]},"aioseo_notices":[],"_links":{"self":[{"href":"https:\/\/blogsaverroes.juntadeandalucia.es\/ceippuertadealcala\/wp-json\/wp\/v2\/pages\/3075"}],"collection":[{"href":"https:\/\/blogsaverroes.juntadeandalucia.es\/ceippuertadealcala\/wp-json\/wp\/v2\/pages"}],"about":[{"href":"https:\/\/blogsaverroes.juntadeandalucia.es\/ceippuertadealcala\/wp-json\/wp\/v2\/types\/page"}],"author":[{"embeddable":true,"href":"https:\/\/blogsaverroes.juntadeandalucia.es\/ceippuertadealcala\/wp-json\/wp\/v2\/users\/10628"}],"replies":[{"embeddable":true,"href":"https:\/\/blogsaverroes.juntadeandalucia.es\/ceippuertadealcala\/wp-json\/wp\/v2\/comments?post=3075"}],"version-history":[{"count":15,"href":"https:\/\/blogsaverroes.juntadeandalucia.es\/ceippuertadealcala\/wp-json\/wp\/v2\/pages\/3075\/revisions"}],"predecessor-version":[{"id":3920,"href":"https:\/\/blogsaverroes.juntadeandalucia.es\/ceippuertadealcala\/wp-json\/wp\/v2\/pages\/3075\/revisions\/3920"}],"wp:attachment":[{"href":"https:\/\/blogsaverroes.juntadeandalucia.es\/ceippuertadealcala\/wp-json\/wp\/v2\/media?parent=3075"}],"curies":[{"name":"wp","href":"https:\/\/api.w.org\/{rel}","templated":true}]}}

Dirección y horario

<h2 style="text-align: center"><span style="color: #00ccff">Datos del centro</span></h2>
<h6 style="text-align: center"><span style="color: #00ccff">CEIP PUERTA DE ALCALÁ</span></h6>
<p><strong>Dirección:<span style="color: #808080">&nbsp;</span><span style="color: #808080">Avda. Escultora La Roldana, s/n. 41500 Alcalá de Guadaíra (Sevilla)</span></strong></p>
<p><strong>Teléfono:<span style="color: #808080">&nbsp;</span><span style="color: #808080">955 624 512</span></strong></p>
<p><strong>Teléfono Secretaría/Jefatura:&nbsp;<span style="color: #808080">647 755 565</span></strong></p>
<p><strong>Fax: <span style="color: #808080">955 624 773</span></strong></p>
<p><strong>E-mail:</strong> <strong><span style="color: #808080">&nbsp;41011403.edu@juntadeandalucia.es</span></strong></p>
<p><strong>Web: <span style="color: #808080"><a href="http://blogsaverroes.juntadeandalucia.es/ceippuertadealcala/">blogsaverroes.juntadeandalucia.es/ceippuertadealcala/</a></span></strong></p>
<p><strong>E-mail A.M.P.A.:&nbsp;<a href="ampapuertalcala1@gmail.com"><span style="color: #808080">ampapuertalcala1@gmail.co</span></a><span style="color: #808080">m</span></strong></p>
<p>&nbsp;</p>
<div class="themify_builder_row module_row tb_s1e4180 clearfix">
<div class="row_inner col_align_top tf_box tf_w tf_rel">
<div class="module_column tb-column col-full tb_rceo181 tf_box last">
<div class="tb-column-inner tf_box tf_w">
<div class="module module-text tb_ve7l985">
<div class="tb_text_wrap">
<h1 style="text-align: center"><span style="color: #008000">HORARIOS</span></h1>
</div>
</div>
</div>
</div>
</div>
</div>
<div class="themify_builder_row module_row tb_92zk530 clearfix">
<div class="row_inner col_align_top tf_box tf_w tf_rel">
<div class="module_column tb-column col2-1 first tb_nvju530 tf_box">
<div class="tb-column-inner tf_box tf_w">
<div class="module module-text tb_wwvd531">
<div class="tb_text_wrap">
<ul>
<li><strong>Dirección:&nbsp;</strong>martes, miércoles y jueves de 9&#8217;00 a 10&#8217;00 . Lunes de 10&#8217;30 a 11&#8217;00</li>
<li><strong>Jefatura de estudios:&nbsp;</strong>viernes de 9&#8217;00 a 10&#8217;30</li>
<li><strong>Secretaría:&nbsp;</strong>de lunes de 9&#8217;00 a 10&#8217;00</li>
<li><strong>Horario Lectivo:&nbsp;</strong>de 9:00 a 14:00.</li>
<li><strong>Aula Matinal</strong>: de 7:30 a 9:00</li>
<li><strong>Comedor Escolar:&nbsp;</strong>de 14:00 a 16:00.</li>
<li><strong>Actividades Extraescolares:&nbsp;</strong>de lunes a jueves de 16:00 a 18:00.</li>
<li><strong>Escuelas Deportivas:&nbsp;</strong>de lunes a jueves de 16.00 a 18.00.</li>
</ul>
</div>
</div>
</div>
</div>
<div class="module_column tb-column col2-1 last tb_00u0531 tf_box">
<div class="tb-column-inner tf_box tf_w">
<div class="module module-text tb_jrn8531">
<div class="tb_text_wrap">&nbsp;</div>
</div>
</div>
</div>
</div>
</div>

<p>Datos del centro CEIP PUERTA DE ALCALÁ Dirección:&nbsp;Avda. Escultora La Roldana, s/n. 41500 Alcalá de Guadaíra (Sevilla) Teléfono:&nbsp;955 624 512 Teléfono Secretaría/Jefatura:&nbsp;647 755 565 Fax: 955 624 773 E-mail: &nbsp;41011403.edu@juntadeandalucia.es Web: blogsaverroes.juntadeandalucia.es/ceippuertadealcala/ E-mail A.M.P.A.:&nbsp;ampapuertalcala1@gmail.com &nbsp; HORARIOS Dirección:&nbsp;martes, miércoles y jueves de 9&#8217;00 a 10&#8217;00 . Lunes de 10&#8217;30 a 11&#8217;00 Jefatura de estudios:&nbsp;viernes de 9&#8217;00 &hellip; </p>
<p class="link-more"><a href="https://blogsaverroes.juntadeandalucia.es/ceippuertadealcala/direccion-y-horario/" class="more-link">Continuar leyendo<span class="screen-reader-text"> «Dirección y horario»</span></a></p>
