{"id":2544,"date":"2019-12-01T19:53:56","date_gmt":"2019-12-01T19:53:56","guid":{"rendered":"https:\/\/blogsaverroes.juntadeandalucia.es\/ceiprafaelalbertidh\/?page_id=2544"},"modified":"2022-12-13T12:43:29","modified_gmt":"2022-12-13T11:43:29","slug":"curso-2018-2019","status":"publish","type":"page","link":"https:\/\/blogsaverroes.juntadeandalucia.es\/ceiprafaelalbertidh\/curso-2018-2019\/","title":{"rendered":"ACTIVIDADES Curso 2018-2019"},"content":{"rendered":"<h5><a href=\"https:\/\/blogsaverroes.juntadeandalucia.es\/ceiprafaelalbertidh\/files\/2021\/02\/actividades-2.jpg\"><img loading=\"lazy\" decoding=\"async\" class=\"aligncenter size-full wp-image-3585\" src=\"https:\/\/blogsaverroes.juntadeandalucia.es\/ceiprafaelalbertidh\/files\/2021\/02\/actividades-2.jpg\" alt=\"\" width=\"512\" height=\"251\" srcset=\"https:\/\/blogsaverroes.juntadeandalucia.es\/ceiprafaelalbertidh\/files\/2021\/02\/actividades-2.jpg 512w, https:\/\/blogsaverroes.juntadeandalucia.es\/ceiprafaelalbertidh\/files\/2021\/02\/actividades-2-300x147.jpg 300w\" sizes=\"(max-width: 512px) 100vw, 512px\" \/><\/a><\/h5>\n<h5>&nbsp;<\/h5>\n<h5><strong>PROYECTO LA VUELTA AL MUNDO MAYO 2019 ( 6 de mayo de 2019 )<\/strong><\/h5>\n<h5><iframe loading=\"lazy\" src=\"\/\/www.youtube.com\/embed\/3qmQni_Vw2I\" width=\"560\" height=\"314\"><\/iframe><\/h5>\n<h5><strong>MOCHILEROS POR EL MUNDO ABRIL 2019 ( 13 de marzo de 2019 )<\/strong><\/h5>\n<h5><iframe loading=\"lazy\" src=\"\/\/www.youtube.com\/embed\/PrNXKaT_4CQ\" width=\"560\" height=\"314\"><\/iframe><\/h5>\n<h5><strong>D\u00cdA MUNDIAL DEL S\u00cdNDROME DE DOWN MARZO 2019 ( 21 de marzo de 2019 )<\/strong><\/h5>\n<h5><iframe loading=\"lazy\" src=\"\/\/www.youtube.com\/embed\/_bO2dxC2mX0\" width=\"560\" height=\"314\"><\/iframe><\/h5>\n<h5><strong>TALLER EN LA GRANJA 4 Y 5 A\u00d1OS MARZO 2019 ( 13 de marzo de 2019 )<\/strong><\/h5>\n<h5><iframe loading=\"lazy\" src=\"\/\/www.youtube.com\/embed\/PmXyzbDG4uU\" width=\"560\" height=\"314\"><\/iframe><\/h5>\n<h5><strong>D\u00cdA DE ANDALUC\u00cdA FEBRERO 2019 ( 12 de marzo de 2019)<\/strong><\/h5>\n<h5><iframe loading=\"lazy\" src=\"\/\/www.youtube.com\/embed\/nTRvm7ff-9Y\" width=\"560\" height=\"314\"><\/iframe><\/h5>\n<h5><strong>RECITAL CANCIONES DE INVIERNO DICIEMBRE 2018 ( 13 de marzo de 2019 )<\/strong><\/h5>\n<h5><iframe loading=\"lazy\" src=\"\/\/www.youtube.com\/embed\/wXGV9sc7b6w\" width=\"560\" height=\"314\"><\/iframe><\/h5>\n<h5><strong>CUENTO DE NAVIDAD 2019 ( 13 de marzo de 2019 )<\/strong><\/h5>\n<h5><iframe loading=\"lazy\" src=\"\/\/www.youtube.com\/embed\/HECqGO5-3C0\" width=\"560\" height=\"314\"><\/iframe><\/h5>\n<h5><strong>FIESTAS DEL OTO\u00d1O&nbsp; EDUCACI\u00d3N INFANTIL OCTUBRE 2018 ( 13 de marzo de 2019 )<\/strong><\/h5>\n<h5><iframe loading=\"lazy\" src=\"\/\/www.youtube.com\/embed\/GMe-0hXjzDQ\" width=\"560\" height=\"314\"><\/iframe><\/h5>\n<h5><strong>TALLER MULTI AVENTURAS ( 13 de marzo de 2019 )<\/strong><\/h5>\n<h5><iframe loading=\"lazy\" src=\"\/\/www.youtube.com\/embed\/QF4Tr-NiAEE\" width=\"560\" height=\"314\"><\/iframe><\/h5>\n<h5><strong>DIA DE LA Constituci\u00f3n. BANDERAS DEL MUNDO DICIEMBRE 2018 ( 13 de marzo de 2019 )<\/strong><\/h5>\n<h5><iframe loading=\"lazy\" src=\"\/\/www.youtube.com\/embed\/IZ7ppGhTBFg\" width=\"560\" height=\"314\"><\/iframe><\/h5>\n<h5><strong>TALLER DE PRIMEROS AUXILIOS ( 12 de marzo de 2019 )<\/strong><\/h5>\n<h5><iframe loading=\"lazy\" src=\"\/\/www.youtube.com\/embed\/QOJfjMc4eUg\" width=\"560\" height=\"314\"><\/iframe><\/h5>\n<h5><strong>D\u00cdA DE LA PAZ ( 1 de febrero de 2018 )<\/strong><\/h5>\n<h5><iframe loading=\"lazy\" src=\"\/\/www.youtube.com\/embed\/wel__Q7RIns\" width=\"560\" height=\"314\"><\/iframe><\/h5>\n","protected":false},"excerpt":{"rendered":"<p>&nbsp; PROYECTO LA VUELTA AL MUNDO MAYO 2019 ( 6 de mayo de 2019 ) MOCHILEROS POR EL MUNDO ABRIL 2019 ( 13 de marzo de 2019 ) D\u00cdA MUNDIAL DEL S\u00cdNDROME DE DOWN MARZO 2019 ( 21 de marzo de 2019 ) TALLER EN LA GRANJA 4 Y 5 A\u00d1OS MARZO 2019 ( 13 &hellip; <\/p>\n<p><a class=\"more-link btn\" href=\"https:\/\/blogsaverroes.juntadeandalucia.es\/ceiprafaelalbertidh\/curso-2018-2019\/\">Seguir leyendo<\/a><\/p>\n","protected":false},"author":6883,"featured_media":0,"parent":0,"menu_order":0,"comment_status":"closed","ping_status":"closed","template":"","meta":{"ngg_post_thumbnail":0,"footnotes":"","_mc_calendar":[]},"aioseo_notices":[],"_links":{"self":[{"href":"https:\/\/blogsaverroes.juntadeandalucia.es\/ceiprafaelalbertidh\/wp-json\/wp\/v2\/pages\/2544"}],"collection":[{"href":"https:\/\/blogsaverroes.juntadeandalucia.es\/ceiprafaelalbertidh\/wp-json\/wp\/v2\/pages"}],"about":[{"href":"https:\/\/blogsaverroes.juntadeandalucia.es\/ceiprafaelalbertidh\/wp-json\/wp\/v2\/types\/page"}],"author":[{"embeddable":true,"href":"https:\/\/blogsaverroes.juntadeandalucia.es\/ceiprafaelalbertidh\/wp-json\/wp\/v2\/users\/6883"}],"replies":[{"embeddable":true,"href":"https:\/\/blogsaverroes.juntadeandalucia.es\/ceiprafaelalbertidh\/wp-json\/wp\/v2\/comments?post=2544"}],"version-history":[{"count":10,"href":"https:\/\/blogsaverroes.juntadeandalucia.es\/ceiprafaelalbertidh\/wp-json\/wp\/v2\/pages\/2544\/revisions"}],"predecessor-version":[{"id":2551,"href":"https:\/\/blogsaverroes.juntadeandalucia.es\/ceiprafaelalbertidh\/wp-json\/wp\/v2\/pages\/2544\/revisions\/2551"}],"wp:attachment":[{"href":"https:\/\/blogsaverroes.juntadeandalucia.es\/ceiprafaelalbertidh\/wp-json\/wp\/v2\/media?parent=2544"}],"curies":[{"name":"wp","href":"https:\/\/api.w.org\/{rel}","templated":true}]}}