{"id":3141,"date":"2020-07-08T18:30:06","date_gmt":"2020-07-08T16:30:06","guid":{"rendered":"https:\/\/blogsaverroes.juntadeandalucia.es\/ceiprafaelalbertidh\/?page_id=3141"},"modified":"2020-09-08T17:05:08","modified_gmt":"2020-09-08T15:05:08","slug":"novedades-curso-2020-2021","status":"publish","type":"page","link":"https:\/\/blogsaverroes.juntadeandalucia.es\/ceiprafaelalbertidh\/novedades-curso-2020-2021\/","title":{"rendered":"NOVEDADES CURSO 2020 &#8211; 2021"},"content":{"rendered":"<h4>CORREOS PASEN ENVIADO A LAS FAMILIAS<\/h4>\n<p><a href=\"https:\/\/blogsaverroes.juntadeandalucia.es\/ceiprafaelalbertidh\/correos-pasen-20-21\/\" target=\"_blank\" rel=\"noopener noreferrer\"><img loading=\"lazy\" decoding=\"async\" class=\"aligncenter size-full wp-image-2467\" src=\"https:\/\/blogsaverroes.juntadeandalucia.es\/ceiprafaelalbertidh\/files\/2015\/03\/contactar.jpg\" alt=\"\" width=\"225\" height=\"225\" srcset=\"https:\/\/blogsaverroes.juntadeandalucia.es\/ceiprafaelalbertidh\/files\/2015\/03\/contactar.jpg 225w, https:\/\/blogsaverroes.juntadeandalucia.es\/ceiprafaelalbertidh\/files\/2015\/03\/contactar-150x150.jpg 150w, https:\/\/blogsaverroes.juntadeandalucia.es\/ceiprafaelalbertidh\/files\/2015\/03\/contactar-100x100.jpg 100w, https:\/\/blogsaverroes.juntadeandalucia.es\/ceiprafaelalbertidh\/files\/2015\/03\/contactar-24x24.jpg 24w, https:\/\/blogsaverroes.juntadeandalucia.es\/ceiprafaelalbertidh\/files\/2015\/03\/contactar-36x36.jpg 36w, https:\/\/blogsaverroes.juntadeandalucia.es\/ceiprafaelalbertidh\/files\/2015\/03\/contactar-48x48.jpg 48w\" sizes=\"(max-width: 225px) 100vw, 225px\" \/><\/a><\/p>\n<h4>PROTOCOLO COVID<\/h4>\n<p><a href=\"https:\/\/blogsaverroes.juntadeandalucia.es\/ceiprafaelalbertidh\/protocolo-covid-19\/\" target=\"_blank\" rel=\"noopener noreferrer\"><img loading=\"lazy\" decoding=\"async\" class=\"aligncenter size-full wp-image-3178\" src=\"https:\/\/blogsaverroes.juntadeandalucia.es\/ceiprafaelalbertidh\/files\/2020\/09\/01.jpg\" alt=\"\" width=\"997\" height=\"562\" srcset=\"https:\/\/blogsaverroes.juntadeandalucia.es\/ceiprafaelalbertidh\/files\/2020\/09\/01.jpg 997w, https:\/\/blogsaverroes.juntadeandalucia.es\/ceiprafaelalbertidh\/files\/2020\/09\/01-300x169.jpg 300w, https:\/\/blogsaverroes.juntadeandalucia.es\/ceiprafaelalbertidh\/files\/2020\/09\/01-768x433.jpg 768w, https:\/\/blogsaverroes.juntadeandalucia.es\/ceiprafaelalbertidh\/files\/2020\/09\/01-700x395.jpg 700w, https:\/\/blogsaverroes.juntadeandalucia.es\/ceiprafaelalbertidh\/files\/2020\/09\/01-24x14.jpg 24w, https:\/\/blogsaverroes.juntadeandalucia.es\/ceiprafaelalbertidh\/files\/2020\/09\/01-36x20.jpg 36w, https:\/\/blogsaverroes.juntadeandalucia.es\/ceiprafaelalbertidh\/files\/2020\/09\/01-48x27.jpg 48w\" sizes=\"(max-width: 997px) 100vw, 997px\" \/><\/a><\/p>\n<h4>LISTAS DE MATERIALES<\/h4>\n<h5>En relaci\u00f3n a los materiales recomendamos que el alumnado comience con los que ya disponen del curso anterior si est\u00e1 en buen estado y que esperen a adquirir el nuevo material una vez que los tutores\/as den las indicaciones a principios de curso. El listado puede verse modificado por las medidas de seguridad ante el COVID-19.<\/h5>\n<ul>\n<li>\n<h5><a href=\"https:\/\/blogsaverroes.juntadeandalucia.es\/ceiprafaelalbertidh\/files\/2020\/07\/Listado-de-materiales-1\u00ba-20-21.pdf\" target=\"_blank\" rel=\"noopener noreferrer\">Primero de Educaci\u00f3n Primaria<\/a><\/h5>\n<\/li>\n<li>\n<h5><a href=\"https:\/\/blogsaverroes.juntadeandalucia.es\/ceiprafaelalbertidh\/files\/2020\/07\/Listado-de-materiales-2\u00ba-20-21.pdf\" target=\"_blank\" rel=\"noopener noreferrer\">Segundo de Educaci\u00f3n Primaria<\/a><\/h5>\n<\/li>\n<li>\n<h5><a href=\"https:\/\/blogsaverroes.juntadeandalucia.es\/ceiprafaelalbertidh\/files\/2020\/07\/Listado-de-materiales-3\u00ba-20-21.pdf\" target=\"_blank\" rel=\"noopener noreferrer\">Tercero de Educaci\u00f3n Primaria<\/a><\/h5>\n<\/li>\n<li>\n<h5><a href=\"https:\/\/blogsaverroes.juntadeandalucia.es\/ceiprafaelalbertidh\/files\/2020\/07\/Listado-de-materiales-4\u00ba-20-21.pdf\" target=\"_blank\" rel=\"noopener noreferrer\">Cuarto de Educaci\u00f3n Primaria<\/a><\/h5>\n<\/li>\n<li>\n<h5><a href=\"https:\/\/blogsaverroes.juntadeandalucia.es\/ceiprafaelalbertidh\/files\/2020\/07\/Listado-de-materiales-5\u00ba-20-21.pdf\" target=\"_blank\" rel=\"noopener noreferrer\">Quinto de Educaci\u00f3n Primaria<\/a><\/h5>\n<\/li>\n<li>\n<h5><a href=\"https:\/\/blogsaverroes.juntadeandalucia.es\/ceiprafaelalbertidh\/files\/2020\/07\/Listado-de-materiales-6\u00ba-20-21.pdf\" target=\"_blank\" rel=\"noopener noreferrer\">Sexto de Educaci\u00f3n Primaria<\/a><\/h5>\n<\/li>\n<\/ul>\n<h5>&nbsp;<\/h5>\n<h4 style=\"text-align: justify\"><a href=\"https:\/\/blogsaverroes.juntadeandalucia.es\/ceiprafaelalbertidh\/files\/2020\/07\/libros-infantil-20-21.pdf\" target=\"_blank\" rel=\"noopener noreferrer\">LISTADO DE LIBROS DE TEXTO DE EDUCACI\u00d3N INFANTIL<\/a><\/h4>\n<p>&nbsp;<\/p>\n<h4>PLAN DE APERTURA<\/h4>\n<h5>De acuerdo a la normativa, en el listado definitivo, el servicio queda garantizado cuando quienes ostenten la guarda y custodia del alumno o alumna realicen una actividad laboral o profesional remunerada que justifique la imposibilidad de atenderlo en el horario establecido.<\/h5>\n<h5>Para quienes han sido admitidos en cualquiera de los servicios (aula matinal, comedor o actividades extraescolares) en el procedimiento ordinario DEL 1 AL 7 DE SEPTIEMBRE SE ABRE EL PLAZO PARA SOLICITAR LA BONIFICACI\u00d3N para dichos servicios.<\/h5>\n<h5>Si en el mes de septiembre la situaci\u00f3n familiar se modificara puede solicitar los usos del servicio aportando la documentaci\u00f3n acreditativa:<\/h5>\n<ol>\n<li>\n<h5>Cuando la <strong>guarda y custodia<\/strong> sea ejercida por solo uno de los representantes legales deber\u00e1 presentar una copia compulsada del libro de familia o el documento judicial acreditativo de esa circunstancia.<\/h5>\n<\/li>\n<li>\n<h5>Para acreditar la <strong>actividad laboral<\/strong> o profesional de las personas que ostenten la guarda y custodia del alumnado ser\u00e1 necesario presentar, por cada uno de ellos:<\/h5>\n<ol>\n<li>\n<h5>Informe de vida laboral expedido por el organismo oficial competente en la materia o certificado de la unidad de personal de su destino como funcionario.<\/h5>\n<\/li>\n<li>\n<h5>Certificaci\u00f3n de la empresa justificativo de la duraci\u00f3n de la jornada, as\u00ed como el horario de trabajo a efectos de lo establecido en los art\u00edculos 11.2.c) y 15.2.c) del Decreto 6\/2017, de 16 de enero.<\/h5>\n<\/li>\n<li>\n<h5>En el caso de que desarrollen su actividad laboral <strong>por cuenta propia<\/strong>, deber\u00e1n presentar una certificaci\u00f3n demostrativa del alta en el Impuesto de Actividades Econ\u00f3micas del horario que requiere la actividad. En el supuesto de que no exista obligaci\u00f3n legal de estar dado de alta en el Impuesto de Actividades Econ\u00f3micas, se acreditar\u00e1 mediante la presentaci\u00f3n de alguno de los siguientes documentos:<\/h5>\n<ol>\n<li>\n<h5>&nbsp;Alta en el Censo de empresarios, profesionales y retenedores, para aquellas personas que desarrollen actividades empresariales o profesionales, incluidas las agr\u00edcolas, forestales, ganaderas o pesqueras.<\/h5>\n<\/li>\n<li>\n<h5>Copia autenticada de la correspondiente licencia de apertura expedida por el Ayuntamiento respectivo.<\/h5>\n<\/li>\n<li>\n<h5>Copia sellada de la declaraci\u00f3n responsable o comunicaci\u00f3n previa correspondiente presentada ante el Ayuntamiento.<\/h5>\n<\/li>\n<li>\n<h5>Alta en la Seguridad Social y una declaraci\u00f3n responsable de la persona interesada sobre la vigencia de la misma.<\/h5>\n<\/li>\n<\/ol>\n<\/li>\n<\/ol>\n<\/li>\n<\/ol>\n","protected":false},"excerpt":{"rendered":"<p>CORREOS PASEN ENVIADO A LAS FAMILIAS PROTOCOLO COVID LISTAS DE MATERIALES En relaci\u00f3n a los materiales recomendamos que el alumnado comience con los que ya disponen del curso anterior si est\u00e1 en buen estado y que esperen a adquirir el nuevo material una vez que los tutores\/as den las indicaciones a principios de curso. El &hellip; <\/p>\n<p><a class=\"more-link btn\" href=\"https:\/\/blogsaverroes.juntadeandalucia.es\/ceiprafaelalbertidh\/novedades-curso-2020-2021\/\">Seguir leyendo<\/a><\/p>\n","protected":false},"author":6883,"featured_media":0,"parent":0,"menu_order":0,"comment_status":"closed","ping_status":"closed","template":"","meta":{"ngg_post_thumbnail":0,"footnotes":"","_mc_calendar":[]},"aioseo_notices":[],"_links":{"self":[{"href":"https:\/\/blogsaverroes.juntadeandalucia.es\/ceiprafaelalbertidh\/wp-json\/wp\/v2\/pages\/3141"}],"collection":[{"href":"https:\/\/blogsaverroes.juntadeandalucia.es\/ceiprafaelalbertidh\/wp-json\/wp\/v2\/pages"}],"about":[{"href":"https:\/\/blogsaverroes.juntadeandalucia.es\/ceiprafaelalbertidh\/wp-json\/wp\/v2\/types\/page"}],"author":[{"embeddable":true,"href":"https:\/\/blogsaverroes.juntadeandalucia.es\/ceiprafaelalbertidh\/wp-json\/wp\/v2\/users\/6883"}],"replies":[{"embeddable":true,"href":"https:\/\/blogsaverroes.juntadeandalucia.es\/ceiprafaelalbertidh\/wp-json\/wp\/v2\/comments?post=3141"}],"version-history":[{"count":17,"href":"https:\/\/blogsaverroes.juntadeandalucia.es\/ceiprafaelalbertidh\/wp-json\/wp\/v2\/pages\/3141\/revisions"}],"predecessor-version":[{"id":3194,"href":"https:\/\/blogsaverroes.juntadeandalucia.es\/ceiprafaelalbertidh\/wp-json\/wp\/v2\/pages\/3141\/revisions\/3194"}],"wp:attachment":[{"href":"https:\/\/blogsaverroes.juntadeandalucia.es\/ceiprafaelalbertidh\/wp-json\/wp\/v2\/media?parent=3141"}],"curies":[{"name":"wp","href":"https:\/\/api.w.org\/{rel}","templated":true}]}}

<h4>CORREOS PASEN ENVIADO A LAS FAMILIAS</h4>
<p><a href="https://blogsaverroes.juntadeandalucia.es/ceiprafaelalbertidh/correos-pasen-20-21/" target="_blank" rel="noopener noreferrer"><img loading="lazy" decoding="async" class="aligncenter size-full wp-image-2467" src="https://blogsaverroes.juntadeandalucia.es/ceiprafaelalbertidh/files/2015/03/contactar.jpg" alt="" width="225" height="225" srcset="https://blogsaverroes.juntadeandalucia.es/ceiprafaelalbertidh/files/2015/03/contactar.jpg 225w, https://blogsaverroes.juntadeandalucia.es/ceiprafaelalbertidh/files/2015/03/contactar-150x150.jpg 150w, https://blogsaverroes.juntadeandalucia.es/ceiprafaelalbertidh/files/2015/03/contactar-100x100.jpg 100w, https://blogsaverroes.juntadeandalucia.es/ceiprafaelalbertidh/files/2015/03/contactar-24x24.jpg 24w, https://blogsaverroes.juntadeandalucia.es/ceiprafaelalbertidh/files/2015/03/contactar-36x36.jpg 36w, https://blogsaverroes.juntadeandalucia.es/ceiprafaelalbertidh/files/2015/03/contactar-48x48.jpg 48w" sizes="(max-width: 225px) 100vw, 225px" /></a></p>
<h4>PROTOCOLO COVID</h4>
<p><a href="https://blogsaverroes.juntadeandalucia.es/ceiprafaelalbertidh/protocolo-covid-19/" target="_blank" rel="noopener noreferrer"><img loading="lazy" decoding="async" class="aligncenter size-full wp-image-3178" src="https://blogsaverroes.juntadeandalucia.es/ceiprafaelalbertidh/files/2020/09/01.jpg" alt="" width="997" height="562" srcset="https://blogsaverroes.juntadeandalucia.es/ceiprafaelalbertidh/files/2020/09/01.jpg 997w, https://blogsaverroes.juntadeandalucia.es/ceiprafaelalbertidh/files/2020/09/01-300x169.jpg 300w, https://blogsaverroes.juntadeandalucia.es/ceiprafaelalbertidh/files/2020/09/01-768x433.jpg 768w, https://blogsaverroes.juntadeandalucia.es/ceiprafaelalbertidh/files/2020/09/01-700x395.jpg 700w, https://blogsaverroes.juntadeandalucia.es/ceiprafaelalbertidh/files/2020/09/01-24x14.jpg 24w, https://blogsaverroes.juntadeandalucia.es/ceiprafaelalbertidh/files/2020/09/01-36x20.jpg 36w, https://blogsaverroes.juntadeandalucia.es/ceiprafaelalbertidh/files/2020/09/01-48x27.jpg 48w" sizes="(max-width: 997px) 100vw, 997px" /></a></p>
<h4>LISTAS DE MATERIALES</h4>
<h5>En relación a los materiales recomendamos que el alumnado comience con los que ya disponen del curso anterior si está en buen estado y que esperen a adquirir el nuevo material una vez que los tutores/as den las indicaciones a principios de curso. El listado puede verse modificado por las medidas de seguridad ante el COVID-19.</h5>
<ul>
<li>
<h5><a href="https://blogsaverroes.juntadeandalucia.es/ceiprafaelalbertidh/files/2020/07/Listado-de-materiales-1º-20-21.pdf" target="_blank" rel="noopener noreferrer">Primero de Educación Primaria</a></h5>
</li>
<li>
<h5><a href="https://blogsaverroes.juntadeandalucia.es/ceiprafaelalbertidh/files/2020/07/Listado-de-materiales-2º-20-21.pdf" target="_blank" rel="noopener noreferrer">Segundo de Educación Primaria</a></h5>
</li>
<li>
<h5><a href="https://blogsaverroes.juntadeandalucia.es/ceiprafaelalbertidh/files/2020/07/Listado-de-materiales-3º-20-21.pdf" target="_blank" rel="noopener noreferrer">Tercero de Educación Primaria</a></h5>
</li>
<li>
<h5><a href="https://blogsaverroes.juntadeandalucia.es/ceiprafaelalbertidh/files/2020/07/Listado-de-materiales-4º-20-21.pdf" target="_blank" rel="noopener noreferrer">Cuarto de Educación Primaria</a></h5>
</li>
<li>
<h5><a href="https://blogsaverroes.juntadeandalucia.es/ceiprafaelalbertidh/files/2020/07/Listado-de-materiales-5º-20-21.pdf" target="_blank" rel="noopener noreferrer">Quinto de Educación Primaria</a></h5>
</li>
<li>
<h5><a href="https://blogsaverroes.juntadeandalucia.es/ceiprafaelalbertidh/files/2020/07/Listado-de-materiales-6º-20-21.pdf" target="_blank" rel="noopener noreferrer">Sexto de Educación Primaria</a></h5>
</li>
</ul>
<h5>&nbsp;</h5>
<h4 style="text-align: justify"><a href="https://blogsaverroes.juntadeandalucia.es/ceiprafaelalbertidh/files/2020/07/libros-infantil-20-21.pdf" target="_blank" rel="noopener noreferrer">LISTADO DE LIBROS DE TEXTO DE EDUCACIÓN INFANTIL</a></h4>
<p>&nbsp;</p>
<h4>PLAN DE APERTURA</h4>
<h5>De acuerdo a la normativa, en el listado definitivo, el servicio queda garantizado cuando quienes ostenten la guarda y custodia del alumno o alumna realicen una actividad laboral o profesional remunerada que justifique la imposibilidad de atenderlo en el horario establecido.</h5>
<h5>Para quienes han sido admitidos en cualquiera de los servicios (aula matinal, comedor o actividades extraescolares) en el procedimiento ordinario DEL 1 AL 7 DE SEPTIEMBRE SE ABRE EL PLAZO PARA SOLICITAR LA BONIFICACIÓN para dichos servicios.</h5>
<h5>Si en el mes de septiembre la situación familiar se modificara puede solicitar los usos del servicio aportando la documentación acreditativa:</h5>
<ol>
<li>
<h5>Cuando la <strong>guarda y custodia</strong> sea ejercida por solo uno de los representantes legales deberá presentar una copia compulsada del libro de familia o el documento judicial acreditativo de esa circunstancia.</h5>
</li>
<li>
<h5>Para acreditar la <strong>actividad laboral</strong> o profesional de las personas que ostenten la guarda y custodia del alumnado será necesario presentar, por cada uno de ellos:</h5>
<ol>
<li>
<h5>Informe de vida laboral expedido por el organismo oficial competente en la materia o certificado de la unidad de personal de su destino como funcionario.</h5>
</li>
<li>
<h5>Certificación de la empresa justificativo de la duración de la jornada, así como el horario de trabajo a efectos de lo establecido en los artículos 11.2.c) y 15.2.c) del Decreto 6/2017, de 16 de enero.</h5>
</li>
<li>
<h5>En el caso de que desarrollen su actividad laboral <strong>por cuenta propia</strong>, deberán presentar una certificación demostrativa del alta en el Impuesto de Actividades Económicas del horario que requiere la actividad. En el supuesto de que no exista obligación legal de estar dado de alta en el Impuesto de Actividades Económicas, se acreditará mediante la presentación de alguno de los siguientes documentos:</h5>
<ol>
<li>
<h5>&nbsp;Alta en el Censo de empresarios, profesionales y retenedores, para aquellas personas que desarrollen actividades empresariales o profesionales, incluidas las agrícolas, forestales, ganaderas o pesqueras.</h5>
</li>
<li>
<h5>Copia autenticada de la correspondiente licencia de apertura expedida por el Ayuntamiento respectivo.</h5>
</li>
<li>
<h5>Copia sellada de la declaración responsable o comunicación previa correspondiente presentada ante el Ayuntamiento.</h5>
</li>
<li>
<h5>Alta en la Seguridad Social y una declaración responsable de la persona interesada sobre la vigencia de la misma.</h5>
</li>
</ol>
</li>
</ol>
</li>
</ol>

<p>CORREOS PASEN ENVIADO A LAS FAMILIAS PROTOCOLO COVID LISTAS DE MATERIALES En relación a los materiales recomendamos que el alumnado comience con los que ya disponen del curso anterior si está en buen estado y que esperen a adquirir el nuevo material una vez que los tutores/as den las indicaciones a principios de curso. El &hellip; </p>
<p><a class="more-link btn" href="https://blogsaverroes.juntadeandalucia.es/ceiprafaelalbertidh/novedades-curso-2020-2021/">Seguir leyendo</a></p>
